{"id":7438,"date":"2026-04-10T10:59:30","date_gmt":"2026-04-10T13:59:30","guid":{"rendered":"https:\/\/portais.santoandre.sp.gov.br\/semasa\/?page_id=7438"},"modified":"2026-04-10T11:24:52","modified_gmt":"2026-04-10T14:24:52","slug":"503-2026","status":"publish","type":"page","link":"https:\/\/portais.santoandre.sp.gov.br\/semasa\/503-2026\/","title":{"rendered":"503\/2026"},"content":{"rendered":"\n<p>Objeto: Aquisi\u00e7\u00e3o de folhas de sulfite A4<\/p>\n\n\n\n<p>Modalidade:<\/p>\n\n\n\n<p>N\u00ba do edital: 32\/2026<\/p>\n\n\n\n<p>Edital:<\/p>\n\n\n\n<p>Ata do certame:<\/p>\n\n\n\n<p>Adjudica\u00e7\u00e3o e homologa\u00e7\u00e3o:<\/p>\n\n\n\n<p>N\u00ba do contrato \/ Ata de registro:<\/p>\n\n\n\n<p>Contratada \/ Detentora:<\/p>\n\n\n\n<p>Valor:<\/p>\n\n\n\n<p>Data de assinatura:<\/p>\n\n\n\n<p>Vig\u00eancia:<\/p>\n\n\n\n<p>N\u00ba do termo \/ AF:<\/p>\n\n\n\n<p>Tipo:<\/p>\n","protected":false},"excerpt":{"rendered":"<p>Objeto: Aquisi\u00e7\u00e3o de folhas de sulfite A4 Modalidade: N\u00ba do edital: 32\/2026 Edital: Ata do certame: Adjudica\u00e7\u00e3o e homologa\u00e7\u00e3o: N\u00ba do contrato \/ Ata de registro: Contratada \/ Detentora: Valor: Data de assinatura: Vig\u00eancia: N\u00ba do termo \/ AF: Tipo:<\/p>\n","protected":false},"author":60,"featured_media":0,"parent":0,"menu_order":0,"comment_status":"closed","ping_status":"closed","template":"","meta":{"footnotes":""},"class_list":["post-7438","page","type-page","status-publish","hentry"],"_links":{"self":[{"href":"https:\/\/portais.santoandre.sp.gov.br\/semasa\/wp-json\/wp\/v2\/pages\/7438","targetHints":{"allow":["GET"]}}],"collection":[{"href":"https:\/\/portais.santoandre.sp.gov.br\/semasa\/wp-json\/wp\/v2\/pages"}],"about":[{"href":"https:\/\/portais.santoandre.sp.gov.br\/semasa\/wp-json\/wp\/v2\/types\/page"}],"author":[{"embeddable":true,"href":"https:\/\/portais.santoandre.sp.gov.br\/semasa\/wp-json\/wp\/v2\/users\/60"}],"replies":[{"embeddable":true,"href":"https:\/\/portais.santoandre.sp.gov.br\/semasa\/wp-json\/wp\/v2\/comments?post=7438"}],"version-history":[{"count":3,"href":"https:\/\/portais.santoandre.sp.gov.br\/semasa\/wp-json\/wp\/v2\/pages\/7438\/revisions"}],"predecessor-version":[{"id":7443,"href":"https:\/\/portais.santoandre.sp.gov.br\/semasa\/wp-json\/wp\/v2\/pages\/7438\/revisions\/7443"}],"wp:attachment":[{"href":"https:\/\/portais.santoandre.sp.gov.br\/semasa\/wp-json\/wp\/v2\/media?parent=7438"}],"curies":[{"name":"wp","href":"https:\/\/api.w.org\/{rel}","templated":true}]}}