{"id":6247,"date":"2026-02-12T15:49:56","date_gmt":"2026-02-12T18:49:56","guid":{"rendered":"https:\/\/portais.santoandre.sp.gov.br\/semasa\/?page_id=6247"},"modified":"2026-02-12T15:49:56","modified_gmt":"2026-02-12T18:49:56","slug":"atas-das-reunioes-do-comite-ea","status":"publish","type":"page","link":"https:\/\/portais.santoandre.sp.gov.br\/semasa\/gestao-ambiental\/comite-municipal-de-educacao-ambiental\/atas-das-reunioes-do-comite-ea\/","title":{"rendered":"Atas das reuni\u00f5es do Comit\u00ea EA"},"content":{"rendered":"\n<p>Nesta p\u00e1gina, voc\u00ea pode acessar as mem\u00f3rias das reuni\u00f5es ordin\u00e1rias e extraordin\u00e1rias do Comit\u00ea Municipal de Educa\u00e7\u00e3o Ambiental de Santo Andr\u00e9.<\/p>\n\n\n\n<p><strong>2025<\/strong><\/p>\n\n\n\n<ul class=\"wp-block-list\">\n<li><a href=\"https:\/\/portais.santoandre.sp.gov.br\/semasa\/wp-content\/uploads\/sites\/13\/2026\/02\/Memoria-de-Reuniao-09.09.2025.pdf\">Reuni\u00e3o de 9\/9\/2025<\/a><\/li>\n\n\n\n<li><a href=\"https:\/\/portais.santoandre.sp.gov.br\/semasa\/wp-content\/uploads\/sites\/13\/2026\/02\/Memoria-de-Reuniao-07.10.2025.pdf\">Reuni\u00e3o de 7\/10\/2025<\/a><\/li>\n\n\n\n<li><a href=\"https:\/\/portais.santoandre.sp.gov.br\/semasa\/wp-content\/uploads\/sites\/13\/2026\/02\/Memoria-de-Reuniao-04.11.2025.docx.pdf\">Reuni\u00e3o de 4\/11\/2025<\/a><\/li>\n\n\n\n<li><a href=\"https:\/\/portais.santoandre.sp.gov.br\/semasa\/wp-content\/uploads\/sites\/13\/2026\/02\/Memoria-de-Reuniao-02.12.2025.pdf\">Reuni\u00e3o de 2\/12\/2025<\/a><\/li>\n<\/ul>\n\n\n\n<p><\/p>\n","protected":false},"excerpt":{"rendered":"<p>Nesta p\u00e1gina, voc\u00ea pode acessar as mem\u00f3rias das reuni\u00f5es ordin\u00e1rias e extraordin\u00e1rias do Comit\u00ea Municipal de Educa\u00e7\u00e3o Ambiental de Santo Andr\u00e9. 2025<\/p>\n","protected":false},"author":28,"featured_media":0,"parent":3518,"menu_order":0,"comment_status":"closed","ping_status":"closed","template":"","meta":{"footnotes":""},"class_list":["post-6247","page","type-page","status-publish","hentry"],"_links":{"self":[{"href":"https:\/\/portais.santoandre.sp.gov.br\/semasa\/wp-json\/wp\/v2\/pages\/6247","targetHints":{"allow":["GET"]}}],"collection":[{"href":"https:\/\/portais.santoandre.sp.gov.br\/semasa\/wp-json\/wp\/v2\/pages"}],"about":[{"href":"https:\/\/portais.santoandre.sp.gov.br\/semasa\/wp-json\/wp\/v2\/types\/page"}],"author":[{"embeddable":true,"href":"https:\/\/portais.santoandre.sp.gov.br\/semasa\/wp-json\/wp\/v2\/users\/28"}],"replies":[{"embeddable":true,"href":"https:\/\/portais.santoandre.sp.gov.br\/semasa\/wp-json\/wp\/v2\/comments?post=6247"}],"version-history":[{"count":1,"href":"https:\/\/portais.santoandre.sp.gov.br\/semasa\/wp-json\/wp\/v2\/pages\/6247\/revisions"}],"predecessor-version":[{"id":6252,"href":"https:\/\/portais.santoandre.sp.gov.br\/semasa\/wp-json\/wp\/v2\/pages\/6247\/revisions\/6252"}],"up":[{"embeddable":true,"href":"https:\/\/portais.santoandre.sp.gov.br\/semasa\/wp-json\/wp\/v2\/pages\/3518"}],"wp:attachment":[{"href":"https:\/\/portais.santoandre.sp.gov.br\/semasa\/wp-json\/wp\/v2\/media?parent=6247"}],"curies":[{"name":"wp","href":"https:\/\/api.w.org\/{rel}","templated":true}]}}