{"id":396,"date":"2024-06-25T16:44:52","date_gmt":"2024-06-25T19:44:52","guid":{"rendered":"https:\/\/portais.santoandre.sp.gov.br\/semasa\/?page_id=396"},"modified":"2024-06-25T16:44:52","modified_gmt":"2024-06-25T19:44:52","slug":"areas-contaminadas","status":"publish","type":"page","link":"https:\/\/portais.santoandre.sp.gov.br\/semasa\/gestao-ambiental\/licenciamento-ambiental\/areas-contaminadas\/","title":{"rendered":"\u00c1reas contaminadas"},"content":{"rendered":"\n<p>O gerenciamento de \u00e1reas contaminadas em Santo Andr\u00e9, estabelecido pela&nbsp;<a href=\"http:\/\/www.al.sp.gov.br\/norma?id=156934\" target=\"_blank\" rel=\"noreferrer noopener\">Lei Estadual n\u00ba 13.577\/09<\/a>&nbsp;e seu&nbsp;<a href=\"http:\/\/www.al.sp.gov.br\/norma?id=170437\" target=\"_blank\" rel=\"noreferrer noopener\">Decreto Regulamentador n\u00ba 59.263\/13<\/a>, \u00e9 de compet\u00eancia da CETESB.<\/p>\n\n\n\n<p>Na esfera municipal, o\u00a0<a href=\"https:\/\/portais.santoandre.sp.gov.br\/semasa\/wp-content\/uploads\/sites\/13\/2024\/06\/DECRETO_16813-2016-1.pdf\" data-type=\"link\" data-id=\"https:\/\/portais.santoandre.sp.gov.br\/semasa\/wp-content\/uploads\/sites\/13\/2024\/06\/DECRETO_16813-2016-1.pdf\">Decreto Municipal 16.813\/16<\/a>\u00a0disp\u00f5e sobre o Plano de Desativa\u00e7\u00e3o, cujo objetivo \u00e9 obter uma leitura do espa\u00e7o usado por empresas licenciadas ambientalmente no momento que precede o encerramento da atividade e, caso seja detectada contamina\u00e7\u00e3o, a pr\u00f3pria empresa realize a remedia\u00e7\u00e3o, sem deixar passivos para o munic\u00edpio.<\/p>\n\n\n\n<p>Al\u00e9m disso, o Semasa, atrav\u00e9s do Departamento de Gest\u00e3o Ambiental (DGA), possui um cadastro de \u00e1reas contaminadas e comunica \u00e0 Cetesb qualquer suspeita de contamina\u00e7\u00e3o que recebe atrav\u00e9s de processo de solicita\u00e7\u00e3o de licenciamento ambiental. A partir desta detec\u00e7\u00e3o, a responsabilidade do gerenciamento da \u00e1rea contaminada \u00e9 da Cetesb. O Parecer T\u00e9cnico Final da Cetesb \u00e9 o documento que \u201clibera\u201d, com ou sem restri\u00e7\u00f5es, o novo uso do local.<\/p>\n\n\n\n<ul class=\"wp-block-list\">\n<li><a href=\"https:\/\/portais.santoandre.sp.gov.br\/semasa\/wp-content\/uploads\/sites\/13\/2024\/06\/Relatorio-de-Areas-Contaminadas-Janeiro-2019.pdf\" data-type=\"link\" data-id=\"https:\/\/portais.santoandre.sp.gov.br\/semasa\/wp-content\/uploads\/sites\/13\/2024\/06\/Relatorio-de-Areas-Contaminadas-Janeiro-2019.pdf\">Rela\u00e7\u00e3o de \u00c1reas Contaminadas Santo Andr\u00e9<\/a><em>\u00a0(atualizada em 31\/01\/2019)<\/em><\/li>\n<\/ul>\n","protected":false},"excerpt":{"rendered":"<p>O gerenciamento de \u00e1reas contaminadas em Santo Andr\u00e9, estabelecido pela&nbsp;Lei Estadual n\u00ba 13.577\/09&nbsp;e seu&nbsp;Decreto Regulamentador n\u00ba 59.263\/13, \u00e9 de compet\u00eancia da CETESB. Na esfera municipal, o\u00a0Decreto Municipal 16.813\/16\u00a0disp\u00f5e sobre o Plano de Desativa\u00e7\u00e3o, cujo objetivo \u00e9 obter uma leitura do espa\u00e7o usado por empresas licenciadas ambientalmente no momento que precede o encerramento da atividade e, [&hellip;]<\/p>\n","protected":false},"author":28,"featured_media":0,"parent":285,"menu_order":0,"comment_status":"closed","ping_status":"closed","template":"","meta":{"footnotes":""},"class_list":["post-396","page","type-page","status-publish","hentry"],"_links":{"self":[{"href":"https:\/\/portais.santoandre.sp.gov.br\/semasa\/wp-json\/wp\/v2\/pages\/396","targetHints":{"allow":["GET"]}}],"collection":[{"href":"https:\/\/portais.santoandre.sp.gov.br\/semasa\/wp-json\/wp\/v2\/pages"}],"about":[{"href":"https:\/\/portais.santoandre.sp.gov.br\/semasa\/wp-json\/wp\/v2\/types\/page"}],"author":[{"embeddable":true,"href":"https:\/\/portais.santoandre.sp.gov.br\/semasa\/wp-json\/wp\/v2\/users\/28"}],"replies":[{"embeddable":true,"href":"https:\/\/portais.santoandre.sp.gov.br\/semasa\/wp-json\/wp\/v2\/comments?post=396"}],"version-history":[{"count":1,"href":"https:\/\/portais.santoandre.sp.gov.br\/semasa\/wp-json\/wp\/v2\/pages\/396\/revisions"}],"predecessor-version":[{"id":399,"href":"https:\/\/portais.santoandre.sp.gov.br\/semasa\/wp-json\/wp\/v2\/pages\/396\/revisions\/399"}],"up":[{"embeddable":true,"href":"https:\/\/portais.santoandre.sp.gov.br\/semasa\/wp-json\/wp\/v2\/pages\/285"}],"wp:attachment":[{"href":"https:\/\/portais.santoandre.sp.gov.br\/semasa\/wp-json\/wp\/v2\/media?parent=396"}],"curies":[{"name":"wp","href":"https:\/\/api.w.org\/{rel}","templated":true}]}}

Áreas contaminadas

<p>O gerenciamento de áreas contaminadas em Santo André, estabelecido pela&nbsp;<a href="http://www.al.sp.gov.br/norma?id=156934" target="_blank" rel="noreferrer noopener">Lei Estadual nº 13.577/09</a>&nbsp;e seu&nbsp;<a href="http://www.al.sp.gov.br/norma?id=170437" target="_blank" rel="noreferrer noopener">Decreto Regulamentador nº 59.263/13</a>, é de competência da CETESB.</p>



<p>Na esfera municipal, o <a href="https://portais.santoandre.sp.gov.br/semasa/wp-content/uploads/sites/13/2024/06/DECRETO_16813-2016-1.pdf" data-type="link" data-id="https://portais.santoandre.sp.gov.br/semasa/wp-content/uploads/sites/13/2024/06/DECRETO_16813-2016-1.pdf">Decreto Municipal 16.813/16</a> dispõe sobre o Plano de Desativação, cujo objetivo é obter uma leitura do espaço usado por empresas licenciadas ambientalmente no momento que precede o encerramento da atividade e, caso seja detectada contaminação, a própria empresa realize a remediação, sem deixar passivos para o município.</p>



<p>Além disso, o Semasa, através do Departamento de Gestão Ambiental (DGA), possui um cadastro de áreas contaminadas e comunica à Cetesb qualquer suspeita de contaminação que recebe através de processo de solicitação de licenciamento ambiental. A partir desta detecção, a responsabilidade do gerenciamento da área contaminada é da Cetesb. O Parecer Técnico Final da Cetesb é o documento que “libera”, com ou sem restrições, o novo uso do local.</p>



<ul class="wp-block-list">
<li><a href="https://portais.santoandre.sp.gov.br/semasa/wp-content/uploads/sites/13/2024/06/Relatorio-de-Areas-Contaminadas-Janeiro-2019.pdf" data-type="link" data-id="https://portais.santoandre.sp.gov.br/semasa/wp-content/uploads/sites/13/2024/06/Relatorio-de-Areas-Contaminadas-Janeiro-2019.pdf">Relação de Áreas Contaminadas Santo André</a><em> (atualizada em 31/01/2019)</em></li>
</ul>

<p>O gerenciamento de áreas contaminadas em Santo André, estabelecido pela&nbsp;Lei Estadual nº 13.577/09&nbsp;e seu&nbsp;Decreto Regulamentador nº 59.263/13, é de competência da CETESB. Na esfera municipal, o Decreto Municipal 16.813/16 dispõe sobre o Plano de Desativação, cujo objetivo é obter uma leitura do espaço usado por empresas licenciadas ambientalmente no momento que precede o encerramento da atividade e, [&hellip;]</p>
