{"id":3911,"date":"2025-05-27T08:17:58","date_gmt":"2025-05-27T11:17:58","guid":{"rendered":"https:\/\/portais.santoandre.sp.gov.br\/semasa\/?page_id=3911"},"modified":"2025-10-16T10:14:15","modified_gmt":"2025-10-16T13:14:15","slug":"programa-ponto-limpo","status":"publish","type":"page","link":"https:\/\/portais.santoandre.sp.gov.br\/semasa\/residuos\/programa-ponto-limpo\/","title":{"rendered":"Programa Ponto Limpo"},"content":{"rendered":"\n<p>O Semasa lan\u00e7ou o<strong>&nbsp;<\/strong>programa Ponto Limpo&nbsp;para requalificar espa\u00e7os que sofrem com descarte irregular de res\u00edduos. Essa pr\u00e1tica, que \u00e9 crime ambiental, prejudica e muito a sa\u00fade e o meio ambiente, al\u00e9m de aumentar gastos p\u00fablicos.<\/p>\n\n\n\n<p>Com esta iniciativa inovadora, que surgiu em 2023, o Semasa tem o objetivo de transformar locais onde h\u00e1 dep\u00f3sito ilegal de materiais, como entulho, madeira e m\u00f3veis, em&nbsp;\u00e1reas verdes, estacionamentos&nbsp;ou&nbsp;pra\u00e7as. O pacote de melhorias ainda inclui&nbsp;arte em grafite, possibilitando que os ambientes fiquem mais coloridos e com mensagens e ilustra\u00e7\u00f5es que sensibilizem a popula\u00e7\u00e3o para as quest\u00f5es ambientais.<\/p>\n\n\n\n<p>J\u00e1 receberam interven\u00e7\u00f5es do programa as ruas Casimiro de Abreu e Imbuia (Vila Sacadura Cabral), Beth Carvalho (Jardim Santo Andr\u00e9) e na Av. dos Estados (Capuava).<\/p>\n\n\n\n<p>Em dez anos, de 2013 a meados de 2023, a autarquia conseguiu diminuir de 137 para 51 pontos de descarte irregular de res\u00edduos. Em todo o ano de 2022, o Departamento de Res\u00edduos S\u00f3lidos gastou mais de&nbsp;<strong>R$ 6,5 milh\u00f5es<\/strong>&nbsp;com servi\u00e7os de remo\u00e7\u00e3o de res\u00edduos e limpeza.&nbsp; Um dinheiro, literalmente, jogado no lixo!<\/p>\n\n\n\n<figure class=\"wp-block-gallery has-nested-images columns-default is-cropped wp-block-gallery-1 is-layout-flex wp-block-gallery-is-layout-flex\">\n<figure data-wp-context=\"{&quot;imageId&quot;:&quot;69dd25594f8df&quot;}\" data-wp-interactive=\"core\/image\" class=\"wp-block-image size-large wp-lightbox-container\"><img fetchpriority=\"high\" decoding=\"async\" width=\"1024\" height=\"683\" data-wp-class--hide=\"state.isContentHidden\" data-wp-class--show=\"state.isContentVisible\" data-wp-init=\"callbacks.setButtonStyles\" data-wp-on-async--click=\"actions.showLightbox\" data-wp-on-async--load=\"callbacks.setButtonStyles\" data-wp-on-async-window--resize=\"callbacks.setButtonStyles\" data-id=\"3922\" src=\"https:\/\/portais.santoandre.sp.gov.br\/semasa\/wp-content\/uploads\/sites\/13\/2025\/05\/DSC_0471-1024x683.jpg\" alt=\"\" class=\"wp-image-3922\" srcset=\"https:\/\/portais.santoandre.sp.gov.br\/semasa\/wp-content\/uploads\/sites\/13\/2025\/05\/DSC_0471-1024x683.jpg 1024w, https:\/\/portais.santoandre.sp.gov.br\/semasa\/wp-content\/uploads\/sites\/13\/2025\/05\/DSC_0471-300x200.jpg 300w, https:\/\/portais.santoandre.sp.gov.br\/semasa\/wp-content\/uploads\/sites\/13\/2025\/05\/DSC_0471-768x512.jpg 768w, https:\/\/portais.santoandre.sp.gov.br\/semasa\/wp-content\/uploads\/sites\/13\/2025\/05\/DSC_0471-1536x1024.jpg 1536w, https:\/\/portais.santoandre.sp.gov.br\/semasa\/wp-content\/uploads\/sites\/13\/2025\/05\/DSC_0471-2048x1365.jpg 2048w\" sizes=\"(max-width: 1024px) 100vw, 1024px\" \/><button\n\t\t\tclass=\"lightbox-trigger\"\n\t\t\ttype=\"button\"\n\t\t\taria-haspopup=\"dialog\"\n\t\t\taria-label=\"Ampliar\"\n\t\t\tdata-wp-init=\"callbacks.initTriggerButton\"\n\t\t\tdata-wp-on-async--click=\"actions.showLightbox\"\n\t\t\tdata-wp-style--right=\"state.imageButtonRight\"\n\t\t\tdata-wp-style--top=\"state.imageButtonTop\"\n\t\t>\n\t\t\t<svg xmlns=\"http:\/\/www.w3.org\/2000\/svg\" width=\"12\" height=\"12\" fill=\"none\" viewBox=\"0 0 12 12\">\n\t\t\t\t<path fill=\"#fff\" d=\"M2 0a2 2 0 0 0-2 2v2h1.5V2a.5.5 0 0 1 .5-.5h2V0H2Zm2 10.5H2a.5.5 0 0 1-.5-.5V8H0v2a2 2 0 0 0 2 2h2v-1.5ZM8 12v-1.5h2a.5.5 0 0 0 .5-.5V8H12v2a2 2 0 0 1-2 2H8Zm2-12a2 2 0 0 1 2 2v2h-1.5V2a.5.5 0 0 0-.5-.5H8V0h2Z\" \/>\n\t\t\t<\/svg>\n\t\t<\/button><\/figure>\n\n\n\n<figure data-wp-context=\"{&quot;imageId&quot;:&quot;69dd25594fe10&quot;}\" data-wp-interactive=\"core\/image\" class=\"wp-block-image size-large wp-lightbox-container\"><img decoding=\"async\" width=\"1024\" height=\"768\" data-wp-class--hide=\"state.isContentHidden\" data-wp-class--show=\"state.isContentVisible\" data-wp-init=\"callbacks.setButtonStyles\" data-wp-on-async--click=\"actions.showLightbox\" data-wp-on-async--load=\"callbacks.setButtonStyles\" data-wp-on-async-window--resize=\"callbacks.setButtonStyles\" data-id=\"3923\" src=\"https:\/\/portais.santoandre.sp.gov.br\/semasa\/wp-content\/uploads\/sites\/13\/2025\/05\/Descarte-Irregular-Jardim-Santo-Andre-Rua-do-Cruzeiro-211-57-1024x768.jpg\" alt=\"\" class=\"wp-image-3923\" srcset=\"https:\/\/portais.santoandre.sp.gov.br\/semasa\/wp-content\/uploads\/sites\/13\/2025\/05\/Descarte-Irregular-Jardim-Santo-Andre-Rua-do-Cruzeiro-211-57-1024x768.jpg 1024w, https:\/\/portais.santoandre.sp.gov.br\/semasa\/wp-content\/uploads\/sites\/13\/2025\/05\/Descarte-Irregular-Jardim-Santo-Andre-Rua-do-Cruzeiro-211-57-300x225.jpg 300w, https:\/\/portais.santoandre.sp.gov.br\/semasa\/wp-content\/uploads\/sites\/13\/2025\/05\/Descarte-Irregular-Jardim-Santo-Andre-Rua-do-Cruzeiro-211-57-768x576.jpg 768w, https:\/\/portais.santoandre.sp.gov.br\/semasa\/wp-content\/uploads\/sites\/13\/2025\/05\/Descarte-Irregular-Jardim-Santo-Andre-Rua-do-Cruzeiro-211-57-1536x1152.jpg 1536w, https:\/\/portais.santoandre.sp.gov.br\/semasa\/wp-content\/uploads\/sites\/13\/2025\/05\/Descarte-Irregular-Jardim-Santo-Andre-Rua-do-Cruzeiro-211-57.jpg 2048w\" sizes=\"(max-width: 1024px) 100vw, 1024px\" \/><button\n\t\t\tclass=\"lightbox-trigger\"\n\t\t\ttype=\"button\"\n\t\t\taria-haspopup=\"dialog\"\n\t\t\taria-label=\"Ampliar\"\n\t\t\tdata-wp-init=\"callbacks.initTriggerButton\"\n\t\t\tdata-wp-on-async--click=\"actions.showLightbox\"\n\t\t\tdata-wp-style--right=\"state.imageButtonRight\"\n\t\t\tdata-wp-style--top=\"state.imageButtonTop\"\n\t\t>\n\t\t\t<svg xmlns=\"http:\/\/www.w3.org\/2000\/svg\" width=\"12\" height=\"12\" fill=\"none\" viewBox=\"0 0 12 12\">\n\t\t\t\t<path fill=\"#fff\" d=\"M2 0a2 2 0 0 0-2 2v2h1.5V2a.5.5 0 0 1 .5-.5h2V0H2Zm2 10.5H2a.5.5 0 0 1-.5-.5V8H0v2a2 2 0 0 0 2 2h2v-1.5ZM8 12v-1.5h2a.5.5 0 0 0 .5-.5V8H12v2a2 2 0 0 1-2 2H8Zm2-12a2 2 0 0 1 2 2v2h-1.5V2a.5.5 0 0 0-.5-.5H8V0h2Z\" \/>\n\t\t\t<\/svg>\n\t\t<\/button><\/figure>\n\n\n\n<figure data-wp-context=\"{&quot;imageId&quot;:&quot;69dd25595048e&quot;}\" data-wp-interactive=\"core\/image\" class=\"wp-block-image size-large wp-lightbox-container\"><img decoding=\"async\" width=\"1024\" height=\"768\" data-wp-class--hide=\"state.isContentHidden\" data-wp-class--show=\"state.isContentVisible\" data-wp-init=\"callbacks.setButtonStyles\" data-wp-on-async--click=\"actions.showLightbox\" data-wp-on-async--load=\"callbacks.setButtonStyles\" data-wp-on-async-window--resize=\"callbacks.setButtonStyles\" data-id=\"3921\" src=\"https:\/\/portais.santoandre.sp.gov.br\/semasa\/wp-content\/uploads\/sites\/13\/2025\/05\/Ponto-Limpo_Revitalizacao-na-rua-Casemiro-de-Abreu-na-Vila-Sacadura-Cabral_29022024-7-1024x768.jpg\" alt=\"\" class=\"wp-image-3921\" srcset=\"https:\/\/portais.santoandre.sp.gov.br\/semasa\/wp-content\/uploads\/sites\/13\/2025\/05\/Ponto-Limpo_Revitalizacao-na-rua-Casemiro-de-Abreu-na-Vila-Sacadura-Cabral_29022024-7-1024x768.jpg 1024w, https:\/\/portais.santoandre.sp.gov.br\/semasa\/wp-content\/uploads\/sites\/13\/2025\/05\/Ponto-Limpo_Revitalizacao-na-rua-Casemiro-de-Abreu-na-Vila-Sacadura-Cabral_29022024-7-300x225.jpg 300w, https:\/\/portais.santoandre.sp.gov.br\/semasa\/wp-content\/uploads\/sites\/13\/2025\/05\/Ponto-Limpo_Revitalizacao-na-rua-Casemiro-de-Abreu-na-Vila-Sacadura-Cabral_29022024-7-768x576.jpg 768w, https:\/\/portais.santoandre.sp.gov.br\/semasa\/wp-content\/uploads\/sites\/13\/2025\/05\/Ponto-Limpo_Revitalizacao-na-rua-Casemiro-de-Abreu-na-Vila-Sacadura-Cabral_29022024-7-1536x1152.jpg 1536w, https:\/\/portais.santoandre.sp.gov.br\/semasa\/wp-content\/uploads\/sites\/13\/2025\/05\/Ponto-Limpo_Revitalizacao-na-rua-Casemiro-de-Abreu-na-Vila-Sacadura-Cabral_29022024-7-2048x1536.jpg 2048w\" sizes=\"(max-width: 1024px) 100vw, 1024px\" \/><button\n\t\t\tclass=\"lightbox-trigger\"\n\t\t\ttype=\"button\"\n\t\t\taria-haspopup=\"dialog\"\n\t\t\taria-label=\"Ampliar\"\n\t\t\tdata-wp-init=\"callbacks.initTriggerButton\"\n\t\t\tdata-wp-on-async--click=\"actions.showLightbox\"\n\t\t\tdata-wp-style--right=\"state.imageButtonRight\"\n\t\t\tdata-wp-style--top=\"state.imageButtonTop\"\n\t\t>\n\t\t\t<svg xmlns=\"http:\/\/www.w3.org\/2000\/svg\" width=\"12\" height=\"12\" fill=\"none\" viewBox=\"0 0 12 12\">\n\t\t\t\t<path fill=\"#fff\" d=\"M2 0a2 2 0 0 0-2 2v2h1.5V2a.5.5 0 0 1 .5-.5h2V0H2Zm2 10.5H2a.5.5 0 0 1-.5-.5V8H0v2a2 2 0 0 0 2 2h2v-1.5ZM8 12v-1.5h2a.5.5 0 0 0 .5-.5V8H12v2a2 2 0 0 1-2 2H8Zm2-12a2 2 0 0 1 2 2v2h-1.5V2a.5.5 0 0 0-.5-.5H8V0h2Z\" \/>\n\t\t\t<\/svg>\n\t\t<\/button><\/figure>\n<\/figure>\n\n\n\n<p>Em Santo Andr\u00e9, o caminh\u00e3o de coleta passa em todo o territ\u00f3rio. H\u00e1 dias e hor\u00e1rios estabelecidos para ocorrer a coleta tanto de materiais \u00famidos quanto de secos. Veja a&nbsp;<a href=\"https:\/\/www.semasa.sp.gov.br\/residuos\/coleta-domiciliar-2\/dias-e-horarios-de-coleta\/\">programa\u00e7\u00e3o aqui<\/a>.<\/p>\n\n\n\n<p>Al\u00e9m disso, o munic\u00edpio possui mais de ecopontos para os moradores darem o destino ambientalmente correto a res\u00edduos volumosos, como eletroeletr\u00f4nicos, pneus, isopor grande, poda de vegeta\u00e7\u00e3o, m\u00f3veis, colch\u00f5es, estofados, gesso, madeira e \u00f3leo de cozinha usado. Nesses equipamentos p\u00fablicos ainda \u00e9 poss\u00edvel doar roupas, cal\u00e7ados, acess\u00f3rios, livros e objetos em geral, inclusive decorativos e para pessoas com defici\u00eancia. Confira os hor\u00e1rios e locais das Esta\u00e7\u00f5es de Coleta&nbsp;<a href=\"https:\/\/www.semasa.sp.gov.br\/residuos\/coleta-domiciliar-2\/coleta-seletiva\/estacoes-de-coleta\/\">aqui.<\/a><\/p>\n\n\n\n<p>N\u00e3o se esque\u00e7a:&nbsp;<strong>descarte irregular de res\u00edduos \u00e9 crime ambiental<\/strong>, com infra\u00e7\u00e3o sujeita \u00e0 multa e apreens\u00e3o do ve\u00edculo (Leis municipais 5.579\/79, 7.733\/98 e Decreto 14.300\/99).<\/p>\n\n\n\n<p><em>Clique nas imagens para melhor visualiza\u00e7\u00e3o<\/em><\/p>\n\n\n\n<figure class=\"wp-block-image size-large\"><img loading=\"lazy\" decoding=\"async\" width=\"1024\" height=\"717\" src=\"https:\/\/portais.santoandre.sp.gov.br\/semasa\/wp-content\/uploads\/sites\/13\/2025\/10\/Folder_PontoLimpo_DRS_16102025_FRENTE-1024x717.png\" alt=\"\" class=\"wp-image-5244\" srcset=\"https:\/\/portais.santoandre.sp.gov.br\/semasa\/wp-content\/uploads\/sites\/13\/2025\/10\/Folder_PontoLimpo_DRS_16102025_FRENTE-1024x717.png 1024w, https:\/\/portais.santoandre.sp.gov.br\/semasa\/wp-content\/uploads\/sites\/13\/2025\/10\/Folder_PontoLimpo_DRS_16102025_FRENTE-300x210.png 300w, https:\/\/portais.santoandre.sp.gov.br\/semasa\/wp-content\/uploads\/sites\/13\/2025\/10\/Folder_PontoLimpo_DRS_16102025_FRENTE-768x538.png 768w, https:\/\/portais.santoandre.sp.gov.br\/semasa\/wp-content\/uploads\/sites\/13\/2025\/10\/Folder_PontoLimpo_DRS_16102025_FRENTE-1536x1075.png 1536w, https:\/\/portais.santoandre.sp.gov.br\/semasa\/wp-content\/uploads\/sites\/13\/2025\/10\/Folder_PontoLimpo_DRS_16102025_FRENTE-2048x1434.png 2048w\" sizes=\"(max-width: 1024px) 100vw, 1024px\" \/><\/figure>\n\n\n\n<figure class=\"wp-block-image size-large\"><img loading=\"lazy\" decoding=\"async\" width=\"1024\" height=\"717\" src=\"https:\/\/portais.santoandre.sp.gov.br\/semasa\/wp-content\/uploads\/sites\/13\/2025\/10\/Folder_PontoLimpo_DRS_16102025_VERSO-1024x717.png\" alt=\"\" class=\"wp-image-5245\" srcset=\"https:\/\/portais.santoandre.sp.gov.br\/semasa\/wp-content\/uploads\/sites\/13\/2025\/10\/Folder_PontoLimpo_DRS_16102025_VERSO-1024x717.png 1024w, https:\/\/portais.santoandre.sp.gov.br\/semasa\/wp-content\/uploads\/sites\/13\/2025\/10\/Folder_PontoLimpo_DRS_16102025_VERSO-300x210.png 300w, https:\/\/portais.santoandre.sp.gov.br\/semasa\/wp-content\/uploads\/sites\/13\/2025\/10\/Folder_PontoLimpo_DRS_16102025_VERSO-768x538.png 768w, https:\/\/portais.santoandre.sp.gov.br\/semasa\/wp-content\/uploads\/sites\/13\/2025\/10\/Folder_PontoLimpo_DRS_16102025_VERSO-1536x1075.png 1536w, https:\/\/portais.santoandre.sp.gov.br\/semasa\/wp-content\/uploads\/sites\/13\/2025\/10\/Folder_PontoLimpo_DRS_16102025_VERSO-2048x1434.png 2048w\" sizes=\"(max-width: 1024px) 100vw, 1024px\" \/><\/figure>\n","protected":false},"excerpt":{"rendered":"<p>O Semasa lan\u00e7ou o&nbsp;programa Ponto Limpo&nbsp;para requalificar espa\u00e7os que sofrem com descarte irregular de res\u00edduos. Essa pr\u00e1tica, que \u00e9 crime ambiental, prejudica e muito a sa\u00fade e o meio ambiente, al\u00e9m de aumentar gastos p\u00fablicos. Com esta iniciativa inovadora, que surgiu em 2023, o Semasa tem o objetivo de transformar locais onde h\u00e1 dep\u00f3sito ilegal [&hellip;]<\/p>\n","protected":false},"author":28,"featured_media":0,"parent":44,"menu_order":0,"comment_status":"closed","ping_status":"closed","template":"","meta":{"footnotes":""},"class_list":["post-3911","page","type-page","status-publish","hentry"],"_links":{"self":[{"href":"https:\/\/portais.santoandre.sp.gov.br\/semasa\/wp-json\/wp\/v2\/pages\/3911","targetHints":{"allow":["GET"]}}],"collection":[{"href":"https:\/\/portais.santoandre.sp.gov.br\/semasa\/wp-json\/wp\/v2\/pages"}],"about":[{"href":"https:\/\/portais.santoandre.sp.gov.br\/semasa\/wp-json\/wp\/v2\/types\/page"}],"author":[{"embeddable":true,"href":"https:\/\/portais.santoandre.sp.gov.br\/semasa\/wp-json\/wp\/v2\/users\/28"}],"replies":[{"embeddable":true,"href":"https:\/\/portais.santoandre.sp.gov.br\/semasa\/wp-json\/wp\/v2\/comments?post=3911"}],"version-history":[{"count":8,"href":"https:\/\/portais.santoandre.sp.gov.br\/semasa\/wp-json\/wp\/v2\/pages\/3911\/revisions"}],"predecessor-version":[{"id":5247,"href":"https:\/\/portais.santoandre.sp.gov.br\/semasa\/wp-json\/wp\/v2\/pages\/3911\/revisions\/5247"}],"up":[{"embeddable":true,"href":"https:\/\/portais.santoandre.sp.gov.br\/semasa\/wp-json\/wp\/v2\/pages\/44"}],"wp:attachment":[{"href":"https:\/\/portais.santoandre.sp.gov.br\/semasa\/wp-json\/wp\/v2\/media?parent=3911"}],"curies":[{"name":"wp","href":"https:\/\/api.w.org\/{rel}","templated":true}]}}