{"id":3892,"date":"2025-05-21T09:44:38","date_gmt":"2025-05-21T12:44:38","guid":{"rendered":"https:\/\/portais.santoandre.sp.gov.br\/semasa\/?page_id=3892"},"modified":"2025-06-03T09:12:58","modified_gmt":"2025-06-03T12:12:58","slug":"breshopping-sustentavel","status":"publish","type":"page","link":"https:\/\/portais.santoandre.sp.gov.br\/semasa\/residuos\/estacoes-de-coleta\/breshopping-sustentavel\/","title":{"rendered":"Breshopping Sustent\u00e1vel"},"content":{"rendered":"<div class=\"wp-block-image\">\n<figure class=\"alignleft size-large is-resized\"><img fetchpriority=\"high\" decoding=\"async\" width=\"1024\" height=\"943\" src=\"https:\/\/portais.santoandre.sp.gov.br\/semasa\/wp-content\/uploads\/sites\/13\/2025\/05\/Logo_Breshopping_2025-1024x943.png\" alt=\"\" class=\"wp-image-3893\" style=\"width:246px;height:auto\" srcset=\"https:\/\/portais.santoandre.sp.gov.br\/semasa\/wp-content\/uploads\/sites\/13\/2025\/05\/Logo_Breshopping_2025-1024x943.png 1024w, https:\/\/portais.santoandre.sp.gov.br\/semasa\/wp-content\/uploads\/sites\/13\/2025\/05\/Logo_Breshopping_2025-300x276.png 300w, https:\/\/portais.santoandre.sp.gov.br\/semasa\/wp-content\/uploads\/sites\/13\/2025\/05\/Logo_Breshopping_2025-768x707.png 768w, https:\/\/portais.santoandre.sp.gov.br\/semasa\/wp-content\/uploads\/sites\/13\/2025\/05\/Logo_Breshopping_2025.png 1208w\" sizes=\"(max-width: 1024px) 100vw, 1024px\" \/><\/figure><\/div>\n\n\n<p>&nbsp;O Semasa criou o criou Projeto Breshopping Sustent\u00e1vel em 2021. A iniciativa surgiu em 2021 e integrou a programa\u00e7\u00e3o de atividades em celebra\u00e7\u00e3o ao M\u00eas do Meio Ambiente daquele ano.&nbsp;<\/p>\n\n\n\n<p>Em meio a Pandemia de Covid-19, a estreia do projeto foi realizada observando-se as medidas sanit\u00e1rias em vigor, como a utiliza\u00e7\u00e3o de m\u00e1scaras, higieniza\u00e7\u00e3o frequente das m\u00e3os, distanciamento e demais determina\u00e7\u00f5es do Minist\u00e9rio da Sa\u00fade. Ap\u00f3s o sucesso da primeira edi\u00e7\u00e3o, verificou-se a possibilidade de repeti\u00e7\u00e3o dessa a\u00e7\u00e3o e de transform\u00e1-la em um&nbsp; projeto permanente, que pudesse atender outras comunidades do munic\u00edpio e colaborar significativamente com a redu\u00e7\u00e3o de res\u00edduos s\u00f3lidos encaminhados para o aterro ou descartados de forma irregular. No mesmo ano, a iniciativa foi replicada outras duas vezes, uma internamente para servidores municipais e outra na comunidade Sacadura Cabral.&nbsp;<\/p>\n\n\n\n<figure class=\"wp-block-gallery has-nested-images columns-default is-cropped wp-block-gallery-1 is-layout-flex wp-block-gallery-is-layout-flex\">\n<figure class=\"wp-block-image size-large\"><img decoding=\"async\" width=\"1024\" height=\"768\" data-id=\"3906\" src=\"https:\/\/portais.santoandre.sp.gov.br\/semasa\/wp-content\/uploads\/sites\/13\/2025\/05\/Breshopping-Sustentavel-Eucaliptos-CCS_20042024-18-1024x768.jpg\" alt=\"\" class=\"wp-image-3906\" srcset=\"https:\/\/portais.santoandre.sp.gov.br\/semasa\/wp-content\/uploads\/sites\/13\/2025\/05\/Breshopping-Sustentavel-Eucaliptos-CCS_20042024-18-1024x768.jpg 1024w, https:\/\/portais.santoandre.sp.gov.br\/semasa\/wp-content\/uploads\/sites\/13\/2025\/05\/Breshopping-Sustentavel-Eucaliptos-CCS_20042024-18-300x225.jpg 300w, https:\/\/portais.santoandre.sp.gov.br\/semasa\/wp-content\/uploads\/sites\/13\/2025\/05\/Breshopping-Sustentavel-Eucaliptos-CCS_20042024-18-768x576.jpg 768w, https:\/\/portais.santoandre.sp.gov.br\/semasa\/wp-content\/uploads\/sites\/13\/2025\/05\/Breshopping-Sustentavel-Eucaliptos-CCS_20042024-18-1536x1152.jpg 1536w, https:\/\/portais.santoandre.sp.gov.br\/semasa\/wp-content\/uploads\/sites\/13\/2025\/05\/Breshopping-Sustentavel-Eucaliptos-CCS_20042024-18-2048x1536.jpg 2048w\" sizes=\"(max-width: 1024px) 100vw, 1024px\" \/><\/figure>\n\n\n\n<figure class=\"wp-block-image size-large\"><img decoding=\"async\" width=\"1024\" height=\"768\" data-id=\"3905\" src=\"https:\/\/portais.santoandre.sp.gov.br\/semasa\/wp-content\/uploads\/sites\/13\/2025\/05\/Breshopping-Sustentavel-Eucaliptos-CCS_20042024-24-1024x768.jpg\" alt=\"\" class=\"wp-image-3905\" srcset=\"https:\/\/portais.santoandre.sp.gov.br\/semasa\/wp-content\/uploads\/sites\/13\/2025\/05\/Breshopping-Sustentavel-Eucaliptos-CCS_20042024-24-1024x768.jpg 1024w, https:\/\/portais.santoandre.sp.gov.br\/semasa\/wp-content\/uploads\/sites\/13\/2025\/05\/Breshopping-Sustentavel-Eucaliptos-CCS_20042024-24-300x225.jpg 300w, https:\/\/portais.santoandre.sp.gov.br\/semasa\/wp-content\/uploads\/sites\/13\/2025\/05\/Breshopping-Sustentavel-Eucaliptos-CCS_20042024-24-768x576.jpg 768w, https:\/\/portais.santoandre.sp.gov.br\/semasa\/wp-content\/uploads\/sites\/13\/2025\/05\/Breshopping-Sustentavel-Eucaliptos-CCS_20042024-24-1536x1152.jpg 1536w, https:\/\/portais.santoandre.sp.gov.br\/semasa\/wp-content\/uploads\/sites\/13\/2025\/05\/Breshopping-Sustentavel-Eucaliptos-CCS_20042024-24-2048x1536.jpg 2048w\" sizes=\"(max-width: 1024px) 100vw, 1024px\" \/><\/figure>\n<\/figure>\n\n\n\n<p>A l\u00f3gica de operacionaliza\u00e7\u00e3o do projeto \u00e9 bastante simples: <\/p>\n\n\n\n<ul class=\"wp-block-list\">\n<li>Roupas, cal\u00e7ados e acess\u00f3rios s\u00e3o doados pelos moradores de Santo Andr\u00e9 nas Esta\u00e7\u00f5es de Coleta; <\/li>\n\n\n\n<li>A municipalidade realiza a triagem destes materiais e encaminha para a lavagem e higieniza\u00e7\u00e3o de todas as pe\u00e7as. <\/li>\n\n\n\n<li>Ap\u00f3s estarem limpos e separados, os itens s\u00e3o disponibilizados \u00e0 popula\u00e7\u00e3o em um evento, no formato \u201cbrech\u00f3\u201d, onde cada participante pode levar para casa gratuitamente de tr\u00eas a cinco pe\u00e7as, a depender da quantidade de pessoas atendidas em cada comunidade em que a a\u00e7\u00e3o ocorre. <br><br>Cabe destacar dois pontos importantes: o primeiro \u00e9 que a lavagem das roupas \u00e9 efetuada por uma empresa parceira, trata-se de uma lavanderia que utiliza meios de lavagem com produtos biodegrad\u00e1veis, n\u00e3o nocivos ao meio ambiente, al\u00e9m de possuir m\u00e9todos eficientes de lavagem com redu\u00e7\u00e3o da utiliza\u00e7\u00e3o de \u00e1gua e energia el\u00e9trica. <br><br>O segundo ponto, e n\u00e3o menos importante, \u00e9 que as araras para a exposi\u00e7\u00e3o de roupas, bem como os aparadores e sapateiras, s\u00e3o de materiais reaproveitados das Esta\u00e7\u00f5es de Coleta, seja no formato que se encontram quando doados ou, ainda, de madeiras descartadas e transformadas. Essa transforma\u00e7\u00e3o \u00e9 efetuada por uma entidade parceira que possui entre as v\u00e1rias oficinas, a oficina de carpintaria.<\/li>\n<\/ul>\n\n\n\n<p><strong><span style=\"color: #9b51e0\" class=\"stk-highlight\"><a href=\"https:\/\/www.instagram.com\/reel\/C5Wdo-EpIpT\/\" data-type=\"link\" data-id=\"https:\/\/www.instagram.com\/reel\/C5Wdo-EpIpT\/\" target=\"_blank\" rel=\"noreferrer noopener\">Confira em nosso Instagram um v\u00eddeo sobre o programa<\/a>!<\/span><\/strong><\/p>\n\n\n\n<p>Desde que foi criada, j\u00e1 foram realizadas 21 edi\u00e7\u00f5es, com participa\u00e7\u00e3o de 2.200 moradores e distribui\u00e7\u00e3o de mais de 10 pe\u00e7as de roupas, cal\u00e7ados e acess\u00f3rios.<\/p>\n","protected":false},"excerpt":{"rendered":"<p>&nbsp;O Semasa criou o criou Projeto Breshopping Sustent\u00e1vel em 2021. A iniciativa surgiu em 2021 e integrou a programa\u00e7\u00e3o de atividades em celebra\u00e7\u00e3o ao M\u00eas do Meio Ambiente daquele ano.&nbsp; Em meio a Pandemia de Covid-19, a estreia do projeto foi realizada observando-se as medidas sanit\u00e1rias em vigor, como a utiliza\u00e7\u00e3o de m\u00e1scaras, higieniza\u00e7\u00e3o frequente [&hellip;]<\/p>\n","protected":false},"author":28,"featured_media":0,"parent":151,"menu_order":0,"comment_status":"closed","ping_status":"closed","template":"","meta":{"footnotes":""},"class_list":["post-3892","page","type-page","status-publish","hentry"],"_links":{"self":[{"href":"https:\/\/portais.santoandre.sp.gov.br\/semasa\/wp-json\/wp\/v2\/pages\/3892","targetHints":{"allow":["GET"]}}],"collection":[{"href":"https:\/\/portais.santoandre.sp.gov.br\/semasa\/wp-json\/wp\/v2\/pages"}],"about":[{"href":"https:\/\/portais.santoandre.sp.gov.br\/semasa\/wp-json\/wp\/v2\/types\/page"}],"author":[{"embeddable":true,"href":"https:\/\/portais.santoandre.sp.gov.br\/semasa\/wp-json\/wp\/v2\/users\/28"}],"replies":[{"embeddable":true,"href":"https:\/\/portais.santoandre.sp.gov.br\/semasa\/wp-json\/wp\/v2\/comments?post=3892"}],"version-history":[{"count":4,"href":"https:\/\/portais.santoandre.sp.gov.br\/semasa\/wp-json\/wp\/v2\/pages\/3892\/revisions"}],"predecessor-version":[{"id":4042,"href":"https:\/\/portais.santoandre.sp.gov.br\/semasa\/wp-json\/wp\/v2\/pages\/3892\/revisions\/4042"}],"up":[{"embeddable":true,"href":"https:\/\/portais.santoandre.sp.gov.br\/semasa\/wp-json\/wp\/v2\/pages\/151"}],"wp:attachment":[{"href":"https:\/\/portais.santoandre.sp.gov.br\/semasa\/wp-json\/wp\/v2\/media?parent=3892"}],"curies":[{"name":"wp","href":"https:\/\/api.w.org\/{rel}","templated":true}]}}