{"id":376,"date":"2024-06-25T16:15:47","date_gmt":"2024-06-25T19:15:47","guid":{"rendered":"https:\/\/portais.santoandre.sp.gov.br\/semasa\/?page_id=376"},"modified":"2024-06-25T16:15:47","modified_gmt":"2024-06-25T19:15:47","slug":"servicos-de-agua-e-esgoto","status":"publish","type":"page","link":"https:\/\/portais.santoandre.sp.gov.br\/semasa\/institucional\/servicos-de-agua-e-esgoto\/","title":{"rendered":"Servi\u00e7os de \u00e1gua e esgoto"},"content":{"rendered":"\n<p>Em 14 de junho de 2019, foi aprovada e publicada a\u00a0<a href=\"https:\/\/portais.santoandre.sp.gov.br\/semasa\/wp-content\/uploads\/sites\/13\/2024\/06\/LEI_ORDINARIA10173_9120.pdf\" data-type=\"link\" data-id=\"https:\/\/portais.santoandre.sp.gov.br\/semasa\/wp-content\/uploads\/sites\/13\/2024\/06\/LEI_ORDINARIA10173_9120.pdf\">Lei Municipal 10.173<\/a>\u00a0que autorizou o Poder Executivo celebrar conv\u00eanios, contratos, termos aditivos e ou quaisquer outros tipos de ajustes<br>necess\u00e1rios com o Estado de S\u00e3o Paulo, a Ag\u00eancia Reguladora de Saneamento e Energia do Estado de S\u00e3o Paulo (Arsesp) e a Companhia de Saneamento B\u00e1sico do Estado de S\u00e3o Paulo (Sabesp). A partir desta Lei, foi celebrado o contrato 321\/19\u00a0 junto \u00e0 Sabesp para oferecimento dos servi\u00e7os de abastecimento de \u00e1gua e esgotamento sanit\u00e1rio no munic\u00edpio de Santo Andr\u00e9.<\/p>\n\n\n\n<p>Veja os canais de atendimento da Sabesp abaixo.<\/p>\n\n\n\n<figure class=\"wp-block-table\"><table><tbody><tr><td>Ag\u00eancia Virtual<\/td><td><a href=\"http:\/\/www.sabesp.com.br\/\" target=\"_blank\" rel=\"noreferrer noopener\">www.sabesp.com.br<\/a><\/td><\/tr><tr><td>Atendimento on-line<\/td><td><a href=\"http:\/\/www.sabesp.com.br\/\">www.sabesp.com.br<\/a><\/td><\/tr><\/tbody><\/table><\/figure>\n\n\n\n<figure class=\"wp-block-table\"><table><tbody><tr><td>Fale Conosco<\/td><td><a href=\"http:\/\/faleconosco.sabesp.com.br\/\" target=\"_blank\" rel=\"noreferrer noopener\">faleconosco.sabesp.com.br\/<\/a><\/td><\/tr><tr><td>Telefone de atendimento a emerg\u00eancias<\/td><td>195<\/td><\/tr><tr><td>Central de Atendimento<\/td><td>0800-0550195<\/td><\/tr><tr><td>Ouvidoria<\/td><td>Telefone: 0800 055 0565 | E-mail: ouvidoria@sabesp.com.br |&nbsp;<a href=\"https:\/\/site.sabesp.com.br\/site\/interna\/ouvidoria.aspx\" target=\"_blank\" rel=\"noreferrer noopener\">Site<\/a><\/td><\/tr><tr><td>WhatsApp Sabesp<\/td><td>3388-8000<\/td><\/tr><tr><td>WhatsApp exclusivo para moradores de Santo Andr\u00e9<\/td><td>(11) 95976-7315<\/td><\/tr><tr><td>Aplicativo Sabesp Mobile<\/td><td>dispon\u00edvel para smartphones Android e Iphone<\/td><\/tr><tr><td>Atendimento presencial Sabesp no posto do Poupatempo de Santo Andr\u00e9 (localizado no Shopping Atrium)<\/td><td>Atendimento apenas com hor\u00e1rio agendado pelo site www.poupatempo.sp.gov.br.<\/td><\/tr><\/tbody><\/table><\/figure>\n\n\n\n<p>Como consumidor, voc\u00ea pode registrar junto ao Semasa, reclama\u00e7\u00f5es contra a Sabesp, quando considerar que a companhia estadual n\u00e3o est\u00e1 cumprindo suas obriga\u00e7\u00f5es.&nbsp;Mas, aten\u00e7\u00e3o: antes de registrar a reclama\u00e7\u00e3o neste canal, voc\u00ea deve apresent\u00e1-la \u00e0 Sabesp. Caso esse primeiro contato n\u00e3o resolva o problema, fale com a ouvidoria da Sabesp. Voc\u00ea dever\u00e1 possuir protocolos de atendimento tanto da Sabesp quanto da Ouvidoria da Sabesp para registrar a sua reclama\u00e7\u00e3o conosco.<\/p>\n\n\n\n<p>Para registrar,<a href=\"https:\/\/forms.gle\/RGu15tQuFNsHVUvk7\">&nbsp;acesse o formul\u00e1rio eletr\u00f4nico, neste link.&nbsp;<\/a>Lembrando que as reclama\u00e7\u00f5es n\u00e3o poder\u00e3o ser an\u00f4nimas.<\/p>\n","protected":false},"excerpt":{"rendered":"<p>Em 14 de junho de 2019, foi aprovada e publicada a\u00a0Lei Municipal 10.173\u00a0que autorizou o Poder Executivo celebrar conv\u00eanios, contratos, termos aditivos e ou quaisquer outros tipos de ajustesnecess\u00e1rios com o Estado de S\u00e3o Paulo, a Ag\u00eancia Reguladora de Saneamento e Energia do Estado de S\u00e3o Paulo (Arsesp) e a Companhia de Saneamento B\u00e1sico do [&hellip;]<\/p>\n","protected":false},"author":28,"featured_media":0,"parent":41,"menu_order":0,"comment_status":"closed","ping_status":"closed","template":"","meta":{"footnotes":""},"class_list":["post-376","page","type-page","status-publish","hentry"],"_links":{"self":[{"href":"https:\/\/portais.santoandre.sp.gov.br\/semasa\/wp-json\/wp\/v2\/pages\/376","targetHints":{"allow":["GET"]}}],"collection":[{"href":"https:\/\/portais.santoandre.sp.gov.br\/semasa\/wp-json\/wp\/v2\/pages"}],"about":[{"href":"https:\/\/portais.santoandre.sp.gov.br\/semasa\/wp-json\/wp\/v2\/types\/page"}],"author":[{"embeddable":true,"href":"https:\/\/portais.santoandre.sp.gov.br\/semasa\/wp-json\/wp\/v2\/users\/28"}],"replies":[{"embeddable":true,"href":"https:\/\/portais.santoandre.sp.gov.br\/semasa\/wp-json\/wp\/v2\/comments?post=376"}],"version-history":[{"count":1,"href":"https:\/\/portais.santoandre.sp.gov.br\/semasa\/wp-json\/wp\/v2\/pages\/376\/revisions"}],"predecessor-version":[{"id":378,"href":"https:\/\/portais.santoandre.sp.gov.br\/semasa\/wp-json\/wp\/v2\/pages\/376\/revisions\/378"}],"up":[{"embeddable":true,"href":"https:\/\/portais.santoandre.sp.gov.br\/semasa\/wp-json\/wp\/v2\/pages\/41"}],"wp:attachment":[{"href":"https:\/\/portais.santoandre.sp.gov.br\/semasa\/wp-json\/wp\/v2\/media?parent=376"}],"curies":[{"name":"wp","href":"https:\/\/api.w.org\/{rel}","templated":true}]}}