{"id":2816,"date":"2025-01-15T08:14:13","date_gmt":"2025-01-15T11:14:13","guid":{"rendered":"https:\/\/portais.santoandre.sp.gov.br\/semasa\/?page_id=2816"},"modified":"2025-02-06T16:57:26","modified_gmt":"2025-02-06T19:57:26","slug":"noticias","status":"publish","type":"page","link":"https:\/\/portais.santoandre.sp.gov.br\/semasa\/institucional\/noticias\/","title":{"rendered":"Not\u00edcias"},"content":{"rendered":"\n<p>Confira aqui todas as not\u00edcias institucionais divulgadas junto \u00e0 imprensa pelo Semasa e pela Secretaria de Meio Ambiente e Mudan\u00e7as Clim\u00e1ticas.<\/p>\n\n\n\n<p><a href=\"https:\/\/portais.santoandre.sp.gov.br\/semasa\/category\/releases\">P\u00e1gina 1<\/a> | <a href=\"https:\/\/portais.santoandre.sp.gov.br\/semasa\/category\/releases\/page\/2\/\">P\u00e1gina 2<\/a> | <a href=\"https:\/\/portais.santoandre.sp.gov.br\/semasa\/category\/releases\/page\/3\/\">P\u00e1gina 3<\/a> | <a href=\"https:\/\/portais.santoandre.sp.gov.br\/semasa\/category\/releases\/page\/4\/\">P\u00e1gina 4<\/a> | <a href=\"https:\/\/portais.santoandre.sp.gov.br\/semasa\/category\/releases\/page\/5\/\">P\u00e1gina 5<\/a> | <a href=\"https:\/\/portais.santoandre.sp.gov.br\/semasa\/category\/releases\/page\/6\/\">P\u00e1gina 6 <\/a>| <a href=\"https:\/\/portais.santoandre.sp.gov.br\/semasa\/category\/releases\/page\/7\/\">P\u00e1gina 7<\/a> | <a href=\"https:\/\/portais.santoandre.sp.gov.br\/semasa\/category\/releases\/page\/8\/\">P\u00e1gina 8<\/a> | <a href=\"https:\/\/portais.santoandre.sp.gov.br\/semasa\/category\/releases\/page\/9\/\">P\u00e1gina 9<\/a> | <a href=\"https:\/\/portais.santoandre.sp.gov.br\/semasa\/category\/releases\/page\/10\/\">P\u00e1gina 10<\/a> | <a href=\"https:\/\/portais.santoandre.sp.gov.br\/semasa\/category\/releases\/page\/11\/\">P\u00e1gina 11<\/a> | <a href=\"https:\/\/portais.santoandre.sp.gov.br\/semasa\/category\/releases\/page\/12\/\">P\u00e1gina 12<\/a> | <\/p>\n","protected":false},"excerpt":{"rendered":"<p>Confira aqui todas as not\u00edcias institucionais divulgadas junto \u00e0 imprensa pelo Semasa e pela Secretaria de Meio Ambiente e Mudan\u00e7as Clim\u00e1ticas. P\u00e1gina 1 | P\u00e1gina 2 | P\u00e1gina 3 | P\u00e1gina 4 | P\u00e1gina 5 | P\u00e1gina 6 | P\u00e1gina 7 | P\u00e1gina 8 | P\u00e1gina 9 | P\u00e1gina 10 | P\u00e1gina 11 | P\u00e1gina [&hellip;]<\/p>\n","protected":false},"author":28,"featured_media":0,"parent":41,"menu_order":0,"comment_status":"closed","ping_status":"closed","template":"","meta":{"footnotes":""},"class_list":["post-2816","page","type-page","status-publish","hentry"],"_links":{"self":[{"href":"https:\/\/portais.santoandre.sp.gov.br\/semasa\/wp-json\/wp\/v2\/pages\/2816","targetHints":{"allow":["GET"]}}],"collection":[{"href":"https:\/\/portais.santoandre.sp.gov.br\/semasa\/wp-json\/wp\/v2\/pages"}],"about":[{"href":"https:\/\/portais.santoandre.sp.gov.br\/semasa\/wp-json\/wp\/v2\/types\/page"}],"author":[{"embeddable":true,"href":"https:\/\/portais.santoandre.sp.gov.br\/semasa\/wp-json\/wp\/v2\/users\/28"}],"replies":[{"embeddable":true,"href":"https:\/\/portais.santoandre.sp.gov.br\/semasa\/wp-json\/wp\/v2\/comments?post=2816"}],"version-history":[{"count":3,"href":"https:\/\/portais.santoandre.sp.gov.br\/semasa\/wp-json\/wp\/v2\/pages\/2816\/revisions"}],"predecessor-version":[{"id":3374,"href":"https:\/\/portais.santoandre.sp.gov.br\/semasa\/wp-json\/wp\/v2\/pages\/2816\/revisions\/3374"}],"up":[{"embeddable":true,"href":"https:\/\/portais.santoandre.sp.gov.br\/semasa\/wp-json\/wp\/v2\/pages\/41"}],"wp:attachment":[{"href":"https:\/\/portais.santoandre.sp.gov.br\/semasa\/wp-json\/wp\/v2\/media?parent=2816"}],"curies":[{"name":"wp","href":"https:\/\/api.w.org\/{rel}","templated":true}]}}

Notícias

<p>Confira aqui todas as notícias institucionais divulgadas junto à imprensa pelo Semasa e pela Secretaria de Meio Ambiente e Mudanças Climáticas.</p>



<p><a href="https://portais.santoandre.sp.gov.br/semasa/category/releases">Página 1</a> | <a href="https://portais.santoandre.sp.gov.br/semasa/category/releases/page/2/">Página 2</a> | <a href="https://portais.santoandre.sp.gov.br/semasa/category/releases/page/3/">Página 3</a> | <a href="https://portais.santoandre.sp.gov.br/semasa/category/releases/page/4/">Página 4</a> | <a href="https://portais.santoandre.sp.gov.br/semasa/category/releases/page/5/">Página 5</a> | <a href="https://portais.santoandre.sp.gov.br/semasa/category/releases/page/6/">Página 6 </a>| <a href="https://portais.santoandre.sp.gov.br/semasa/category/releases/page/7/">Página 7</a> | <a href="https://portais.santoandre.sp.gov.br/semasa/category/releases/page/8/">Página 8</a> | <a href="https://portais.santoandre.sp.gov.br/semasa/category/releases/page/9/">Página 9</a> | <a href="https://portais.santoandre.sp.gov.br/semasa/category/releases/page/10/">Página 10</a> | <a href="https://portais.santoandre.sp.gov.br/semasa/category/releases/page/11/">Página 11</a> | <a href="https://portais.santoandre.sp.gov.br/semasa/category/releases/page/12/">Página 12</a> | </p>

<p>Confira aqui todas as notícias institucionais divulgadas junto à imprensa pelo Semasa e pela Secretaria de Meio Ambiente e Mudanças Climáticas. Página 1 | Página 2 | Página 3 | Página 4 | Página 5 | Página 6 | Página 7 | Página 8 | Página 9 | Página 10 | Página 11 | Página [&hellip;]</p>
