{"id":264,"date":"2024-06-24T15:05:41","date_gmt":"2024-06-24T18:05:41","guid":{"rendered":"https:\/\/portais.santoandre.sp.gov.br\/semasa\/?page_id=264"},"modified":"2024-06-24T15:10:40","modified_gmt":"2024-06-24T18:10:40","slug":"estudo-gravimetrico","status":"publish","type":"page","link":"https:\/\/portais.santoandre.sp.gov.br\/semasa\/residuos\/estudo-gravimetrico\/","title":{"rendered":"Estudo gravim\u00e9trico"},"content":{"rendered":"\n<h2 class=\"wp-block-heading\"><\/h2>\n\n\n\n<p>O Semasa, por meio de seu Departamento de Res\u00edduos, realiza periodicamente o Estudo Gravim\u00e9trico dos Res\u00edduos S\u00f3lidos Domiciliares de Santo Andr\u00e9. O levantamento tem como objetivo detectar a quantidade de cada tipo de res\u00edduo encontrado no lixo da cidade.<\/p>\n\n\n\n<p>Aqui, voc\u00ea tem acesso aos relat\u00f3rios finais de todos as gravimetrias realizadas at\u00e9 ent\u00e3o.<\/p>\n\n\n\n<ul class=\"wp-block-list\">\n<li><a href=\"https:\/\/portais.santoandre.sp.gov.br\/semasa\/wp-content\/uploads\/sites\/13\/2024\/06\/Estudo-gravimetrico-de-2008.pdf\">Estudo gravim\u00e9trico de 2008<\/a><\/li>\n\n\n\n<li><a href=\"https:\/\/www.semasa.sp.gov.br\/wp-content\/uploads\/2020\/02\/gravimetria_SA_2013_v2-1.pptx\">Estudo gravim\u00e9trico de 2013<\/a><\/li>\n\n\n\n<li><a href=\"https:\/\/www.semasa.sp.gov.br\/wp-content\/uploads\/2020\/02\/GRAVIMETRIA-2015-RelatorioFinalv1.pdf\">Estudo gravim\u00e9trico de 2015<\/a><\/li>\n\n\n\n<li><a href=\"https:\/\/www.semasa.sp.gov.br\/wp-content\/uploads\/2020\/02\/Relatorio%20An%C3%A1lise%20Gravimetrica%202017_revis%C3%A3ofinal.pdf\">Estudo gravim\u00e9trico de 2017<\/a><\/li>\n\n\n\n<li><a href=\"https:\/\/portais.santoandre.sp.gov.br\/semasa\/wp-content\/uploads\/sites\/13\/2024\/06\/Estudo-gravimetrico-de-2023.pdf\">Estudo gravim\u00e9trico de 2023\u00a0|\u00a0Anexos<\/a><\/li>\n<\/ul>\n\n\n","protected":false},"excerpt":{"rendered":"<p>O Semasa, por meio de seu Departamento de Res\u00edduos, realiza periodicamente o Estudo Gravim\u00e9trico dos Res\u00edduos S\u00f3lidos Domiciliares de Santo Andr\u00e9. O levantamento tem como objetivo detectar a quantidade de cada tipo de res\u00edduo encontrado no lixo da cidade. Aqui, voc\u00ea tem acesso aos relat\u00f3rios finais de todos as gravimetrias realizadas at\u00e9 ent\u00e3o.<\/p>\n","protected":false},"author":28,"featured_media":0,"parent":44,"menu_order":0,"comment_status":"closed","ping_status":"closed","template":"","meta":{"footnotes":""},"class_list":["post-264","page","type-page","status-publish","hentry"],"_links":{"self":[{"href":"https:\/\/portais.santoandre.sp.gov.br\/semasa\/wp-json\/wp\/v2\/pages\/264","targetHints":{"allow":["GET"]}}],"collection":[{"href":"https:\/\/portais.santoandre.sp.gov.br\/semasa\/wp-json\/wp\/v2\/pages"}],"about":[{"href":"https:\/\/portais.santoandre.sp.gov.br\/semasa\/wp-json\/wp\/v2\/types\/page"}],"author":[{"embeddable":true,"href":"https:\/\/portais.santoandre.sp.gov.br\/semasa\/wp-json\/wp\/v2\/users\/28"}],"replies":[{"embeddable":true,"href":"https:\/\/portais.santoandre.sp.gov.br\/semasa\/wp-json\/wp\/v2\/comments?post=264"}],"version-history":[{"count":3,"href":"https:\/\/portais.santoandre.sp.gov.br\/semasa\/wp-json\/wp\/v2\/pages\/264\/revisions"}],"predecessor-version":[{"id":275,"href":"https:\/\/portais.santoandre.sp.gov.br\/semasa\/wp-json\/wp\/v2\/pages\/264\/revisions\/275"}],"up":[{"embeddable":true,"href":"https:\/\/portais.santoandre.sp.gov.br\/semasa\/wp-json\/wp\/v2\/pages\/44"}],"wp:attachment":[{"href":"https:\/\/portais.santoandre.sp.gov.br\/semasa\/wp-json\/wp\/v2\/media?parent=264"}],"curies":[{"name":"wp","href":"https:\/\/api.w.org\/{rel}","templated":true}]}}