{"id":2274,"date":"2024-11-14T06:58:32","date_gmt":"2024-11-14T09:58:32","guid":{"rendered":"https:\/\/portais.santoandre.sp.gov.br\/semasa\/?page_id=2274"},"modified":"2025-10-16T11:51:19","modified_gmt":"2025-10-16T14:51:19","slug":"meu-condominio-recicla","status":"publish","type":"page","link":"https:\/\/portais.santoandre.sp.gov.br\/semasa\/residuos\/meu-condominio-recicla\/","title":{"rendered":"Meu Condom\u00ednio Recicla"},"content":{"rendered":"\n<p>O&nbsp;Meu Condom\u00ednio Recicla&nbsp;\u00e9 um programa do Semasa de incentivo \u00e0 coleta seletiva nos condom\u00ednios residenciais do munic\u00edpio de Santo Andr\u00e9.<\/p>\n\n\n\n<p><em><strong>Como funciona?<\/strong><\/em><\/p>\n\n\n\n<ul class=\"wp-block-list\">\n<li>O condom\u00ednio residencial disposto a participar, por meio de seu s\u00edndico ou representante, manifesta o interesse solicitando a implanta\u00e7\u00e3o da coleta de res\u00edduos secos.<\/li>\n\n\n\n<li>Ap\u00f3s solicita\u00e7\u00e3o, um fiscal vai at\u00e9 o condom\u00ednio para vistoriar o local onde os res\u00edduos ser\u00e3o armazenados e para orienta\u00e7\u00f5es quanto \u00e0 correta separa\u00e7\u00e3o dos res\u00edduos, acondicionamento e dias e hor\u00e1rios de coleta.<\/li>\n\n\n\n<li>Ap\u00f3s a vistoria, s\u00e3o instalados os equipamentos para disposi\u00e7\u00e3o dos res\u00edduos. O equipamento \u00e9 composto por estrutura met\u00e1lica, saco de r\u00e1fia e display informando os tipos de material que podem ser descartados.<\/li>\n\n\n\n<li>Tamb\u00e9m s\u00e3o fornecidas caixas de papel\u00e3o pra que os res\u00edduos sejam corretamente separados em cada unidade residencial do condom\u00ednio. Cada fam\u00edlia recebe uma caixa, que \u00e9 reutiliz\u00e1vel, para facilitar a separa\u00e7\u00e3o dos res\u00edduos \u00famidos e secos.<\/li>\n\n\n\n<li>O condom\u00ednio recebe um selo indicando que o mesmo participa do programa de incentivo \u00e0 coleta seletiva. O selo pode ser fixado em uma das \u00e1reas comuns do condom\u00ednio, para que os moradores tenham acesso \u00e0 informa\u00e7\u00e3o.<\/li>\n<\/ul>\n\n\n\n<p><strong>Quais s\u00e3o os objetivos do programa?<\/strong><\/p>\n\n\n\n<ul class=\"wp-block-list\">\n<li>Aumentar a vida \u00fatil do Aterro Sanit\u00e1rio Municipal. Quanto mais res\u00edduo \u00e9 separado e destinado \u00e0s cooperativas, menos res\u00edduo \u00e9 aterrado.<\/li>\n\n\n\n<li>Sensibilizar os mun\u00edcipes quanto \u00e0 correta separa\u00e7\u00e3o dos res\u00edduos.<\/li>\n\n\n\n<li>Promover o aumento da quantidade de res\u00edduos secos que chegam at\u00e9 \u00e0s cooperativas.<\/li>\n<\/ul>\n\n\n\n<ul class=\"wp-block-list\">\n<li>Para solicitar a implanta\u00e7\u00e3o do \u201cMeu Condom\u00ednio Recicla\u201d em seu edif\u00edcio,<a href=\"http:\/\/agencia.semasa.sp.gov.br\/agenciavirtual\/frmLogradouro.aspx?Servico=ImplantacaoColetaEscola\">&nbsp;clique aqui.<\/a><\/li>\n\n\n\n<li>Para mais informa\u00e7\u00f5es ou d\u00favidas entre em contato pelo e-mail\u00a0<img decoding=\"async\" width=\"16\" height=\"16\" src=\"https:\/\/static.xx.fbcdn.net\/images\/emoji.php\/v9\/t51\/1\/16\/1f449.png\" alt=\"\ud83d\udc49\">coletacondominio@semasa.sp.gov.br ou pelo\u00a0\u00a0<img decoding=\"async\" width=\"16\" height=\"16\" src=\"https:\/\/static.xx.fbcdn.net\/images\/emoji.php\/v9\/t6e\/1\/16\/1f4ac.png\" alt=\"\ud83d\udcac\">\u00a0WhatsApp 4433-9083.<\/li>\n<\/ul>\n","protected":false},"excerpt":{"rendered":"<p>O&nbsp;Meu Condom\u00ednio Recicla&nbsp;\u00e9 um programa do Semasa de incentivo \u00e0 coleta seletiva nos condom\u00ednios residenciais do munic\u00edpio de Santo Andr\u00e9. Como funciona? Quais s\u00e3o os objetivos do programa?<\/p>\n","protected":false},"author":28,"featured_media":0,"parent":44,"menu_order":0,"comment_status":"closed","ping_status":"closed","template":"","meta":{"footnotes":""},"class_list":["post-2274","page","type-page","status-publish","hentry"],"_links":{"self":[{"href":"https:\/\/portais.santoandre.sp.gov.br\/semasa\/wp-json\/wp\/v2\/pages\/2274","targetHints":{"allow":["GET"]}}],"collection":[{"href":"https:\/\/portais.santoandre.sp.gov.br\/semasa\/wp-json\/wp\/v2\/pages"}],"about":[{"href":"https:\/\/portais.santoandre.sp.gov.br\/semasa\/wp-json\/wp\/v2\/types\/page"}],"author":[{"embeddable":true,"href":"https:\/\/portais.santoandre.sp.gov.br\/semasa\/wp-json\/wp\/v2\/users\/28"}],"replies":[{"embeddable":true,"href":"https:\/\/portais.santoandre.sp.gov.br\/semasa\/wp-json\/wp\/v2\/comments?post=2274"}],"version-history":[{"count":2,"href":"https:\/\/portais.santoandre.sp.gov.br\/semasa\/wp-json\/wp\/v2\/pages\/2274\/revisions"}],"predecessor-version":[{"id":5248,"href":"https:\/\/portais.santoandre.sp.gov.br\/semasa\/wp-json\/wp\/v2\/pages\/2274\/revisions\/5248"}],"up":[{"embeddable":true,"href":"https:\/\/portais.santoandre.sp.gov.br\/semasa\/wp-json\/wp\/v2\/pages\/44"}],"wp:attachment":[{"href":"https:\/\/portais.santoandre.sp.gov.br\/semasa\/wp-json\/wp\/v2\/media?parent=2274"}],"curies":[{"name":"wp","href":"https:\/\/api.w.org\/{rel}","templated":true}]}}

Meu Condomínio Recicla

<p>O&nbsp;Meu Condomínio Recicla&nbsp;é um programa do Semasa de incentivo à coleta seletiva nos condomínios residenciais do município de Santo André.</p>



<p><em><strong>Como funciona?</strong></em></p>



<ul class="wp-block-list">
<li>O condomínio residencial disposto a participar, por meio de seu síndico ou representante, manifesta o interesse solicitando a implantação da coleta de resíduos secos.</li>



<li>Após solicitação, um fiscal vai até o condomínio para vistoriar o local onde os resíduos serão armazenados e para orientações quanto à correta separação dos resíduos, acondicionamento e dias e horários de coleta.</li>



<li>Após a vistoria, são instalados os equipamentos para disposição dos resíduos. O equipamento é composto por estrutura metálica, saco de ráfia e display informando os tipos de material que podem ser descartados.</li>



<li>Também são fornecidas caixas de papelão pra que os resíduos sejam corretamente separados em cada unidade residencial do condomínio. Cada família recebe uma caixa, que é reutilizável, para facilitar a separação dos resíduos úmidos e secos.</li>



<li>O condomínio recebe um selo indicando que o mesmo participa do programa de incentivo à coleta seletiva. O selo pode ser fixado em uma das áreas comuns do condomínio, para que os moradores tenham acesso à informação.</li>
</ul>



<p><strong>Quais são os objetivos do programa?</strong></p>



<ul class="wp-block-list">
<li>Aumentar a vida útil do Aterro Sanitário Municipal. Quanto mais resíduo é separado e destinado às cooperativas, menos resíduo é aterrado.</li>



<li>Sensibilizar os munícipes quanto à correta separação dos resíduos.</li>



<li>Promover o aumento da quantidade de resíduos secos que chegam até às cooperativas.</li>
</ul>



<ul class="wp-block-list">
<li>Para solicitar a implantação do “Meu Condomínio Recicla” em seu edifício,<a href="http://agencia.semasa.sp.gov.br/agenciavirtual/frmLogradouro.aspx?Servico=ImplantacaoColetaEscola">&nbsp;clique aqui.</a></li>



<li>Para mais informações ou dúvidas entre em contato pelo e-mail <img decoding="async" width="16" height="16" src="https://static.xx.fbcdn.net/images/emoji.php/v9/t51/1/16/1f449.png" alt="👉">coletacondominio@semasa.sp.gov.br ou pelo  <img decoding="async" width="16" height="16" src="https://static.xx.fbcdn.net/images/emoji.php/v9/t6e/1/16/1f4ac.png" alt="💬"> WhatsApp 4433-9083.</li>
</ul>

<p>O&nbsp;Meu Condomínio Recicla&nbsp;é um programa do Semasa de incentivo à coleta seletiva nos condomínios residenciais do município de Santo André. Como funciona? Quais são os objetivos do programa?</p>
