{"id":2087,"date":"2024-10-07T09:40:38","date_gmt":"2024-10-07T12:40:38","guid":{"rendered":"https:\/\/portais.santoandre.sp.gov.br\/semasa\/?page_id=2087"},"modified":"2024-10-07T09:40:38","modified_gmt":"2024-10-07T12:40:38","slug":"composta-santo-andre","status":"publish","type":"page","link":"https:\/\/portais.santoandre.sp.gov.br\/semasa\/residuos\/composta-santo-andre\/","title":{"rendered":"Composta Santo Andr\u00e9"},"content":{"rendered":"<div class=\"wp-block-image\">\n<figure class=\"alignleft size-large is-resized\"><img fetchpriority=\"high\" decoding=\"async\" width=\"850\" height=\"1024\" src=\"https:\/\/portais.santoandre.sp.gov.br\/semasa\/wp-content\/uploads\/sites\/13\/2024\/10\/Logo_Composta_SA_Vertical_COLOR-850x1024.png\" alt=\"\" class=\"wp-image-2088\" style=\"aspect-ratio:0.830078125;width:261px;height:auto\" srcset=\"https:\/\/portais.santoandre.sp.gov.br\/semasa\/wp-content\/uploads\/sites\/13\/2024\/10\/Logo_Composta_SA_Vertical_COLOR-850x1024.png 850w, https:\/\/portais.santoandre.sp.gov.br\/semasa\/wp-content\/uploads\/sites\/13\/2024\/10\/Logo_Composta_SA_Vertical_COLOR-249x300.png 249w, https:\/\/portais.santoandre.sp.gov.br\/semasa\/wp-content\/uploads\/sites\/13\/2024\/10\/Logo_Composta_SA_Vertical_COLOR-768x925.png 768w, https:\/\/portais.santoandre.sp.gov.br\/semasa\/wp-content\/uploads\/sites\/13\/2024\/10\/Logo_Composta_SA_Vertical_COLOR.png 1199w\" sizes=\"(max-width: 850px) 100vw, 850px\" \/><\/figure><\/div>\n\n\n<p>Em 2015, o Semasa deu in\u00edcio do projeto Compostagem nas Escolas que atendeu unidades p\u00fablicas de Santo Andr\u00e9. A iniciativa teve participa\u00e7\u00e3o da autarquia,\u00a0da Secretaria de Educa\u00e7\u00e3o de Santo Andr\u00e9 e da ONG Instituto Cresce Brasil (ICB). Na \u00e9poca, isso possibilitou a compra das primeiras composteiras, que naquele momento foram colocadas apenas em unidades municipais.<\/p>\n\n\n\n<p>Atualmente, o projeto foi ampliado para outros setores da cidade e passou a ser chamado de&nbsp;<strong>Composta Santo Andr\u00e9,<\/strong>&nbsp;com disponibiliza\u00e7\u00e3o de composteiras para escolas municipais, estaduais, creches, pr\u00f3prios p\u00fablicos, unidades da Funda\u00e7\u00e3o Casa e entidades assistenciais e beneficentes da cidade.<\/p>\n\n\n\n<p>O projeto tem o objetivo de, al\u00e9m contribuir com a coleta seletiva na cidade, mostrar aos participantes as problem\u00e1ticas que envolvem a gera\u00e7\u00e3o de res\u00edduos e dar \u00e0 comunidade alternativas vi\u00e1veis para o tratamento do material org\u00e2nico, uma vez que&nbsp;&nbsp;se utiliza restos de alimentos n\u00e3o processados, como frutas, legumes, verduras, gr\u00e3os e cascas de ovos, entre outros&nbsp;produzidas nas pr\u00f3prias unidades.<\/p>\n\n\n\n<p>Na rede&nbsp;municipal&nbsp;de ensino de Santo Andr\u00e9, o programa atua nas&nbsp;escolas&nbsp;onde foi implantado o projeto Horta Educativa, do Governo do Estado, que tamb\u00e9m conta com o apoio do N\u00facleo de Inova\u00e7\u00e3o Social da Prefeitura.<\/p>\n\n\n\n<p>Feitas de pl\u00e1stico bem resistente e n\u00e3o transparente, as composteiras recebem os res\u00edduos org\u00e2nicos gerados na&nbsp;escola. O material que resultar do processo deve ser usado em hortas ou jardins da pr\u00f3pria&nbsp;escola&nbsp;ou pela comunidade.<\/p>\n\n\n\n<p>Hoje, o Composta Santo Andr\u00e9 j\u00e1 distribuiu um total de 87 composteiras, distribu\u00edda em:<br>\u2013 59 escolas p\u00fablicas + Funda\u00e7\u00e3o Casa I e II<br>\u2013 2 CRAS + 1 USF Jd. Irene II<br>\u2013 25 institui\u00e7\u00f5es assistenciais<\/p>\n","protected":false},"excerpt":{"rendered":"<p>Em 2015, o Semasa deu in\u00edcio do projeto Compostagem nas Escolas que atendeu unidades p\u00fablicas de Santo Andr\u00e9. A iniciativa teve participa\u00e7\u00e3o da autarquia,\u00a0da Secretaria de Educa\u00e7\u00e3o de Santo Andr\u00e9 e da ONG Instituto Cresce Brasil (ICB). Na \u00e9poca, isso possibilitou a compra das primeiras composteiras, que naquele momento foram colocadas apenas em unidades municipais. [&hellip;]<\/p>\n","protected":false},"author":28,"featured_media":0,"parent":44,"menu_order":0,"comment_status":"closed","ping_status":"closed","template":"","meta":{"footnotes":""},"class_list":["post-2087","page","type-page","status-publish","hentry"],"_links":{"self":[{"href":"https:\/\/portais.santoandre.sp.gov.br\/semasa\/wp-json\/wp\/v2\/pages\/2087","targetHints":{"allow":["GET"]}}],"collection":[{"href":"https:\/\/portais.santoandre.sp.gov.br\/semasa\/wp-json\/wp\/v2\/pages"}],"about":[{"href":"https:\/\/portais.santoandre.sp.gov.br\/semasa\/wp-json\/wp\/v2\/types\/page"}],"author":[{"embeddable":true,"href":"https:\/\/portais.santoandre.sp.gov.br\/semasa\/wp-json\/wp\/v2\/users\/28"}],"replies":[{"embeddable":true,"href":"https:\/\/portais.santoandre.sp.gov.br\/semasa\/wp-json\/wp\/v2\/comments?post=2087"}],"version-history":[{"count":1,"href":"https:\/\/portais.santoandre.sp.gov.br\/semasa\/wp-json\/wp\/v2\/pages\/2087\/revisions"}],"predecessor-version":[{"id":2089,"href":"https:\/\/portais.santoandre.sp.gov.br\/semasa\/wp-json\/wp\/v2\/pages\/2087\/revisions\/2089"}],"up":[{"embeddable":true,"href":"https:\/\/portais.santoandre.sp.gov.br\/semasa\/wp-json\/wp\/v2\/pages\/44"}],"wp:attachment":[{"href":"https:\/\/portais.santoandre.sp.gov.br\/semasa\/wp-json\/wp\/v2\/media?parent=2087"}],"curies":[{"name":"wp","href":"https:\/\/api.w.org\/{rel}","templated":true}]}}

Composta Santo André

<div class="wp-block-image">
<figure class="alignleft size-large is-resized"><img fetchpriority="high" decoding="async" width="850" height="1024" src="https://portais.santoandre.sp.gov.br/semasa/wp-content/uploads/sites/13/2024/10/Logo_Composta_SA_Vertical_COLOR-850x1024.png" alt="" class="wp-image-2088" style="aspect-ratio:0.830078125;width:261px;height:auto" srcset="https://portais.santoandre.sp.gov.br/semasa/wp-content/uploads/sites/13/2024/10/Logo_Composta_SA_Vertical_COLOR-850x1024.png 850w, https://portais.santoandre.sp.gov.br/semasa/wp-content/uploads/sites/13/2024/10/Logo_Composta_SA_Vertical_COLOR-249x300.png 249w, https://portais.santoandre.sp.gov.br/semasa/wp-content/uploads/sites/13/2024/10/Logo_Composta_SA_Vertical_COLOR-768x925.png 768w, https://portais.santoandre.sp.gov.br/semasa/wp-content/uploads/sites/13/2024/10/Logo_Composta_SA_Vertical_COLOR.png 1199w" sizes="(max-width: 850px) 100vw, 850px" /></figure></div>


<p>Em 2015, o Semasa deu início do projeto Compostagem nas Escolas que atendeu unidades públicas de Santo André. A iniciativa teve participação da autarquia, da Secretaria de Educação de Santo André e da ONG Instituto Cresce Brasil (ICB). Na época, isso possibilitou a compra das primeiras composteiras, que naquele momento foram colocadas apenas em unidades municipais.</p>



<p>Atualmente, o projeto foi ampliado para outros setores da cidade e passou a ser chamado de&nbsp;<strong>Composta Santo André,</strong>&nbsp;com disponibilização de composteiras para escolas municipais, estaduais, creches, próprios públicos, unidades da Fundação Casa e entidades assistenciais e beneficentes da cidade.</p>



<p>O projeto tem o objetivo de, além contribuir com a coleta seletiva na cidade, mostrar aos participantes as problemáticas que envolvem a geração de resíduos e dar à comunidade alternativas viáveis para o tratamento do material orgânico, uma vez que&nbsp;&nbsp;se utiliza restos de alimentos não processados, como frutas, legumes, verduras, grãos e cascas de ovos, entre outros&nbsp;produzidas nas próprias unidades.</p>



<p>Na rede&nbsp;municipal&nbsp;de ensino de Santo André, o programa atua nas&nbsp;escolas&nbsp;onde foi implantado o projeto Horta Educativa, do Governo do Estado, que também conta com o apoio do Núcleo de Inovação Social da Prefeitura.</p>



<p>Feitas de plástico bem resistente e não transparente, as composteiras recebem os resíduos orgânicos gerados na&nbsp;escola. O material que resultar do processo deve ser usado em hortas ou jardins da própria&nbsp;escola&nbsp;ou pela comunidade.</p>



<p>Hoje, o Composta Santo André já distribuiu um total de 87 composteiras, distribuída em:<br>– 59 escolas públicas + Fundação Casa I e II<br>– 2 CRAS + 1 USF Jd. Irene II<br>– 25 instituições assistenciais</p>

<p>Em 2015, o Semasa deu início do projeto Compostagem nas Escolas que atendeu unidades públicas de Santo André. A iniciativa teve participação da autarquia, da Secretaria de Educação de Santo André e da ONG Instituto Cresce Brasil (ICB). Na época, isso possibilitou a compra das primeiras composteiras, que naquele momento foram colocadas apenas em unidades municipais. [&hellip;]</p>
