{"id":200,"date":"2024-06-13T16:37:58","date_gmt":"2024-06-13T19:37:58","guid":{"rendered":"https:\/\/portais.santoandre.sp.gov.br\/semasa\/?page_id=200"},"modified":"2025-03-05T13:29:15","modified_gmt":"2025-03-05T16:29:15","slug":"pilhas-e-baterias","status":"publish","type":"page","link":"https:\/\/portais.santoandre.sp.gov.br\/semasa\/residuos\/residuos-perigosos-e-outros\/pilhas-e-baterias\/","title":{"rendered":"Pilhas e baterias"},"content":{"rendered":"\n<p>A destina\u00e7\u00e3o correta de pilhas e baterias \u00e9 muito importante, pois estes produtos apresentam grande concentra\u00e7\u00e3o de metais pesados, como c\u00e1dmio, chumbo e merc\u00fario, que al\u00e9m de serem nocivos ao meio ambiente s\u00e3o extremamente perigosos \u00e0 sa\u00fade humana. A contamina\u00e7\u00e3o por estes metais pode ocasionar doen\u00e7as graves como muta\u00e7\u00f5es gen\u00e9ticas e at\u00e9 o c\u00e2ncer.<\/p>\n\n\n<div class=\"wp-block-image\">\n<figure class=\"aligncenter size-large is-resized\"><img fetchpriority=\"high\" decoding=\"async\" width=\"1024\" height=\"768\" src=\"https:\/\/portais.santoandre.sp.gov.br\/semasa\/wp-content\/uploads\/sites\/13\/2024\/06\/Drive-thru-REEE_CCS26112022-2-1024x768.jpg\" alt=\"\" class=\"wp-image-201\" style=\"aspect-ratio:1.3333333333333333;width:613px;height:auto\" srcset=\"https:\/\/portais.santoandre.sp.gov.br\/semasa\/wp-content\/uploads\/sites\/13\/2024\/06\/Drive-thru-REEE_CCS26112022-2-1024x768.jpg 1024w, https:\/\/portais.santoandre.sp.gov.br\/semasa\/wp-content\/uploads\/sites\/13\/2024\/06\/Drive-thru-REEE_CCS26112022-2-300x225.jpg 300w, https:\/\/portais.santoandre.sp.gov.br\/semasa\/wp-content\/uploads\/sites\/13\/2024\/06\/Drive-thru-REEE_CCS26112022-2-768x576.jpg 768w, https:\/\/portais.santoandre.sp.gov.br\/semasa\/wp-content\/uploads\/sites\/13\/2024\/06\/Drive-thru-REEE_CCS26112022-2-1536x1152.jpg 1536w, https:\/\/portais.santoandre.sp.gov.br\/semasa\/wp-content\/uploads\/sites\/13\/2024\/06\/Drive-thru-REEE_CCS26112022-2.jpg 2048w\" sizes=\"(max-width: 1024px) 100vw, 1024px\" \/><\/figure><\/div>\n\n\n<p>Portanto, pilhas e baterias n\u00e3o podem ser descartadas no lixo comum. \u00c9 importante dizer que pilhas adquiridas no com\u00e9rcio ilegal s\u00e3o ainda mais perigosas. N\u00e3o acumule estes materiais em casa.<\/p>\n\n\n\n<p>De acordo com a Pol\u00edtica Nacional de Res\u00edduos S\u00f3lidos, este material deve ser recebido para descarte pelo fabricante, dentro da chamada Log\u00edstica Reversa.<\/p>\n\n\n\n<p>Por este motivo, desde 1\u00ba de outubro de 2018 as esta\u00e7\u00f5es de coleta do Semasa e os demais pontos de recebimento do munic\u00edpio, administrados pela autarquia, deixaram de receber este tipo de res\u00edduo.<\/p>\n\n\n\n<p><strong>Em Santo Andr\u00e9, postos da Green Eletron, entidade que re\u00fane fabricantes do produto, recebem pilhas e baterias gratuitamente. Confira no site\u00a0da <a href=\"https:\/\/greeneletron.org.br\/\">Green Eletron<\/a> os endere\u00e7os dos locais para descarte de pilhas e baterias.<\/strong><\/p>\n","protected":false},"excerpt":{"rendered":"<p>A destina\u00e7\u00e3o correta de pilhas e baterias \u00e9 muito importante, pois estes produtos apresentam grande concentra\u00e7\u00e3o de metais pesados, como c\u00e1dmio, chumbo e merc\u00fario, que al\u00e9m de serem nocivos ao meio ambiente s\u00e3o extremamente perigosos \u00e0 sa\u00fade humana. A contamina\u00e7\u00e3o por estes metais pode ocasionar doen\u00e7as graves como muta\u00e7\u00f5es gen\u00e9ticas e at\u00e9 o c\u00e2ncer. Portanto, [&hellip;]<\/p>\n","protected":false},"author":28,"featured_media":0,"parent":197,"menu_order":0,"comment_status":"closed","ping_status":"closed","template":"","meta":{"footnotes":""},"class_list":["post-200","page","type-page","status-publish","hentry"],"_links":{"self":[{"href":"https:\/\/portais.santoandre.sp.gov.br\/semasa\/wp-json\/wp\/v2\/pages\/200","targetHints":{"allow":["GET"]}}],"collection":[{"href":"https:\/\/portais.santoandre.sp.gov.br\/semasa\/wp-json\/wp\/v2\/pages"}],"about":[{"href":"https:\/\/portais.santoandre.sp.gov.br\/semasa\/wp-json\/wp\/v2\/types\/page"}],"author":[{"embeddable":true,"href":"https:\/\/portais.santoandre.sp.gov.br\/semasa\/wp-json\/wp\/v2\/users\/28"}],"replies":[{"embeddable":true,"href":"https:\/\/portais.santoandre.sp.gov.br\/semasa\/wp-json\/wp\/v2\/comments?post=200"}],"version-history":[{"count":2,"href":"https:\/\/portais.santoandre.sp.gov.br\/semasa\/wp-json\/wp\/v2\/pages\/200\/revisions"}],"predecessor-version":[{"id":3476,"href":"https:\/\/portais.santoandre.sp.gov.br\/semasa\/wp-json\/wp\/v2\/pages\/200\/revisions\/3476"}],"up":[{"embeddable":true,"href":"https:\/\/portais.santoandre.sp.gov.br\/semasa\/wp-json\/wp\/v2\/pages\/197"}],"wp:attachment":[{"href":"https:\/\/portais.santoandre.sp.gov.br\/semasa\/wp-json\/wp\/v2\/media?parent=200"}],"curies":[{"name":"wp","href":"https:\/\/api.w.org\/{rel}","templated":true}]}}

<p>A destinação correta de pilhas e baterias é muito importante, pois estes produtos apresentam grande concentração de metais pesados, como cádmio, chumbo e mercúrio, que além de serem nocivos ao meio ambiente são extremamente perigosos à saúde humana. A contaminação por estes metais pode ocasionar doenças graves como mutações genéticas e até o câncer.</p>


<div class="wp-block-image">
<figure class="aligncenter size-large is-resized"><img fetchpriority="high" decoding="async" width="1024" height="768" src="https://portais.santoandre.sp.gov.br/semasa/wp-content/uploads/sites/13/2024/06/Drive-thru-REEE_CCS26112022-2-1024x768.jpg" alt="" class="wp-image-201" style="aspect-ratio:1.3333333333333333;width:613px;height:auto" srcset="https://portais.santoandre.sp.gov.br/semasa/wp-content/uploads/sites/13/2024/06/Drive-thru-REEE_CCS26112022-2-1024x768.jpg 1024w, https://portais.santoandre.sp.gov.br/semasa/wp-content/uploads/sites/13/2024/06/Drive-thru-REEE_CCS26112022-2-300x225.jpg 300w, https://portais.santoandre.sp.gov.br/semasa/wp-content/uploads/sites/13/2024/06/Drive-thru-REEE_CCS26112022-2-768x576.jpg 768w, https://portais.santoandre.sp.gov.br/semasa/wp-content/uploads/sites/13/2024/06/Drive-thru-REEE_CCS26112022-2-1536x1152.jpg 1536w, https://portais.santoandre.sp.gov.br/semasa/wp-content/uploads/sites/13/2024/06/Drive-thru-REEE_CCS26112022-2.jpg 2048w" sizes="(max-width: 1024px) 100vw, 1024px" /></figure></div>


<p>Portanto, pilhas e baterias não podem ser descartadas no lixo comum. É importante dizer que pilhas adquiridas no comércio ilegal são ainda mais perigosas. Não acumule estes materiais em casa.</p>



<p>De acordo com a Política Nacional de Resíduos Sólidos, este material deve ser recebido para descarte pelo fabricante, dentro da chamada Logística Reversa.</p>



<p>Por este motivo, desde 1º de outubro de 2018 as estações de coleta do Semasa e os demais pontos de recebimento do município, administrados pela autarquia, deixaram de receber este tipo de resíduo.</p>



<p><strong>Em Santo André, postos da Green Eletron, entidade que reúne fabricantes do produto, recebem pilhas e baterias gratuitamente. Confira no site da <a href="https://greeneletron.org.br/">Green Eletron</a> os endereços dos locais para descarte de pilhas e baterias.</strong></p>

<p>A destinação correta de pilhas e baterias é muito importante, pois estes produtos apresentam grande concentração de metais pesados, como cádmio, chumbo e mercúrio, que além de serem nocivos ao meio ambiente são extremamente perigosos à saúde humana. A contaminação por estes metais pode ocasionar doenças graves como mutações genéticas e até o câncer. Portanto, [&hellip;]</p>
