{"id":1644,"date":"2024-08-29T08:18:45","date_gmt":"2024-08-29T11:18:45","guid":{"rendered":"https:\/\/portais.santoandre.sp.gov.br\/semasa\/?page_id=1644"},"modified":"2025-04-10T11:38:49","modified_gmt":"2025-04-10T14:38:49","slug":"documentacao-para-cadastro-de-fornecedor","status":"publish","type":"page","link":"https:\/\/portais.santoandre.sp.gov.br\/semasa\/licitacoes\/documentacao-para-cadastro-de-fornecedor\/","title":{"rendered":"Cadastro de fornecedor"},"content":{"rendered":"\n<p>Para integrar o Cadastro de Fornecedor do Semasa \u00e9 necess\u00e1rio entregar a documenta\u00e7\u00e3o e ficha cadastral exigida pela legisla\u00e7\u00e3o vigente. Este procedimento pode ser realizado por meio da ECT (Empresa Brasileira de Correio e Tel\u00e9grafos) ou pessoalmente, no pr\u00e9dio sede do Semasa, de segunda a sexta-feira, das 8 \u00e0s 17 horas.<\/p>\n\n\n\n<p>Preencha corretamente a ficha cadastral,\u00a0<a href=\"https:\/\/portais.santoandre.sp.gov.br\/semasa\/wp-content\/uploads\/sites\/13\/2025\/04\/CadastroFornecedorPB_21mar2025.doc\" target=\"_blank\" rel=\"noreferrer noopener\">dispon\u00edvel neste link<\/a>, e entregue no setor de cadastro (pessoalmente ou atrav\u00e9s do correio) junto com a documenta\u00e7\u00e3o exigida.<\/p>\n\n\n\n<div class=\"wp-block-stackable-expand stk-block-expand stk-block stk-3f9bebb\" data-block-id=\"3f9bebb\"><div class=\"stk-inner-blocks stk-block-content\">\n<div class=\"wp-block-stackable-text stk-block-text stk-block stk-15a0351 stk-block-expand__short-text\" aria-hidden=\"false\" data-block-id=\"15a0351\"><p class=\"stk-block-text__text\"><strong><span style=\"color: #0693e3\" class=\"stk-highlight\">Clique abaixo  para verificar a lista de documentos:<\/span><\/strong><\/p><\/div>\n\n\n\n<div class=\"wp-block-stackable-button stk-block-button is-style-link stk-block-expand__show-button stk-block stk-320edda\" data-block-id=\"320edda\"><a aria-hidden=\"false\" role=\"button\" aria-expanded=\"false\" class=\"stk-link stk-button stk--hover-effect-darken\" href=\"#\"><span class=\"stk-button__inner-text\">Mostrar mais<\/span><\/a><\/div>\n\n\n\n<div class=\"wp-block-stackable-text stk-block-text stk-block stk-248b4f1 stk-block-expand__more-text\" aria-hidden=\"true\" data-block-id=\"248b4f1\"><p class=\"stk-block-text__text\"><strong>I.CAPACIDADE JUR\u00cdDICA<\/strong><br>1. Em se tratatando de sociedades empresariais ou simples, o ato constitutivo, estatuto ou contrato social em vigor, devidamente registrado na Junta Comercial ou no Cart\u00f3rio de Registro Civil de Pessoas Jur\u00eddicas, nos termos da lei e conforme o caso, e, ainda, no caso de sociedades por a\u00e7\u00f5es, acompanhado de documentos de elei\u00e7\u00e3o de seus administradores;<br>2. Os documento descritos no subitem 1 dever\u00e3o ser acompanhados de todas as altera\u00e7\u00f5es ou da consolida\u00e7\u00e3o respectiva, conforme legisla\u00e7\u00e3o em vigor.<br>3. Decreto de autoriza\u00e7\u00e3o e ato de registro ou autoriza\u00e7\u00e3o para funcionamento expedido pelo \u00f3rg\u00e3o competente, tratando-se de empresa ou sociedade estrangeira em funcionamento no Pa\u00eds quando a atividade assim o exigir.<strong>II.CAPACIDADE T\u00c9CNICA<\/strong><br>1. Registro ou inscri\u00e7\u00e3o na entidade profissional competente, apenas empresas de obras e servi\u00e7os de engenharia.<br>2. Comprova\u00e7\u00e3o de aptid\u00e3o para o desempenho de suas atividades mediante apresenta\u00e7\u00e3o de atestados atualizados de desempenho anterior da empresa por pessoas p\u00fablicas ou particulares, indicando local, natureza, volume, quantidade, prazos e outros dados pertinentes a obras ou servi\u00e7os executados. Dever\u00e3o ser expedidos em formul\u00e1rio timbrado (m\u00ednimo dois atestados).<br>Nas licita\u00e7\u00f5es poder\u00e3o ser solicitados atestados espec\u00edficos, pertinentes e compat\u00edveis<br>com seu objeto, bem como indica\u00e7\u00e3o das instala\u00e7\u00f5es e do aparelhamento t\u00e9cnico adequado e dispon\u00edvel para a realiza\u00e7\u00e3o do objeto da licita\u00e7\u00e3o.<strong>III.IDONEIDADE FINANCEIRA&nbsp;<\/strong>1. Demonstra\u00e7\u00f5es cont\u00e1beis do \u00faltimo exerc\u00edcio que comprovam a boa situa\u00e7\u00e3o financeira da empresa, atrav\u00e9s de:<br>a) capital realizado;<br>b) Balan\u00e7o Patrimonial e Demonstra\u00e7\u00e3o Cont\u00e1beis do \u00faltimo exerc\u00edcio social, j\u00e1 exig\u00edveis e apresentados na forma da lei, que comprovem a boa situa\u00e7\u00e3o financeira da empresa vedada a sua substitui\u00e7\u00e3o por balancetes ou balan\u00e7os provis\u00f3rios, podendo ser atualizados por \u00edndices oficiais quando encerrados h\u00e1 mais de 3 (tr\u00eas) meses da data de apresenta\u00e7\u00e3o da proposta;<br>c) Declara\u00e7\u00e3o de op\u00e7\u00e3o por tributa\u00e7\u00e3o de Lucro Presumido, se for o caso;<br>d) em casos de Sociedade An\u00f4nima, Sociedades de Capital Aberto ou de Economia Mista, s\u00e3o v\u00e1lidos c\u00f3pia do Balan\u00e7o publicado em jornal de grande circula\u00e7\u00e3o;<br>e) a apresenta\u00e7\u00e3o do Balan\u00e7o Patrimonial \u00e9 obrigat\u00f3ria mesmo para Micro-Empresas e Empresas que optaram por tributa\u00e7\u00e3o pelo Lucro Presumido.2. Certid\u00e3o Negativa de pedido de Fal\u00eancia e ou Recupera\u00e7\u00e3o Judicial, ou execu\u00e7\u00e3o patrimonial expedida pelo distribuidor da sede da pessoa jur\u00eddica ou domic\u00edlio da pessoa f\u00edsica, no caso de profissional liberal.<strong>IV.REGULARIDADE FISCAL<\/strong><br>1. Prova de inscri\u00e7\u00e3o no Cadastro de Pessoas F\u00edsicas ou no Cadastro Geral de Contribuinte (CGC) ou no Cadastro Nacional de Pessoa Jur\u00eddica (CNPJ).<br>2. Prova de inscri\u00e7\u00e3o no Cadastro de Contribuinte Estadual e Municipal, se houver relativo ao domic\u00edlio ou sede do licitante, pertinente ao seu ramo de atividade e compat\u00edvel com o objeto contratual.<br>3. Prova de regularidade relativa \u00e0 Seguridade Social, demonstrando situa\u00e7\u00e3o regular no cumprimento dos encargos sociais institu\u00eddos por lei (INSS e FGTS).<br>4. Prova de inexist\u00eancia de D\u00e9bitos Trabalhistas mediante a apresenta\u00e7\u00e3o da CNDT \u2013 Certid\u00e3o Negativa de D\u00e9bito Trabalhista.<br>5. Prova de Quita\u00e7\u00e3o com a FAZENDA FEDERAL (Receita Federal e D\u00edvida Ativa da Uni\u00e3o), ESTADUAL e MUNICIPAL, sendo a \u00faltima na sede do interessado.<br><strong>OBSERVA\u00c7\u00d5ES:<\/strong><br>1. Em cada licita\u00e7\u00e3o poder\u00e1 ser exigida, ainda, a rela\u00e7\u00e3o de compromissos assumidos pelo interessado, que importem diminui\u00e7\u00e3o de capacidade operativa ou absor\u00e7\u00e3o de disponibilidade financeira.<br>2. Os documentos referidos nos itens anteriores poder\u00e3o ser apresentados em original, ou por qualquer processo de c\u00f3pia AUTENTICADA ou publica\u00e7\u00e3o em imprensa oficial.<br>3. Poder\u00e3o, ainda, ser exigidas provas de quita\u00e7\u00f5es outras, na forma da lei.<br>4. Entrega dos documentos e esclarecimentos no SEMASA.<br>\u2013 Av. Jos\u00e9 Caballero, 143 \u2013 1\u00ba andar \u2013 Santo Andr\u00e9 \u2013 CEP: 09040-210 \u2013 Fone: (011) 4433-9624\/9632 Cadastro.<br>SEMASA, JANEIRO\/2012.<br>LEI FEDERAL n\u00ba 8.666\/93 e altera\u00e7\u00f5es subsequentes.<br>Enquadramento em Categorias e Classes conforme regulamenta o Decreto 13.914\/97, segundo an\u00e1lise da documenta\u00e7\u00e3o referente \u00e0 qualifica\u00e7\u00e3o t\u00e9cnica e econ\u00f4mica das empresas.<br><strong>Classes<\/strong><br><strong>Capital Social Integralizado<\/strong><br><strong>Grupo 01<\/strong><br><strong>Acima de 1.542.019,59<\/strong><br><strong>Grupo 02<\/strong><br><strong>616.807,84 \u00e0 1.542.019,58<\/strong><br><strong>Grupo 03<\/strong><br><strong>154.201,95 \u00e0 616.807,83<\/strong><br><strong>Grupo 04<\/strong><br><strong>61.680,78 \u00e0 154.201,94<\/strong><br><strong>Grupo 05<\/strong><br><strong>15.420,19 \u00e0 61.680,77<\/strong><br><strong>Grupo 06<\/strong><br><strong>3.855,04 \u00e0 15.420,18<\/strong><br><strong>Grupo 07<\/strong><br><strong>Abaixo de 3.855,03<\/strong><br>Categorias conforme objeto social e atestados apresentados.<br>A \u2013 Empreiteira B \u2013 Fornecedor C \u2013 Presta\u00e7\u00e3o de Servi\u00e7os<\/p><\/div>\n\n\n\n<div class=\"wp-block-stackable-button stk-block-button is-style-link stk-block-expand__hide-button stk-block stk-f488b3a\" data-block-id=\"f488b3a\"><a aria-hidden=\"true\" role=\"button\" aria-expanded=\"true\" class=\"stk-link stk-button stk--hover-effect-darken\" href=\"#\"><span class=\"stk-button__inner-text\">Mostrar menos<\/span><\/a><\/div>\n<\/div><\/div>\n\n\n\n<p>O conte\u00fado enviado atrav\u00e9s do Correio, bem como a veracidade e autenticidade das informa\u00e7\u00f5es fornecidas ao Semasa, s\u00e3o de total responsabilidade da empresa que fez a solicita\u00e7\u00e3o do cadastramento.<\/p>\n\n\n\n<p>A falta de informa\u00e7\u00f5es, autentica\u00e7\u00e3o ou de algum item solicitado implica na recusa do cadastro da empresa solicitante.<\/p>\n\n\n\n<p>Semasa (Pr\u00e9dio Sede)<\/p>\n\n\n\n<p>Setor Cadastro \u2013 1\u00ba andar<\/p>\n\n\n\n<p>Avenida Jos\u00e9 Caballero, 143, Centro<\/p>\n\n\n\n<p>CEP 09040-210 \u2013 Santo Andr\u00e9-SP<\/p>\n\n\n\n<p>Telefone: (11) 4433-9011<\/p>\n","protected":false},"excerpt":{"rendered":"<p>Para integrar o Cadastro de Fornecedor do Semasa \u00e9 necess\u00e1rio entregar a documenta\u00e7\u00e3o e ficha cadastral exigida pela legisla\u00e7\u00e3o vigente. Este procedimento pode ser realizado por meio da ECT (Empresa Brasileira de Correio e Tel\u00e9grafos) ou pessoalmente, no pr\u00e9dio sede do Semasa, de segunda a sexta-feira, das 8 \u00e0s 17 horas. Preencha corretamente a ficha [&hellip;]<\/p>\n","protected":false},"author":28,"featured_media":0,"parent":51,"menu_order":0,"comment_status":"closed","ping_status":"closed","template":"","meta":{"footnotes":""},"class_list":["post-1644","page","type-page","status-publish","hentry"],"_links":{"self":[{"href":"https:\/\/portais.santoandre.sp.gov.br\/semasa\/wp-json\/wp\/v2\/pages\/1644","targetHints":{"allow":["GET"]}}],"collection":[{"href":"https:\/\/portais.santoandre.sp.gov.br\/semasa\/wp-json\/wp\/v2\/pages"}],"about":[{"href":"https:\/\/portais.santoandre.sp.gov.br\/semasa\/wp-json\/wp\/v2\/types\/page"}],"author":[{"embeddable":true,"href":"https:\/\/portais.santoandre.sp.gov.br\/semasa\/wp-json\/wp\/v2\/users\/28"}],"replies":[{"embeddable":true,"href":"https:\/\/portais.santoandre.sp.gov.br\/semasa\/wp-json\/wp\/v2\/comments?post=1644"}],"version-history":[{"count":4,"href":"https:\/\/portais.santoandre.sp.gov.br\/semasa\/wp-json\/wp\/v2\/pages\/1644\/revisions"}],"predecessor-version":[{"id":3624,"href":"https:\/\/portais.santoandre.sp.gov.br\/semasa\/wp-json\/wp\/v2\/pages\/1644\/revisions\/3624"}],"up":[{"embeddable":true,"href":"https:\/\/portais.santoandre.sp.gov.br\/semasa\/wp-json\/wp\/v2\/pages\/51"}],"wp:attachment":[{"href":"https:\/\/portais.santoandre.sp.gov.br\/semasa\/wp-json\/wp\/v2\/media?parent=1644"}],"curies":[{"name":"wp","href":"https:\/\/api.w.org\/{rel}","templated":true}]}}

<p>Para integrar o Cadastro de Fornecedor do Semasa é necessário entregar a documentação e ficha cadastral exigida pela legislação vigente. Este procedimento pode ser realizado por meio da ECT (Empresa Brasileira de Correio e Telégrafos) ou pessoalmente, no prédio sede do Semasa, de segunda a sexta-feira, das 8 às 17 horas.</p>



<p>Preencha corretamente a ficha cadastral, <a href="https://portais.santoandre.sp.gov.br/semasa/wp-content/uploads/sites/13/2025/04/CadastroFornecedorPB_21mar2025.doc" target="_blank" rel="noreferrer noopener">disponível neste link</a>, e entregue no setor de cadastro (pessoalmente ou através do correio) junto com a documentação exigida.</p>



<div class="wp-block-stackable-expand stk-block-expand stk-block stk-3f9bebb" data-block-id="3f9bebb"><div class="stk-inner-blocks stk-block-content">
<div class="wp-block-stackable-text stk-block-text stk-block stk-15a0351 stk-block-expand__short-text" aria-hidden="false" data-block-id="15a0351"><p class="stk-block-text__text"><strong><span style="color: #0693e3" class="stk-highlight">Clique abaixo  para verificar a lista de documentos:</span></strong></p></div>



<div class="wp-block-stackable-button stk-block-button is-style-link stk-block-expand__show-button stk-block stk-320edda" data-block-id="320edda"><a aria-hidden="false" role="button" aria-expanded="false" class="stk-link stk-button stk--hover-effect-darken" href="#"><span class="stk-button__inner-text">Mostrar mais</span></a></div>



<div class="wp-block-stackable-text stk-block-text stk-block stk-248b4f1 stk-block-expand__more-text" aria-hidden="true" data-block-id="248b4f1"><p class="stk-block-text__text"><strong>I.CAPACIDADE JURÍDICA</strong><br>1. Em se tratatando de sociedades empresariais ou simples, o ato constitutivo, estatuto ou contrato social em vigor, devidamente registrado na Junta Comercial ou no Cartório de Registro Civil de Pessoas Jurídicas, nos termos da lei e conforme o caso, e, ainda, no caso de sociedades por ações, acompanhado de documentos de eleição de seus administradores;<br>2. Os documento descritos no subitem 1 deverão ser acompanhados de todas as alterações ou da consolidação respectiva, conforme legislação em vigor.<br>3. Decreto de autorização e ato de registro ou autorização para funcionamento expedido pelo órgão competente, tratando-se de empresa ou sociedade estrangeira em funcionamento no País quando a atividade assim o exigir.<strong>II.CAPACIDADE TÉCNICA</strong><br>1. Registro ou inscrição na entidade profissional competente, apenas empresas de obras e serviços de engenharia.<br>2. Comprovação de aptidão para o desempenho de suas atividades mediante apresentação de atestados atualizados de desempenho anterior da empresa por pessoas públicas ou particulares, indicando local, natureza, volume, quantidade, prazos e outros dados pertinentes a obras ou serviços executados. Deverão ser expedidos em formulário timbrado (mínimo dois atestados).<br>Nas licitações poderão ser solicitados atestados específicos, pertinentes e compatíveis<br>com seu objeto, bem como indicação das instalações e do aparelhamento técnico adequado e disponível para a realização do objeto da licitação.<strong>III.IDONEIDADE FINANCEIRA&nbsp;</strong>1. Demonstrações contábeis do último exercício que comprovam a boa situação financeira da empresa, através de:<br>a) capital realizado;<br>b) Balanço Patrimonial e Demonstração Contábeis do último exercício social, já exigíveis e apresentados na forma da lei, que comprovem a boa situação financeira da empresa vedada a sua substituição por balancetes ou balanços provisórios, podendo ser atualizados por índices oficiais quando encerrados há mais de 3 (três) meses da data de apresentação da proposta;<br>c) Declaração de opção por tributação de Lucro Presumido, se for o caso;<br>d) em casos de Sociedade Anônima, Sociedades de Capital Aberto ou de Economia Mista, são válidos cópia do Balanço publicado em jornal de grande circulação;<br>e) a apresentação do Balanço Patrimonial é obrigatória mesmo para Micro-Empresas e Empresas que optaram por tributação pelo Lucro Presumido.2. Certidão Negativa de pedido de Falência e ou Recuperação Judicial, ou execução patrimonial expedida pelo distribuidor da sede da pessoa jurídica ou domicílio da pessoa física, no caso de profissional liberal.<strong>IV.REGULARIDADE FISCAL</strong><br>1. Prova de inscrição no Cadastro de Pessoas Físicas ou no Cadastro Geral de Contribuinte (CGC) ou no Cadastro Nacional de Pessoa Jurídica (CNPJ).<br>2. Prova de inscrição no Cadastro de Contribuinte Estadual e Municipal, se houver relativo ao domicílio ou sede do licitante, pertinente ao seu ramo de atividade e compatível com o objeto contratual.<br>3. Prova de regularidade relativa à Seguridade Social, demonstrando situação regular no cumprimento dos encargos sociais instituídos por lei (INSS e FGTS).<br>4. Prova de inexistência de Débitos Trabalhistas mediante a apresentação da CNDT – Certidão Negativa de Débito Trabalhista.<br>5. Prova de Quitação com a FAZENDA FEDERAL (Receita Federal e Dívida Ativa da União), ESTADUAL e MUNICIPAL, sendo a última na sede do interessado.<br><strong>OBSERVAÇÕES:</strong><br>1. Em cada licitação poderá ser exigida, ainda, a relação de compromissos assumidos pelo interessado, que importem diminuição de capacidade operativa ou absorção de disponibilidade financeira.<br>2. Os documentos referidos nos itens anteriores poderão ser apresentados em original, ou por qualquer processo de cópia AUTENTICADA ou publicação em imprensa oficial.<br>3. Poderão, ainda, ser exigidas provas de quitações outras, na forma da lei.<br>4. Entrega dos documentos e esclarecimentos no SEMASA.<br>– Av. José Caballero, 143 – 1º andar – Santo André – CEP: 09040-210 – Fone: (011) 4433-9624/9632 Cadastro.<br>SEMASA, JANEIRO/2012.<br>LEI FEDERAL nº 8.666/93 e alterações subsequentes.<br>Enquadramento em Categorias e Classes conforme regulamenta o Decreto 13.914/97, segundo análise da documentação referente à qualificação técnica e econômica das empresas.<br><strong>Classes</strong><br><strong>Capital Social Integralizado</strong><br><strong>Grupo 01</strong><br><strong>Acima de 1.542.019,59</strong><br><strong>Grupo 02</strong><br><strong>616.807,84 à 1.542.019,58</strong><br><strong>Grupo 03</strong><br><strong>154.201,95 à 616.807,83</strong><br><strong>Grupo 04</strong><br><strong>61.680,78 à 154.201,94</strong><br><strong>Grupo 05</strong><br><strong>15.420,19 à 61.680,77</strong><br><strong>Grupo 06</strong><br><strong>3.855,04 à 15.420,18</strong><br><strong>Grupo 07</strong><br><strong>Abaixo de 3.855,03</strong><br>Categorias conforme objeto social e atestados apresentados.<br>A – Empreiteira B – Fornecedor C – Prestação de Serviços</p></div>



<div class="wp-block-stackable-button stk-block-button is-style-link stk-block-expand__hide-button stk-block stk-f488b3a" data-block-id="f488b3a"><a aria-hidden="true" role="button" aria-expanded="true" class="stk-link stk-button stk--hover-effect-darken" href="#"><span class="stk-button__inner-text">Mostrar menos</span></a></div>
</div></div>



<p>O conteúdo enviado através do Correio, bem como a veracidade e autenticidade das informações fornecidas ao Semasa, são de total responsabilidade da empresa que fez a solicitação do cadastramento.</p>



<p>A falta de informações, autenticação ou de algum item solicitado implica na recusa do cadastro da empresa solicitante.</p>



<p>Semasa (Prédio Sede)</p>



<p>Setor Cadastro – 1º andar</p>



<p>Avenida José Caballero, 143, Centro</p>



<p>CEP 09040-210 – Santo André-SP</p>



<p>Telefone: (11) 4433-9011</p>

<p>Para integrar o Cadastro de Fornecedor do Semasa é necessário entregar a documentação e ficha cadastral exigida pela legislação vigente. Este procedimento pode ser realizado por meio da ECT (Empresa Brasileira de Correio e Telégrafos) ou pessoalmente, no prédio sede do Semasa, de segunda a sexta-feira, das 8 às 17 horas. Preencha corretamente a ficha [&hellip;]</p>
