{"id":163,"date":"2024-06-13T08:42:15","date_gmt":"2024-06-13T11:42:15","guid":{"rendered":"https:\/\/portais.santoandre.sp.gov.br\/semasa\/?page_id=163"},"modified":"2026-01-30T18:39:21","modified_gmt":"2026-01-30T21:39:21","slug":"animais-mortos","status":"publish","type":"page","link":"https:\/\/portais.santoandre.sp.gov.br\/semasa\/residuos\/residuos-infectantes-e-de-saude\/animais-mortos\/","title":{"rendered":"Animais mortos"},"content":{"rendered":"\n<h2 class=\"wp-block-heading\"><\/h2>\n\n\n\n<div class=\"wp-block-stackable-button-group stk-block-button-group stk-block stk-57851ac\" data-block-id=\"57851ac\"><div class=\"stk-row stk-inner-blocks stk-block-content stk-button-group\">\n<div class=\"wp-block-stackable-button stk-block-button stk-block stk-3fc00ee\" data-block-id=\"3fc00ee\"><style>.stk-3fc00ee .stk-button{background:#abb8c3 !important;}<\/style><a class=\"stk-link stk-button stk--hover-effect-darken\" href=\"https:\/\/portais.santoandre.sp.gov.br\/semasa\/residuos\/residuos-infectantes-e-de-saude\/\"><span class=\"stk--svg-wrapper\"><div class=\"stk--inner-svg\"><svg xmlns=\"http:\/\/www.w3.org\/2000\/svg\" viewBox=\"0 0 512 512\" aria-hidden=\"true\" width=\"32\" height=\"32\"><path d=\"M256 8C119.043 8 8 119.083 8 256c0 136.997 111.043 248 248 248s248-111.003 248-248C504 119.083 392.957 8 256 8zm0 110c23.196 0 42 18.804 42 42s-18.804 42-42 42-42-18.804-42-42 18.804-42 42-42zm56 254c0 6.627-5.373 12-12 12h-88c-6.627 0-12-5.373-12-12v-24c0-6.627 5.373-12 12-12h12v-64h-12c-6.627 0-12-5.373-12-12v-24c0-6.627 5.373-12 12-12h64c6.627 0 12 5.373 12 12v100h12c6.627 0 12 5.373 12 12v24z\" \/><\/svg><\/div><\/span><span class=\"stk-button__inner-text\">Voltar<\/span><\/a><\/div>\n<\/div><\/div>\n\n\n\n<p>Em Santo Andr\u00e9, o usu\u00e1rio pode solicitar ao Semasa o servi\u00e7o de coleta, transporte e disposi\u00e7\u00e3o final de cad\u00e1veres de animais, tanto em resid\u00eancias e cl\u00ednicas veterin\u00e1rias, quanto em vias p\u00fablicas.<\/p>\n\n\n\n<p>O servi\u00e7o dever\u00e1 ser solicitado atrav\u00e9s do telefone 0800-4848115&nbsp;ou on-line&nbsp;e o atendimento \u00e9 realizado em at\u00e9 1 dia \u00fatil, exceto aos domingos e nos feriados de Natal (25 de dezembro) e Ano Novo (1\u00ba de janeiro), pois o servi\u00e7o n\u00e3o est\u00e1 dispon\u00edvel.<\/p>\n\n\n\n<p>Os animais mortos recolhidos passam pelo mesmo processo de tratamento e destina\u00e7\u00e3o que os res\u00edduos de sa\u00fade e\/ou infectantes.<\/p>\n\n\n\n<p><strong>Valor da tarifa<\/strong> \u2013 Desde 1\u00ba\/7\/16 o Semasa passou a cobrar pela recolha e destina\u00e7\u00e3o final dos animais mortos, cuja tarifa varia de acordo com o porte. Veja na tabela abaixo:<\/p>\n\n\n<div class=\"wp-block-image\">\n<figure class=\"aligncenter size-full\"><img fetchpriority=\"high\" decoding=\"async\" width=\"502\" height=\"139\" src=\"https:\/\/portais.santoandre.sp.gov.br\/semasa\/wp-content\/uploads\/sites\/13\/2024\/06\/valores_animaismortos2016.jpg\" alt=\"\" class=\"wp-image-164\" srcset=\"https:\/\/portais.santoandre.sp.gov.br\/semasa\/wp-content\/uploads\/sites\/13\/2024\/06\/valores_animaismortos2016.jpg 502w, https:\/\/portais.santoandre.sp.gov.br\/semasa\/wp-content\/uploads\/sites\/13\/2024\/06\/valores_animaismortos2016-300x83.jpg 300w\" sizes=\"(max-width: 502px) 100vw, 502px\" \/><\/figure><\/div>\n\n\n<p><em>*FMP = Fator Monet\u00e1rio Padr\u00e3o. Para 2026, o valor da FMP \u00e9 de R$ 5,8138. Ou seja, para chegar ao valor cobrado pela remo\u00e7\u00e3o do animal morto, deve-se multiplicar o valor em FMPs pelo valor da FMP em reais.<\/em><\/p>\n\n\n\n<p><strong>OBS:<\/strong>&nbsp;As tarifas acima n\u00e3o se aplicam a cl\u00ednicas veterin\u00e1rias. Estabelecimentos de sa\u00fade, as cl\u00ednicas veterin\u00e1rias devem formalizar contrato de ades\u00e3o com o Semasa ou outro prestador de servi\u00e7o para coleta, tratamento e destina\u00e7\u00e3o final dos res\u00edduos que gera.&nbsp;<a href=\"https:\/\/portais.santoandre.sp.gov.br\/semasa\/residuos\/residuos-infectantes-e-de-saude\/\">Verifique aqui<\/a>.<\/p>\n","protected":false},"excerpt":{"rendered":"<p>Voltar Em Santo Andr\u00e9, o usu\u00e1rio pode solicitar ao Semasa o servi\u00e7o de coleta, transporte e disposi\u00e7\u00e3o final de cad\u00e1veres de animais, tanto em resid\u00eancias e cl\u00ednicas veterin\u00e1rias, quanto em vias p\u00fablicas. O servi\u00e7o dever\u00e1 ser solicitado atrav\u00e9s do telefone 0800-4848115&nbsp;ou on-line&nbsp;e o atendimento \u00e9 realizado em at\u00e9 1 dia \u00fatil, exceto aos domingos e [&hellip;]<\/p>\n","protected":false},"author":28,"featured_media":0,"parent":157,"menu_order":0,"comment_status":"closed","ping_status":"closed","template":"","meta":{"footnotes":""},"class_list":["post-163","page","type-page","status-publish","hentry"],"_links":{"self":[{"href":"https:\/\/portais.santoandre.sp.gov.br\/semasa\/wp-json\/wp\/v2\/pages\/163","targetHints":{"allow":["GET"]}}],"collection":[{"href":"https:\/\/portais.santoandre.sp.gov.br\/semasa\/wp-json\/wp\/v2\/pages"}],"about":[{"href":"https:\/\/portais.santoandre.sp.gov.br\/semasa\/wp-json\/wp\/v2\/types\/page"}],"author":[{"embeddable":true,"href":"https:\/\/portais.santoandre.sp.gov.br\/semasa\/wp-json\/wp\/v2\/users\/28"}],"replies":[{"embeddable":true,"href":"https:\/\/portais.santoandre.sp.gov.br\/semasa\/wp-json\/wp\/v2\/comments?post=163"}],"version-history":[{"count":3,"href":"https:\/\/portais.santoandre.sp.gov.br\/semasa\/wp-json\/wp\/v2\/pages\/163\/revisions"}],"predecessor-version":[{"id":6204,"href":"https:\/\/portais.santoandre.sp.gov.br\/semasa\/wp-json\/wp\/v2\/pages\/163\/revisions\/6204"}],"up":[{"embeddable":true,"href":"https:\/\/portais.santoandre.sp.gov.br\/semasa\/wp-json\/wp\/v2\/pages\/157"}],"wp:attachment":[{"href":"https:\/\/portais.santoandre.sp.gov.br\/semasa\/wp-json\/wp\/v2\/media?parent=163"}],"curies":[{"name":"wp","href":"https:\/\/api.w.org\/{rel}","templated":true}]}}