{"id":1616,"date":"2024-08-28T14:14:05","date_gmt":"2024-08-28T17:14:05","guid":{"rendered":"https:\/\/portais.santoandre.sp.gov.br\/semasa\/?page_id=1616"},"modified":"2024-08-28T14:46:14","modified_gmt":"2024-08-28T17:46:14","slug":"coleta-seletiva","status":"publish","type":"page","link":"https:\/\/portais.santoandre.sp.gov.br\/semasa\/coleta-seletiva\/","title":{"rendered":"Coleta Seletiva"},"content":{"rendered":"\n<p class=\"wp-block-paragraph\">Em Santo Andr\u00e9, a Coleta Seletiva come\u00e7ou a ser implementada em 1997, com os objetivos de aliviar o aterro sanit\u00e1rio, melhorar a qualidade de vida da popula\u00e7\u00e3o e gerar trabalho e renda \u00e0s cooperativas com a venda dos materiais recicl\u00e1veis. Desde 2000 a coleta seletiva acontece em toda a cidade, de porta em porta.<\/p>\n\n\n\n<figure class=\"wp-block-image size-full is-resized\"><img fetchpriority=\"high\" decoding=\"async\" width=\"300\" height=\"199\" src=\"https:\/\/portais.santoandre.sp.gov.br\/semasa\/wp-content\/uploads\/sites\/13\/2024\/08\/DSC_0104-300x199-1.jpg\" alt=\"\" class=\"wp-image-1617\" style=\"aspect-ratio:1.5075376884422111;object-fit:contain;width:593px;height:auto\" \/><\/figure>\n\n\n\n<p class=\"wp-block-paragraph\">Os res\u00edduos s\u00e3o separados pela pr\u00f3pria popula\u00e7\u00e3o em dois recipientes distintos: um para lixo \u00famido (lixo de cozinha, banheiro, por exemplo) e lixo seco\/recicl\u00e1vel (embalagens, pl\u00e1sticos, papel, alum\u00ednio, vidro, entre outros).<\/p>\n\n\n\n<p class=\"wp-block-paragraph\">Os res\u00edduos \u00famidos s\u00e3o coletados tr\u00eas vezes por semana e os res\u00edduos secos, uma vez por semana. Na regi\u00e3o central da cidade este servi\u00e7o \u00e9 executado de segunda a s\u00e1bado.\u00a0<a href=\"https:\/\/portais.santoandre.sp.gov.br\/semasa\/coleta-seletiva\/dias-e-horarios-de-coleta\/\" data-type=\"page\" data-id=\"1620\">Confira dia e hor\u00e1rio da coleta na sua regi\u00e3o<\/a>.<\/p>\n","protected":false},"excerpt":{"rendered":"<p>Em Santo Andr\u00e9, a Coleta Seletiva come\u00e7ou a ser implementada em 1997, com os objetivos de aliviar o aterro sanit\u00e1rio, melhorar a qualidade de vida da popula\u00e7\u00e3o e gerar trabalho e renda \u00e0s cooperativas com a venda dos materiais recicl\u00e1veis. Desde 2000 a coleta seletiva acontece em toda a cidade, de porta em porta. Os [&hellip;]<\/p>\n","protected":false},"author":60,"featured_media":0,"parent":0,"menu_order":0,"comment_status":"closed","ping_status":"closed","template":"","meta":{"footnotes":""},"class_list":["post-1616","page","type-page","status-publish","hentry"],"_links":{"self":[{"href":"https:\/\/portais.santoandre.sp.gov.br\/semasa\/wp-json\/wp\/v2\/pages\/1616","targetHints":{"allow":["GET"]}}],"collection":[{"href":"https:\/\/portais.santoandre.sp.gov.br\/semasa\/wp-json\/wp\/v2\/pages"}],"about":[{"href":"https:\/\/portais.santoandre.sp.gov.br\/semasa\/wp-json\/wp\/v2\/types\/page"}],"author":[{"embeddable":true,"href":"https:\/\/portais.santoandre.sp.gov.br\/semasa\/wp-json\/wp\/v2\/users\/60"}],"replies":[{"embeddable":true,"href":"https:\/\/portais.santoandre.sp.gov.br\/semasa\/wp-json\/wp\/v2\/comments?post=1616"}],"version-history":[{"count":2,"href":"https:\/\/portais.santoandre.sp.gov.br\/semasa\/wp-json\/wp\/v2\/pages\/1616\/revisions"}],"predecessor-version":[{"id":1623,"href":"https:\/\/portais.santoandre.sp.gov.br\/semasa\/wp-json\/wp\/v2\/pages\/1616\/revisions\/1623"}],"wp:attachment":[{"href":"https:\/\/portais.santoandre.sp.gov.br\/semasa\/wp-json\/wp\/v2\/media?parent=1616"}],"curies":[{"name":"wp","href":"https:\/\/api.w.org\/{rel}","templated":true}]}}

<p class="wp-block-paragraph">Em Santo André, a Coleta Seletiva começou a ser implementada em 1997, com os objetivos de aliviar o aterro sanitário, melhorar a qualidade de vida da população e gerar trabalho e renda às cooperativas com a venda dos materiais recicláveis. Desde 2000 a coleta seletiva acontece em toda a cidade, de porta em porta.</p>



<figure class="wp-block-image size-full is-resized"><img fetchpriority="high" decoding="async" width="300" height="199" src="https://portais.santoandre.sp.gov.br/semasa/wp-content/uploads/sites/13/2024/08/DSC_0104-300x199-1.jpg" alt="" class="wp-image-1617" style="aspect-ratio:1.5075376884422111;object-fit:contain;width:593px;height:auto" /></figure>



<p class="wp-block-paragraph">Os resíduos são separados pela própria população em dois recipientes distintos: um para lixo úmido (lixo de cozinha, banheiro, por exemplo) e lixo seco/reciclável (embalagens, plásticos, papel, alumínio, vidro, entre outros).</p>



<p class="wp-block-paragraph">Os resíduos úmidos são coletados três vezes por semana e os resíduos secos, uma vez por semana. Na região central da cidade este serviço é executado de segunda a sábado. <a href="https://portais.santoandre.sp.gov.br/semasa/coleta-seletiva/dias-e-horarios-de-coleta/" data-type="page" data-id="1620">Confira dia e horário da coleta na sua região</a>.</p>

<p>Em Santo André, a Coleta Seletiva começou a ser implementada em 1997, com os objetivos de aliviar o aterro sanitário, melhorar a qualidade de vida da população e gerar trabalho e renda às cooperativas com a venda dos materiais recicláveis. Desde 2000 a coleta seletiva acontece em toda a cidade, de porta em porta. Os [&hellip;]</p>
