{"id":1568,"date":"2024-08-28T11:33:37","date_gmt":"2024-08-28T14:33:37","guid":{"rendered":"https:\/\/portais.santoandre.sp.gov.br\/semasa\/?page_id=1568"},"modified":"2024-08-28T15:11:03","modified_gmt":"2024-08-28T18:11:03","slug":"cooperativas","status":"publish","type":"page","link":"https:\/\/portais.santoandre.sp.gov.br\/semasa\/residuos\/aterro-sanitario\/cooperativas\/","title":{"rendered":"Cooperativas"},"content":{"rendered":"\n<p>Duas cooperativas de reciclagem \u2013 Coopcicla e Coop Cidade Limpa \u2013 realizam a triagem e a comercializa\u00e7\u00e3o dos res\u00edduos recicl\u00e1veis coletados em Santo Andr\u00e9. Elas atuam na&nbsp;<a href=\"https:\/\/portais.santoandre.sp.gov.br\/semasa\/residuos\/aterro-sanitario\/central-de-triagem-de-residuos-reciclaveis\/\" data-type=\"page\" data-id=\"1585\">Central de Triagem de Res\u00edduos Recicl\u00e1veis<\/a>&nbsp;\u2013 Unidade S\u00e3o Jorge, que fica&nbsp;dentro do Aterro Municipal de Santo Andr\u00e9. Cada cooperativa possui seu pr\u00f3prio estatuto e trabalha com seus funcion\u00e1rios pr\u00f3prios.<\/p>\n\n\n\n<p>Voc\u00ea contribui diretamente com a renda dos cooperados ao participar da coleta seletiva e separar corretamente o tipo de res\u00edduo. Ainda \u00e9 comum a mistura do\u00a0<a href=\"https:\/\/portais.santoandre.sp.gov.br\/semasa\/coleta-seletiva\/\" data-type=\"page\" data-id=\"1616\">res\u00edduo seco<\/a>\u00a0com o\u00a0<a href=\"https:\/\/portais.santoandre.sp.gov.br\/semasa\/residuos\/aterro-sanitario\/cooperativas\/residuos-umidos\/\" data-type=\"page\" data-id=\"1625\">res\u00edduo\u00a0\u00famido<\/a>, o que contamina o res\u00edduo recicl\u00e1vel, n\u00e3o permitindo o seu\u00a0aproveitamento.<\/p>\n\n\n\n<p>Conhe\u00e7a abaixo um pouco mais sobre as cooperativas.<\/p>\n\n\n<div class=\"wp-block-image\">\n<figure class=\"alignleft size-large is-resized\"><img fetchpriority=\"high\" decoding=\"async\" width=\"1024\" height=\"681\" src=\"https:\/\/portais.santoandre.sp.gov.br\/semasa\/wp-content\/uploads\/sites\/13\/2024\/08\/0417-1024x681.jpg\" alt=\"\" class=\"wp-image-1569\" style=\"aspect-ratio:1.5036710719530102;width:547px;height:auto\" srcset=\"https:\/\/portais.santoandre.sp.gov.br\/semasa\/wp-content\/uploads\/sites\/13\/2024\/08\/0417-1024x681.jpg 1024w, https:\/\/portais.santoandre.sp.gov.br\/semasa\/wp-content\/uploads\/sites\/13\/2024\/08\/0417-300x200.jpg 300w, https:\/\/portais.santoandre.sp.gov.br\/semasa\/wp-content\/uploads\/sites\/13\/2024\/08\/0417-768x511.jpg 768w, https:\/\/portais.santoandre.sp.gov.br\/semasa\/wp-content\/uploads\/sites\/13\/2024\/08\/0417-1536x1022.jpg 1536w, https:\/\/portais.santoandre.sp.gov.br\/semasa\/wp-content\/uploads\/sites\/13\/2024\/08\/0417.jpg 2040w\" sizes=\"(max-width: 1024px) 100vw, 1024px\" \/><\/figure><\/div>\n\n\n<p><strong>Coopcicla<\/strong><\/p>\n\n\n\n<p>A Coopcicla (Cooperativa dos Agentes Aut\u00f4nomos de Reciclagem) foi fundada em 1999. Surgiu a partir da Incubadora de Cooperativas de Santo Andr\u00e9.<\/p>\n\n\n\n<p>Os cooperados trabalham na separa\u00e7\u00e3o de diversos materiais recicl\u00e1veis que s\u00e3o coletados por meio dos caminh\u00f5es e das esta\u00e7\u00f5es de coleta.<\/p>\n\n\n\n<p><strong>Cidade Limpa<\/strong><\/p>\n\n\n\n<p>A Coop Cidade Limpa foi criada em 2001. Conta com cooperados que est\u00e3o divididos entre as fun\u00e7\u00f5es administrativas, financeiras e de produ\u00e7\u00e3o. O lixo recebido \u00e9 separado por categorias como vidros, pl\u00e1sticos e papel, depois s\u00e3o compactados e encaminhados para a venda.<\/p>\n\n\n\n<figure class=\"wp-block-image size-large\"><img decoding=\"async\" width=\"1024\" height=\"681\" src=\"https:\/\/portais.santoandre.sp.gov.br\/semasa\/wp-content\/uploads\/sites\/13\/2024\/08\/0439-e1424721807197-1024x681.jpg\" alt=\"\" class=\"wp-image-1570\" srcset=\"https:\/\/portais.santoandre.sp.gov.br\/semasa\/wp-content\/uploads\/sites\/13\/2024\/08\/0439-e1424721807197-1024x681.jpg 1024w, https:\/\/portais.santoandre.sp.gov.br\/semasa\/wp-content\/uploads\/sites\/13\/2024\/08\/0439-e1424721807197-300x200.jpg 300w, https:\/\/portais.santoandre.sp.gov.br\/semasa\/wp-content\/uploads\/sites\/13\/2024\/08\/0439-e1424721807197-768x511.jpg 768w, https:\/\/portais.santoandre.sp.gov.br\/semasa\/wp-content\/uploads\/sites\/13\/2024\/08\/0439-e1424721807197-1536x1022.jpg 1536w, https:\/\/portais.santoandre.sp.gov.br\/semasa\/wp-content\/uploads\/sites\/13\/2024\/08\/0439-e1424721807197.jpg 2040w\" sizes=\"(max-width: 1024px) 100vw, 1024px\" \/><\/figure>\n","protected":false},"excerpt":{"rendered":"<p>Duas cooperativas de reciclagem \u2013 Coopcicla e Coop Cidade Limpa \u2013 realizam a triagem e a comercializa\u00e7\u00e3o dos res\u00edduos recicl\u00e1veis coletados em Santo Andr\u00e9. Elas atuam na&nbsp;Central de Triagem de Res\u00edduos Recicl\u00e1veis&nbsp;\u2013 Unidade S\u00e3o Jorge, que fica&nbsp;dentro do Aterro Municipal de Santo Andr\u00e9. Cada cooperativa possui seu pr\u00f3prio estatuto e trabalha com seus funcion\u00e1rios pr\u00f3prios. [&hellip;]<\/p>\n","protected":false},"author":28,"featured_media":0,"parent":301,"menu_order":0,"comment_status":"closed","ping_status":"closed","template":"","meta":{"footnotes":""},"class_list":["post-1568","page","type-page","status-publish","hentry"],"_links":{"self":[{"href":"https:\/\/portais.santoandre.sp.gov.br\/semasa\/wp-json\/wp\/v2\/pages\/1568","targetHints":{"allow":["GET"]}}],"collection":[{"href":"https:\/\/portais.santoandre.sp.gov.br\/semasa\/wp-json\/wp\/v2\/pages"}],"about":[{"href":"https:\/\/portais.santoandre.sp.gov.br\/semasa\/wp-json\/wp\/v2\/types\/page"}],"author":[{"embeddable":true,"href":"https:\/\/portais.santoandre.sp.gov.br\/semasa\/wp-json\/wp\/v2\/users\/28"}],"replies":[{"embeddable":true,"href":"https:\/\/portais.santoandre.sp.gov.br\/semasa\/wp-json\/wp\/v2\/comments?post=1568"}],"version-history":[{"count":4,"href":"https:\/\/portais.santoandre.sp.gov.br\/semasa\/wp-json\/wp\/v2\/pages\/1568\/revisions"}],"predecessor-version":[{"id":1630,"href":"https:\/\/portais.santoandre.sp.gov.br\/semasa\/wp-json\/wp\/v2\/pages\/1568\/revisions\/1630"}],"up":[{"embeddable":true,"href":"https:\/\/portais.santoandre.sp.gov.br\/semasa\/wp-json\/wp\/v2\/pages\/301"}],"wp:attachment":[{"href":"https:\/\/portais.santoandre.sp.gov.br\/semasa\/wp-json\/wp\/v2\/media?parent=1568"}],"curies":[{"name":"wp","href":"https:\/\/api.w.org\/{rel}","templated":true}]}}