{"id":1491,"date":"2024-08-27T15:02:05","date_gmt":"2024-08-27T18:02:05","guid":{"rendered":"https:\/\/portais.santoandre.sp.gov.br\/semasa\/?page_id=1491"},"modified":"2024-09-19T17:52:53","modified_gmt":"2024-09-19T20:52:53","slug":"fiscalizacao-em-lava-rapidos-oficinas-mecanicas-e-postos-de-servicos","status":"publish","type":"page","link":"https:\/\/portais.santoandre.sp.gov.br\/semasa\/gestao-ambiental\/fiscalizacao-ambiental\/fiscalizacao-em-lava-rapidos-oficinas-mecanicas-e-postos-de-servicos\/","title":{"rendered":"Lava-r\u00e1pidos e oficinas mec\u00e2nicas"},"content":{"rendered":"\n<div class=\"wp-block-stackable-button-group stk-block-button-group stk-block stk-107f6ae\" data-block-id=\"107f6ae\"><div class=\"stk-row stk-inner-blocks stk-block-content stk-button-group\">\n<div class=\"wp-block-stackable-button stk-block-button stk-block stk-2490abc\" data-block-id=\"2490abc\"><a class=\"stk-link stk-button stk--hover-effect-darken\" href=\"https:\/\/portais.santoandre.sp.gov.br\/semasa\/wp-content\/uploads\/sites\/13\/2024\/09\/MODELO_RELATORIO-DESCRITIVO-E-FOTOGRAFICO-LAVA-RAPIDO.docx\" target=\"_blank\" rel=\"noreferrer noopener\"><span class=\"stk-button__inner-text\">Modelo de relat\u00f3rio descritivo e fotogr\u00e1fico para lava-r\u00e1pidos<\/span><\/a><\/div>\n<\/div><\/div>\n\n\n\n<p><strong>Por que essas atividades s\u00e3o pass\u00edveis de fiscaliza\u00e7\u00e3o? <\/strong><\/p>\n\n\n\n<p>Porque essas atividades geram res\u00edduos perigosos, que s\u00e3o aqueles que oferecem riscos potenciais ao meio ambiente. Eles podem ser: inflam\u00e1veis, corrosivos, t\u00f3xicos, reativos, cancer\u00edgenos, teratog\u00eanicos (podem prejudicar fetos e embri\u00f5es) e mutag\u00eanicos (potencial para muta\u00e7\u00f5es gen\u00e9ticas).<\/p>\n\n\n\n<p>Para este tipo de fiscaliza\u00e7\u00e3o, o Semasa leva em considera\u00e7\u00e3o as seguintes legisla\u00e7\u00f5es:<\/p>\n\n\n\n<ul class=\"wp-block-list\">\n<li>Lei Municipal N\u00ba 9.924\/2016 &#8211; LUOPS<\/li>\n\n\n\n<li>Lei Municipal N\u00ba 7.733\/1998<\/li>\n\n\n\n<li>Decreto Municipal N\u00ba 14.300\/1999<\/li>\n\n\n\n<li>Decreto Municipal N\u00ba 14.555\/2000<\/li>\n\n\n\n<li>ABNT NBR N\u00ba 10.004.<\/li>\n<\/ul>\n\n\n\n<p><span style=\"color: #cf2e2e\" class=\"stk-highlight\"><strong>\u00c9 obrigat\u00f3rio a obten\u00e7\u00e3o de Cadri para destina\u00e7\u00e3o de \u00f3leo lubrificante?<\/strong><\/span><\/p>\n\n\n\n<p>O Cadri (Certificado de Movimenta\u00e7\u00e3o de Res\u00edduos de Interesse Ambiental) \u00e9 obrigat\u00f3rio para todos os tipos de res\u00edduos de interesse ambiental e os res\u00edduos de interesse s\u00e3o:<\/p>\n\n\n\n<p>\u2022&nbsp; &nbsp; &nbsp; Res\u00edduos industriais perigosos (<strong>classe I<\/strong>, segundo a Norma NBR 10004, da ABNT);<\/p>\n\n\n\n<p>\u2022&nbsp; &nbsp; &nbsp; Res\u00edduos apresentados na rela\u00e7\u00e3o abaixo:<\/p>\n\n\n\n<ul class=\"wp-block-list\">\n<li>Considerando os Sistemas de Log\u00edstica Reversa, institu\u00eddos no Estado de S\u00e3o Paulo por meio de Termos de Compromisso firmados pela SIMA\/CETESB com entidades (sindicatos e associa\u00e7\u00f5es), fica estabelecido que os geradores de res\u00edduos de significativo impacto ambiental, definidos na Resolu\u00e7\u00f5es SMA n\u00ba 45\/2015, ser\u00e3o dispensados da obten\u00e7\u00e3o de Cadri para entrega ou envio desses res\u00edduos aos respons\u00e1veis pela operacionaliza\u00e7\u00e3o do sistema de log\u00edstica reversa que possuam Termo de Compromisso v\u00e1lido. Caso o gerenciamento seja efetuado por empresa terceirizada, esta dever\u00e1 apresentar ao gerador, uma declara\u00e7\u00e3o da entidade\/empresa signat\u00e1ria do Termo de Compromisso, devendo esta declara\u00e7\u00e3o ficar arquivada juntamente com os comprovantes de destina\u00e7\u00e3o e ser apresentada \u00e0 CETESB, caso solicitado. Para verifica\u00e7\u00e3o das entidades\/empresas signat\u00e1rias de Termo de Compromisso consultar os <a href=\"https:\/\/cetesb.sp.gov.br\/logisticareversa\/fase-2-termos-de-compromisso-para-a-logistica-reversa-de-residuos-pos-consumo-2015-em-andamento\/\">termos de compromisso<\/a>.<\/li>\n<\/ul>\n","protected":false},"excerpt":{"rendered":"<p>Modelo de relat\u00f3rio descritivo e fotogr\u00e1fico para lava-r\u00e1pidos Por que essas atividades s\u00e3o pass\u00edveis de fiscaliza\u00e7\u00e3o? Porque essas atividades geram res\u00edduos perigosos, que s\u00e3o aqueles que oferecem riscos potenciais ao meio ambiente. Eles podem ser: inflam\u00e1veis, corrosivos, t\u00f3xicos, reativos, cancer\u00edgenos, teratog\u00eanicos (podem prejudicar fetos e embri\u00f5es) e mutag\u00eanicos (potencial para muta\u00e7\u00f5es gen\u00e9ticas). Para este tipo [&hellip;]<\/p>\n","protected":false},"author":28,"featured_media":0,"parent":1397,"menu_order":0,"comment_status":"closed","ping_status":"closed","template":"","meta":{"footnotes":""},"class_list":["post-1491","page","type-page","status-publish","hentry"],"_links":{"self":[{"href":"https:\/\/portais.santoandre.sp.gov.br\/semasa\/wp-json\/wp\/v2\/pages\/1491","targetHints":{"allow":["GET"]}}],"collection":[{"href":"https:\/\/portais.santoandre.sp.gov.br\/semasa\/wp-json\/wp\/v2\/pages"}],"about":[{"href":"https:\/\/portais.santoandre.sp.gov.br\/semasa\/wp-json\/wp\/v2\/types\/page"}],"author":[{"embeddable":true,"href":"https:\/\/portais.santoandre.sp.gov.br\/semasa\/wp-json\/wp\/v2\/users\/28"}],"replies":[{"embeddable":true,"href":"https:\/\/portais.santoandre.sp.gov.br\/semasa\/wp-json\/wp\/v2\/comments?post=1491"}],"version-history":[{"count":4,"href":"https:\/\/portais.santoandre.sp.gov.br\/semasa\/wp-json\/wp\/v2\/pages\/1491\/revisions"}],"predecessor-version":[{"id":2018,"href":"https:\/\/portais.santoandre.sp.gov.br\/semasa\/wp-json\/wp\/v2\/pages\/1491\/revisions\/2018"}],"up":[{"embeddable":true,"href":"https:\/\/portais.santoandre.sp.gov.br\/semasa\/wp-json\/wp\/v2\/pages\/1397"}],"wp:attachment":[{"href":"https:\/\/portais.santoandre.sp.gov.br\/semasa\/wp-json\/wp\/v2\/media?parent=1491"}],"curies":[{"name":"wp","href":"https:\/\/api.w.org\/{rel}","templated":true}]}}

Lava-rápidos e oficinas mecânicas

<div class="wp-block-stackable-button-group stk-block-button-group stk-block stk-107f6ae" data-block-id="107f6ae"><div class="stk-row stk-inner-blocks stk-block-content stk-button-group">
<div class="wp-block-stackable-button stk-block-button stk-block stk-2490abc" data-block-id="2490abc"><a class="stk-link stk-button stk--hover-effect-darken" href="https://portais.santoandre.sp.gov.br/semasa/wp-content/uploads/sites/13/2024/09/MODELO_RELATORIO-DESCRITIVO-E-FOTOGRAFICO-LAVA-RAPIDO.docx" target="_blank" rel="noreferrer noopener"><span class="stk-button__inner-text">Modelo de relatório descritivo e fotográfico para lava-rápidos</span></a></div>
</div></div>



<p><strong>Por que essas atividades são passíveis de fiscalização? </strong></p>



<p>Porque essas atividades geram resíduos perigosos, que são aqueles que oferecem riscos potenciais ao meio ambiente. Eles podem ser: inflamáveis, corrosivos, tóxicos, reativos, cancerígenos, teratogênicos (podem prejudicar fetos e embriões) e mutagênicos (potencial para mutações genéticas).</p>



<p>Para este tipo de fiscalização, o Semasa leva em consideração as seguintes legislações:</p>



<ul class="wp-block-list">
<li>Lei Municipal Nº 9.924/2016 &#8211; LUOPS</li>



<li>Lei Municipal Nº 7.733/1998</li>



<li>Decreto Municipal Nº 14.300/1999</li>



<li>Decreto Municipal Nº 14.555/2000</li>



<li>ABNT NBR Nº 10.004.</li>
</ul>



<p><span style="color: #cf2e2e" class="stk-highlight"><strong>É obrigatório a obtenção de Cadri para destinação de óleo lubrificante?</strong></span></p>



<p>O Cadri (Certificado de Movimentação de Resíduos de Interesse Ambiental) é obrigatório para todos os tipos de resíduos de interesse ambiental e os resíduos de interesse são:</p>



<p>•&nbsp; &nbsp; &nbsp; Resíduos industriais perigosos (<strong>classe I</strong>, segundo a Norma NBR 10004, da ABNT);</p>



<p>•&nbsp; &nbsp; &nbsp; Resíduos apresentados na relação abaixo:</p>



<ul class="wp-block-list">
<li>Considerando os Sistemas de Logística Reversa, instituídos no Estado de São Paulo por meio de Termos de Compromisso firmados pela SIMA/CETESB com entidades (sindicatos e associações), fica estabelecido que os geradores de resíduos de significativo impacto ambiental, definidos na Resoluções SMA nº 45/2015, serão dispensados da obtenção de Cadri para entrega ou envio desses resíduos aos responsáveis pela operacionalização do sistema de logística reversa que possuam Termo de Compromisso válido. Caso o gerenciamento seja efetuado por empresa terceirizada, esta deverá apresentar ao gerador, uma declaração da entidade/empresa signatária do Termo de Compromisso, devendo esta declaração ficar arquivada juntamente com os comprovantes de destinação e ser apresentada à CETESB, caso solicitado. Para verificação das entidades/empresas signatárias de Termo de Compromisso consultar os <a href="https://cetesb.sp.gov.br/logisticareversa/fase-2-termos-de-compromisso-para-a-logistica-reversa-de-residuos-pos-consumo-2015-em-andamento/">termos de compromisso</a>.</li>
</ul>

<p>Modelo de relatório descritivo e fotográfico para lava-rápidos Por que essas atividades são passíveis de fiscalização? Porque essas atividades geram resíduos perigosos, que são aqueles que oferecem riscos potenciais ao meio ambiente. Eles podem ser: inflamáveis, corrosivos, tóxicos, reativos, cancerígenos, teratogênicos (podem prejudicar fetos e embriões) e mutagênicos (potencial para mutações genéticas). Para este tipo [&hellip;]</p>
