{"id":1203,"date":"2024-08-20T17:10:54","date_gmt":"2024-08-20T20:10:54","guid":{"rendered":"https:\/\/portais.santoandre.sp.gov.br\/semasa\/?page_id=1203"},"modified":"2026-02-24T10:29:14","modified_gmt":"2026-02-24T13:29:14","slug":"conselho-gestor-do-parque-do-pedroso","status":"publish","type":"page","link":"https:\/\/portais.santoandre.sp.gov.br\/semasa\/gestao-ambiental\/parque-natural-do-pedroso\/conselho-gestor-do-parque-do-pedroso\/","title":{"rendered":"Conselho Gestor do Parque do Pedroso"},"content":{"rendered":"\n<p><strong><mark style=\"background-color:#fcb900\" class=\"has-inline-color has-black-color\">Elei\u00e7\u00f5es do Conselho Gestor &#8211; Bi\u00eanio 2026\/2027<\/mark><\/strong><\/p>\n\n\n\n<ul class=\"wp-block-list\">\n<li><a href=\"https:\/\/portais.santoandre.sp.gov.br\/semasa\/wp-content\/uploads\/sites\/13\/2025\/10\/Edital-01_2025-Conselho-Gestor-PNMP-Eleicoes-do-Conselho-Gestor-do-Parque-do-Pedroso-mandato-2026-2027.pdf\">Confira o edital completo para as elei\u00e7\u00f5es do bi\u00eanio 2026\/2027<\/a><\/li>\n\n\n\n<li><a href=\"https:\/\/forms.gle\/bYANj5mkNX2orNRXA\">Formul\u00e1rio de inscri\u00e7\u00e3o<\/a><\/li>\n<\/ul>\n\n\n\n<p><span style=\"color: #f00069\" class=\"stk-highlight\">Cronograma das elei\u00e7\u00f5es<\/span><\/p>\n\n\n\n<figure class=\"wp-block-table\"><table class=\"has-fixed-layout\"><tbody><tr><td>Inscri\u00e7\u00f5es<\/td><td>03\/11 a 05\/12\/2025<\/td><\/tr><tr><td>An\u00e1lise da Documenta\u00e7\u00e3o<\/td><td>08\/12 a 12\/12\/2025<\/td><\/tr><tr><td>Publica\u00e7\u00e3o Resultado da Habilita\u00e7\u00e3o<\/td><td>15\/12 e 16\/12\/2025<\/td><\/tr><tr><td>Prazo para Recursos<\/td><td>17 a 19\/12\/2025<\/td><\/tr><tr><td>Publica\u00e7\u00e3o Resultado dos Recursos<\/td><td>22 e 23\/12\/2025<\/td><\/tr><tr><td>Elei\u00e7\u00e3o<\/td><td>22\/01\/2026<\/td><\/tr><tr><td>Publica\u00e7\u00e3o Resultado da Elei\u00e7\u00e3o<\/td><td>26 e 27\/01\/2026<\/td><\/tr><tr><td>Posse do Conselho<\/td><td>26\/02\/2026<\/td><\/tr><\/tbody><\/table><\/figure>\n\n\n\n<div class=\"wp-block-stackable-separator alignfull stk-block-separator stk--no-padding stk-block stk-410dadc\" data-block-id=\"410dadc\"><div class=\"stk-block-separator__inner\"><svg xmlns=\"http:\/\/www.w3.org\/2000\/svg\" viewBox=\"0 0 1600 200\" class=\"stk-separator__layer-1\" preserveAspectRatio=\"none\" aria-hidden=\"true\"><path class=\"wave-1_svg__st2\" d=\"M1341.4 48.9c-182.4 0-254.2 80.4-429.4 80.4-117.8 0-209.7-67.5-393.5-67.5-142.2 0-212.6 38.8-324.6 38.8S-10 64.7-10 64.7V210h1620V102c-110.6-40.2-181-53.1-268.6-53.1z\"><\/path><\/svg><\/div><\/div>\n\n\n\n<p><strong>Resolu\u00e7\u00f5es<\/strong><\/p>\n\n\n\n<ul class=\"wp-block-list\">\n<li><a href=\"https:\/\/portais.santoandre.sp.gov.br\/semasa\/wp-content\/uploads\/sites\/13\/2026\/02\/RESOLUCAO-CONSELHO-GESTOR-DO-PNMP-01-2025_Dispoe-sobre-a-composicao-da-Comissao-Eleitoral-para-encaminhamento-das-eleicoes-do-bienio-2026-2027.pdf\" data-type=\"link\" data-id=\"https:\/\/portais.santoandre.sp.gov.br\/semasa\/wp-content\/uploads\/sites\/13\/2026\/02\/RESOLUCAO-CONSELHO-GESTOR-DO-PNMP-01-2025_Dispoe-sobre-a-composicao-da-Comissao-Eleitoral-para-encaminhamento-das-eleicoes-do-bienio-2026-2027.pdf\">RESOLU\u00c7\u00c3O CONSELHO GESTOR DO PNMP 01-2025<\/a> &#8211; Disp\u00f5e sobre a composi\u00e7\u00e3o da Comiss\u00e3o Eleitoral para encaminhamento das elei\u00e7\u00f5es do bi\u00eanio 2026-2027<\/li>\n<\/ul>\n\n\n\n<p><\/p>\n\n\n\n<p class=\"has-text-align-left\"><strong>Tenha acesso aos informes, avisos e reuni\u00f5es do Conselho Gestor do Parque do Pedroso<\/strong><\/p>\n\n\n\n<ul class=\"wp-block-list\">\n<li><a href=\"https:\/\/portais.santoandre.sp.gov.br\/semasa\/wp-content\/uploads\/sites\/13\/2025\/08\/Convocatoria-15.08.2025-3a-Reuniao-Ordinaria.pdf\" data-type=\"link\" data-id=\"https:\/\/portais.santoandre.sp.gov.br\/semasa\/wp-content\/uploads\/sites\/13\/2025\/08\/Convocatoria-15.08.2025-3a-Reuniao-Ordinaria.pdf\" target=\"_blank\" rel=\"noreferrer noopener\">Convocat\u00f3ria para a 3\u00aa Reuni\u00e3o Ordin\u00e1ria do Bi\u00eanio 2024-2025 (15.08.2025)<\/a><\/li>\n\n\n\n<li><a href=\"https:\/\/portais.santoandre.sp.gov.br\/semasa\/wp-content\/uploads\/sites\/13\/2025\/08\/Composicao-Conselho-Gestor-do-PNMP-Bienio-2024-2025-Atualizada-em-14.08.2025.pdf\" data-type=\"link\" data-id=\"https:\/\/portais.santoandre.sp.gov.br\/semasa\/wp-content\/uploads\/sites\/13\/2025\/08\/Composicao-Conselho-Gestor-do-PNMP-Bienio-2024-2025-Atualizada-em-14.08.2025.pdf\" target=\"_blank\" rel=\"noreferrer noopener\">Composi\u00e7\u00e3o &#8211; Conselho Gestor do PNMP (Bi\u00eanio 2024-2025) &#8211; Atualizada em 14.08.2025<\/a><\/li>\n\n\n\n<li><a href=\"https:\/\/portais.santoandre.sp.gov.br\/semasa\/wp-content\/uploads\/sites\/13\/2024\/08\/Representantes-Conselho-Gestor-do-PNMP-Bienio-2024-2025.pdf\">Composi\u00e7\u00e3o do Conselho Gestor do PNMP \u2013 Representantes da Sociedade Civil e do Poder P\u00fablico&nbsp;| Bi\u00eanio 2024\/2025<\/a><\/li>\n\n\n\n<li><a href=\"https:\/\/portais.santoandre.sp.gov.br\/semasa\/wp-content\/uploads\/sites\/13\/2024\/08\/Regimento-Interno-Conselho-Gestor-Pedroso-20.10.2022.pdf\">Regimento Interno Conselho Gestor Pedroso \u2013 20.10.2022<\/a><\/li>\n<\/ul>\n\n\n\n<p><strong>Atas das reuni\u00f5es<\/strong><\/p>\n\n\n\n<p>2025<\/p>\n\n\n\n<ul class=\"wp-block-list\">\n<li><a href=\"https:\/\/portais.santoandre.sp.gov.br\/semasa\/wp-content\/uploads\/sites\/13\/2025\/08\/Memoria-de-Reuniao-1a-Ordinaria-17.04.2025.pdf\" data-type=\"link\" data-id=\"https:\/\/portais.santoandre.sp.gov.br\/semasa\/wp-content\/uploads\/sites\/13\/2025\/08\/Memoria-de-Reuniao-1a-Ordinaria-17.04.2025.pdf\" target=\"_blank\" rel=\"noreferrer noopener\">Mem\u00f3ria de Reuni\u00e3o &#8211; 1\u00aa Ordin\u00e1ria (17.04.2025)<\/a><\/li>\n\n\n\n<li><a href=\"https:\/\/portais.santoandre.sp.gov.br\/semasa\/wp-content\/uploads\/sites\/13\/2025\/08\/Memoria-de-Reuniao-2a-Ordinaria-03.07.2025.pdf\" data-type=\"link\" data-id=\"https:\/\/portais.santoandre.sp.gov.br\/semasa\/wp-content\/uploads\/sites\/13\/2025\/08\/Memoria-de-Reuniao-2a-Ordinaria-03.07.2025.pdf\" target=\"_blank\" rel=\"noreferrer noopener\">Mem\u00f3ria de Reuni\u00e3o &#8211; 2\u00aa Ordin\u00e1ria (03.07.2025)<\/a><\/li>\n\n\n\n<li><a href=\"https:\/\/portais.santoandre.sp.gov.br\/semasa\/wp-content\/uploads\/sites\/13\/2025\/08\/Memoria-de-Reuniao-6a-Ordinaria-13.02.2025.pdf\" data-type=\"link\" data-id=\"https:\/\/portais.santoandre.sp.gov.br\/semasa\/wp-content\/uploads\/sites\/13\/2025\/08\/Memoria-de-Reuniao-6a-Ordinaria-13.02.2025.pdf\" target=\"_blank\" rel=\"noreferrer noopener\">Mem\u00f3ria de Reuni\u00e3o &#8211; 6\u00aa Ordin\u00e1ria (13.02.2025)<\/a><\/li>\n<\/ul>\n\n\n\n<p>2024<\/p>\n\n\n\n<ul class=\"wp-block-list\">\n<li><a href=\"https:\/\/portais.santoandre.sp.gov.br\/semasa\/wp-content\/uploads\/sites\/13\/2024\/08\/Memoria-01-1a-Reuniao-Ordinaria-22.02.2024.pdf\">Mem\u00f3ria 1\u00aa Reuni\u00e3o Ordin\u00e1ria \u2013 22.02.2024<\/a><\/li>\n\n\n\n<li><a href=\"https:\/\/portais.santoandre.sp.gov.br\/semasa\/wp-content\/uploads\/sites\/13\/2024\/08\/Memoria-de-Reuniao-1a-Extraordinaria-16.05.2024.pdf\">Mem\u00f3ria 1\u00aa Reuni\u00e3o Extraordin\u00e1ria &#8211; 16.05.2024<\/a><\/li>\n\n\n\n<li><a href=\"https:\/\/portais.santoandre.sp.gov.br\/semasa\/wp-content\/uploads\/sites\/13\/2024\/10\/Memoria-de-Reuniao-3a-Ordinaria-13.06.2024.pdf\">Mem\u00f3ria 3\u00aa Reuni\u00e3o Ordin\u00e1ria &#8211; 13.06.2024<\/a><\/li>\n\n\n\n<li><a href=\"https:\/\/portais.santoandre.sp.gov.br\/semasa\/wp-content\/uploads\/sites\/13\/2024\/10\/Memoria-de-Reuniao-4a-Ordinaria-08.08.2024.pdf\">Mem\u00f3ria da 4\u00aa Reuni\u00e3o Ordin\u00e1ria &#8211; 08.08.2024<\/a><\/li>\n\n\n\n<li><a href=\"https:\/\/portais.santoandre.sp.gov.br\/semasa\/wp-content\/uploads\/sites\/13\/2025\/01\/Memoria-de-Reuniao-5a-Ordinaria-17.10.2024.pdf\" target=\"_blank\" rel=\"noreferrer noopener\">Mem\u00f3ria da 5\u00aa Reuni\u00e3o Ordin\u00e1ria &#8211; 17.10.2024<\/a><\/li>\n<\/ul>\n\n\n\n<p>2023<\/p>\n\n\n\n<ul class=\"wp-block-list\">\n<li><a href=\"https:\/\/portais.santoandre.sp.gov.br\/semasa\/wp-content\/uploads\/sites\/13\/2024\/08\/Memoria-01-1a-Reuniao-Ordinaria-15.02.2023.pdf\">Mem\u00f3ria \u2013 1\u00aa Reuni\u00e3o Ordin\u00e1ria \u2013 15.02.2023<\/a><\/li>\n\n\n\n<li><a href=\"https:\/\/portais.santoandre.sp.gov.br\/semasa\/wp-content\/uploads\/sites\/13\/2024\/08\/Memoria-02-2a-Reuniao-Ordinaria-13.04.2023.pdf\">Mem\u00f3ria \u2013 2\u00aa Reuni\u00e3o Ordin\u00e1ria \u2013 13.04.2023<\/a><\/li>\n\n\n\n<li><a href=\"https:\/\/portais.santoandre.sp.gov.br\/semasa\/wp-content\/uploads\/sites\/13\/2024\/08\/Memoria-03-3a-Reuniao-Ordinaria-07.06.2023.pdf\">Mem\u00f3ria \u2013 3\u00aa Reuni\u00e3o Ordin\u00e1ria \u2013 07.06.2023<\/a><\/li>\n\n\n\n<li><a href=\"https:\/\/portais.santoandre.sp.gov.br\/semasa\/wp-content\/uploads\/sites\/13\/2024\/08\/Memoria-04-4a-Reuniao-Ordinaria-10.08.2023.pdf\">Mem\u00f3ria \u2013 4\u00aa Reuni\u00e3o Ordin\u00e1ria \u2013 10.08.202<\/a><\/li>\n\n\n\n<li><a href=\"https:\/\/portais.santoandre.sp.gov.br\/semasa\/wp-content\/uploads\/sites\/13\/2024\/08\/Memoria-05-5a-Reuniao-Ordinaria-19.10.2023.pdf\">Mem\u00f3ria \u2013 5\u00aa Reuni\u00e3o Ordin\u00e1ria \u2013 19.10.2023<\/a><\/li>\n\n\n\n<li><a href=\"https:\/\/portais.santoandre.sp.gov.br\/semasa\/wp-content\/uploads\/sites\/13\/2024\/08\/Memoria-06-6a-Reuniao-Ordinaria-14.12.2023.pdf\">Mem\u00f3ria \u2013 6\u00aa Reuni\u00e3o Ordin\u00e1ria \u2013 14.12.2023<\/a><\/li>\n<\/ul>\n\n\n\n<p>2022<\/p>\n\n\n\n<ul class=\"wp-block-list\">\n<li><a href=\"https:\/\/portais.santoandre.sp.gov.br\/semasa\/wp-content\/uploads\/sites\/13\/2024\/08\/Memoria-01-12.05.2022-1a-Ordinaria.pdf\">Mem\u00f3ria 01 \u2013 12.05.2022 (1\u00aa Ordin\u00e1ria)<\/a><\/li>\n\n\n\n<li><a href=\"https:\/\/portais.santoandre.sp.gov.br\/semasa\/wp-content\/uploads\/sites\/13\/2024\/08\/Memoria-02-2a-Reuniao-Ordinaria-11.08.2022-1.pdf\">Mem\u00f3ria 02 \u2013 11.08.2022 (2\u00aa Ordin\u00e1ria)<\/a><\/li>\n\n\n\n<li><a href=\"https:\/\/portais.santoandre.sp.gov.br\/semasa\/wp-content\/uploads\/sites\/13\/2024\/08\/Memoria-03-1a-Reuniao-Extraodinaria-08.11.2022.pdf\">Mem\u00f3ria 03 \u2013 08.11.2022 (1\u00aa Extraordin\u00e1ria)<\/a><\/li>\n\n\n\n<li><a href=\"https:\/\/portais.santoandre.sp.gov.br\/semasa\/wp-content\/uploads\/sites\/13\/2024\/08\/Memoria-04-3a-Reuniao-Ordinaria-20.10.2022-1.pdf\">Mem\u00f3ria 04 \u2013 20.10.2022 (3\u00aa reuni\u00e3o ordin\u00e1ria)<\/a><\/li>\n\n\n\n<li><a href=\"https:\/\/portais.santoandre.sp.gov.br\/semasa\/wp-content\/uploads\/sites\/13\/2024\/08\/Memoria-05-4a-Reuniao-Ordinaria-12.12.2022.pdf\">Mem\u00f3ria 05 \u2013 12.12.2022 (4\u00aa Ordin\u00e1ria)<\/a><\/li>\n<\/ul>\n\n\n\n<p><strong>Resolu\u00e7\u00f5es<\/strong><\/p>\n\n\n\n<ul class=\"wp-block-list\">\n<li><a href=\"https:\/\/portais.santoandre.sp.gov.br\/semasa\/wp-content\/uploads\/sites\/13\/2024\/08\/RESOLUCAO-CONSELHO-GESTOR-DO-PNMP-01-2023_Dispoe-sobre-a-composicao-da-Comissao-Eleitoral-para-encaminhamento-das-eleicoes-do-bienio-2024-2025.pdf\">RESOLU\u00c7\u00c3O CONSELHO GESTOR DO PNMP 01-2023_Disp\u00f5e sobre a composi\u00e7\u00e3o da Comiss\u00e3o Eleitoral para encaminhamento das elei\u00e7\u00f5es do bi\u00eanio 2024-2025<\/a><\/li>\n\n\n\n<li><a href=\"https:\/\/www.semasa.sp.gov.br\/wp-content\/uploads\/2023\/10\/RESOLUCAO-CONSELHO-GESTOR-DO-PNMP-02-2023_Dispoe-sobre-a-aprovacao-do-Edital-de-convocacao-para-as-eleicoes-do-bienio-2024-2025-do-Conselho-Gestor-do-PNMP.pdf\">RESOLU\u00c7\u00c3O CONSELHO GESTOR DO PNMP 02-2023_Disp\u00f5e sobre a aprova\u00e7\u00e3o do Edital de convoca\u00e7\u00e3o para as elei\u00e7\u00f5es do bi\u00eanio 2024-2025 do Conselho Gestor do PNMP<\/a><\/li>\n\n\n\n<li><a href=\"https:\/\/portais.santoandre.sp.gov.br\/semasa\/wp-content\/uploads\/sites\/13\/2024\/08\/RESOLUCAO-CONSELHO-GESTOR-DO-PNMP-01-2022_Dispoe-sobre-a-aprovacao-do-Regimento-Interno.pdf\">RESOLU\u00c7\u00c3O CONSELHO GESTOR DO PNMP 01-2022_Disp\u00f5e sobre a aprova\u00e7\u00e3o do Regimento Interno<\/a><\/li>\n<\/ul>\n\n\n\n<p><\/p>\n","protected":false},"excerpt":{"rendered":"<p>Elei\u00e7\u00f5es do Conselho Gestor &#8211; Bi\u00eanio 2026\/2027 Cronograma das elei\u00e7\u00f5es Inscri\u00e7\u00f5es 03\/11 a 05\/12\/2025 An\u00e1lise da Documenta\u00e7\u00e3o 08\/12 a 12\/12\/2025 Publica\u00e7\u00e3o Resultado da Habilita\u00e7\u00e3o 15\/12 e 16\/12\/2025 Prazo para Recursos 17 a 19\/12\/2025 Publica\u00e7\u00e3o Resultado dos Recursos 22 e 23\/12\/2025 Elei\u00e7\u00e3o 22\/01\/2026 Publica\u00e7\u00e3o Resultado da Elei\u00e7\u00e3o 26 e 27\/01\/2026 Posse do Conselho 26\/02\/2026 Resolu\u00e7\u00f5es Tenha [&hellip;]<\/p>\n","protected":false},"author":28,"featured_media":0,"parent":942,"menu_order":0,"comment_status":"closed","ping_status":"closed","template":"","meta":{"footnotes":""},"class_list":["post-1203","page","type-page","status-publish","hentry"],"_links":{"self":[{"href":"https:\/\/portais.santoandre.sp.gov.br\/semasa\/wp-json\/wp\/v2\/pages\/1203","targetHints":{"allow":["GET"]}}],"collection":[{"href":"https:\/\/portais.santoandre.sp.gov.br\/semasa\/wp-json\/wp\/v2\/pages"}],"about":[{"href":"https:\/\/portais.santoandre.sp.gov.br\/semasa\/wp-json\/wp\/v2\/types\/page"}],"author":[{"embeddable":true,"href":"https:\/\/portais.santoandre.sp.gov.br\/semasa\/wp-json\/wp\/v2\/users\/28"}],"replies":[{"embeddable":true,"href":"https:\/\/portais.santoandre.sp.gov.br\/semasa\/wp-json\/wp\/v2\/comments?post=1203"}],"version-history":[{"count":36,"href":"https:\/\/portais.santoandre.sp.gov.br\/semasa\/wp-json\/wp\/v2\/pages\/1203\/revisions"}],"predecessor-version":[{"id":6358,"href":"https:\/\/portais.santoandre.sp.gov.br\/semasa\/wp-json\/wp\/v2\/pages\/1203\/revisions\/6358"}],"up":[{"embeddable":true,"href":"https:\/\/portais.santoandre.sp.gov.br\/semasa\/wp-json\/wp\/v2\/pages\/942"}],"wp:attachment":[{"href":"https:\/\/portais.santoandre.sp.gov.br\/semasa\/wp-json\/wp\/v2\/media?parent=1203"}],"curies":[{"name":"wp","href":"https:\/\/api.w.org\/{rel}","templated":true}]}}