{"id":1192,"date":"2024-08-20T16:56:33","date_gmt":"2024-08-20T19:56:33","guid":{"rendered":"https:\/\/portais.santoandre.sp.gov.br\/semasa\/?page_id=1192"},"modified":"2025-11-10T08:48:16","modified_gmt":"2025-11-10T11:48:16","slug":"infraestrutura","status":"publish","type":"page","link":"https:\/\/portais.santoandre.sp.gov.br\/semasa\/gestao-ambiental\/parque-natural-do-pedroso\/infraestrutura\/","title":{"rendered":"Infraestrutura e visita\u00e7\u00e3o"},"content":{"rendered":"\n<p>O Parque do Pedroso fica na Estrada do Pedroso, 3.000, bairro Parque do Pedroso.<\/p>\n\n\n\n<p>Funciona diariamente das 7h \u00e0s 17h e o acesso ao parque \u00e9 gratuito.<\/p>\n\n\n\n<p>O Parque Natural do Pedroso conta atualmente com:<\/p>\n\n\n\n<ul class=\"wp-block-list\">\n<li>2 campos de futebol, sendo um de tamanho oficial e um so\u00e7aite<\/li>\n\n\n\n<li>Quadras poliesportivas, incluindo para pr\u00e1tica de esportes de areia (<em>beach<\/em> t\u00eanis e <em>beach<\/em> v\u00f4lei)<\/li>\n\n\n\n<li>Sanit\u00e1rios<\/li>\n\n\n\n<li>36 churrasqueiras<\/li>\n\n\n\n<li>Ciclovia<\/li>\n\n\n\n<li>Playground, incluindo brinquedos adaptados para crian\u00e7as com defici\u00eancia<\/li>\n\n\n\n<li>Pedalinho (funciona aos s\u00e1bados domingos e feriados, das 9h \u00e0s 17h) &#8211; <span style=\"color: #9b51e0\" class=\"stk-highlight\">Atra\u00e7\u00e3o paga<\/span><\/li>\n\n\n\n<li>\u00c1rea de eventos<\/li>\n\n\n\n<li>Trilhas monitoradas (apenas com agendamento pr\u00e9vio)<\/li>\n\n\n\n<li>Pra\u00e7a de alimenta\u00e7\u00e3o (funciona aos s\u00e1bados, domingos e feriados &#8211; das 10h \u00e0s 17h)<\/li>\n\n\n\n<li>Estacionamento<\/li>\n<\/ul>\n\n\n<div class=\"wp-block-image\">\n<figure class=\"aligncenter size-large is-resized\"><img fetchpriority=\"high\" decoding=\"async\" width=\"1024\" height=\"682\" src=\"https:\/\/portais.santoandre.sp.gov.br\/semasa\/wp-content\/uploads\/sites\/13\/2024\/08\/Domingo-no-Pedroso-Semasa-1-1024x682.jpeg\" alt=\"\" class=\"wp-image-1193\" style=\"aspect-ratio:1.501466275659824;width:706px;height:auto\" srcset=\"https:\/\/portais.santoandre.sp.gov.br\/semasa\/wp-content\/uploads\/sites\/13\/2024\/08\/Domingo-no-Pedroso-Semasa-1-1024x682.jpeg 1024w, https:\/\/portais.santoandre.sp.gov.br\/semasa\/wp-content\/uploads\/sites\/13\/2024\/08\/Domingo-no-Pedroso-Semasa-1-300x200.jpeg 300w, https:\/\/portais.santoandre.sp.gov.br\/semasa\/wp-content\/uploads\/sites\/13\/2024\/08\/Domingo-no-Pedroso-Semasa-1-768x512.jpeg 768w, https:\/\/portais.santoandre.sp.gov.br\/semasa\/wp-content\/uploads\/sites\/13\/2024\/08\/Domingo-no-Pedroso-Semasa-1.jpeg 1280w\" sizes=\"(max-width: 1024px) 100vw, 1024px\" \/><\/figure><\/div>\n\n\n<p>Na \u00e1rea que margeia o lago, encontram-se espa\u00e7os de muita beleza c\u00eanica e contempla\u00e7\u00e3o, com grande potencial de visita\u00e7\u00e3o e lazer em condi\u00e7\u00e3o de seguran\u00e7a para a popula\u00e7\u00e3o. Dos cerca de 8,4 milh\u00f5es de m2 de \u00e1rea total que s\u00e3o preservados pelo governo municipal, 170 mil m2 constituem a \u00e1rea de uso intensivo, destinada a suprir a demanda dos usu\u00e1rios por \u00e1reas de lazer, equipamentos esportivos e mobili\u00e1rios, visando a requalifica\u00e7\u00e3o e recupera\u00e7\u00e3o paisag\u00edstica.<\/p>\n","protected":false},"excerpt":{"rendered":"<p>O Parque do Pedroso fica na Estrada do Pedroso, 3.000, bairro Parque do Pedroso. Funciona diariamente das 7h \u00e0s 17h e o acesso ao parque \u00e9 gratuito. O Parque Natural do Pedroso conta atualmente com: Na \u00e1rea que margeia o lago, encontram-se espa\u00e7os de muita beleza c\u00eanica e contempla\u00e7\u00e3o, com grande potencial de visita\u00e7\u00e3o e [&hellip;]<\/p>\n","protected":false},"author":28,"featured_media":0,"parent":942,"menu_order":0,"comment_status":"closed","ping_status":"closed","template":"","meta":{"footnotes":""},"class_list":["post-1192","page","type-page","status-publish","hentry"],"_links":{"self":[{"href":"https:\/\/portais.santoandre.sp.gov.br\/semasa\/wp-json\/wp\/v2\/pages\/1192","targetHints":{"allow":["GET"]}}],"collection":[{"href":"https:\/\/portais.santoandre.sp.gov.br\/semasa\/wp-json\/wp\/v2\/pages"}],"about":[{"href":"https:\/\/portais.santoandre.sp.gov.br\/semasa\/wp-json\/wp\/v2\/types\/page"}],"author":[{"embeddable":true,"href":"https:\/\/portais.santoandre.sp.gov.br\/semasa\/wp-json\/wp\/v2\/users\/28"}],"replies":[{"embeddable":true,"href":"https:\/\/portais.santoandre.sp.gov.br\/semasa\/wp-json\/wp\/v2\/comments?post=1192"}],"version-history":[{"count":6,"href":"https:\/\/portais.santoandre.sp.gov.br\/semasa\/wp-json\/wp\/v2\/pages\/1192\/revisions"}],"predecessor-version":[{"id":5418,"href":"https:\/\/portais.santoandre.sp.gov.br\/semasa\/wp-json\/wp\/v2\/pages\/1192\/revisions\/5418"}],"up":[{"embeddable":true,"href":"https:\/\/portais.santoandre.sp.gov.br\/semasa\/wp-json\/wp\/v2\/pages\/942"}],"wp:attachment":[{"href":"https:\/\/portais.santoandre.sp.gov.br\/semasa\/wp-json\/wp\/v2\/media?parent=1192"}],"curies":[{"name":"wp","href":"https:\/\/api.w.org\/{rel}","templated":true}]}}