{"id":368,"date":"2025-03-31T09:10:11","date_gmt":"2025-03-31T12:10:11","guid":{"rendered":"https:\/\/portais.santoandre.sp.gov.br\/saude\/?page_id=368"},"modified":"2025-03-31T09:11:37","modified_gmt":"2025-03-31T12:11:37","slug":"saude-bucal","status":"publish","type":"page","link":"https:\/\/portais.santoandre.sp.gov.br\/saude\/saude-bucal\/","title":{"rendered":"Sa\u00fade Bucal"},"content":{"rendered":"\n<p>Com o objetivo de promover a sa\u00fade bucal na nossa cidade, este programa desenvolve as seguintes a\u00e7\u00f5es:<\/p>\n\n\n\n<ul class=\"wp-block-list\">\n<li>Vigil\u00e2ncia Sanit\u00e1ria do fl\u00faor na \u00e1gua de abastecimento \u2013 Santo Andr\u00e9 possui \u00e1gua fluoretada desde 1985 e com isto estimamos 60% de redu\u00e7\u00e3o na incid\u00eancia de c\u00e1rie conforme levantamentos recentes;<\/li>\n\n\n\n<li>Programa de Educa\u00e7\u00e3o e Preven\u00e7\u00e3o em Escolares \u2013 a\u00e7\u00f5es educativas, preventivas e levantamento das necessidades de tratamento nas escolas, encaminhando para as unidades de sa\u00fade, crian\u00e7as de EMEIFs, Creches e EEPGs;<\/li>\n\n\n\n<li>Grupos educativos e preventivos nas unidades de sa\u00fade com gestantes, beb\u00eas e outros grupos;<\/li>\n\n\n\n<li>Atendimento individual \u2013 odontologia b\u00e1sica (cir\u00fargico-restaurador) nas unidades de sa\u00fade;<\/li>\n\n\n\n<li>Atendimento de Urg\u00eancia 24h no Centro Hospitalar;<\/li>\n\n\n\n<li>Consultas de Especializadas no CEO \u2013 Centro de Especialidades Odontol\u00f3gicas (Rua Campos Sales, 607 &#8211; Centro): endodontia, periodontia, semiologia, cirurgia e atendimento a pacientes com necessidades especiais;<\/li>\n\n\n\n<li>Cirurgia e Traumatologia Buco Maxilo Facial 24h no Centro Hospitalar<\/li>\n<\/ul>\n\n\n\n<p><strong>Campanha de Preven\u00e7\u00e3o e Diagn\u00f3stico Precoce do C\u00e2ncer Bucal<\/strong><\/p>\n\n\n\n<p>Preocupados com os n\u00fameros alarmantes de incid\u00eancia do c\u00e2ncer bucal no Brasil, iniciamos em 2001 esta campanha de conscientiza\u00e7\u00e3o e preven\u00e7\u00e3o do c\u00e2ncer bucal, que se repete anualmente, geralmente em outubro.<\/p>\n\n\n\n<p>Os exames s\u00e3o realizados em um s\u00e1bado, em tendas montadas em pontos estrat\u00e9gicos da cidade onde transitam um grande n\u00famero de pessoas (R. Cel. Oliveira Lima e Largo da Vila Luzita), e a demanda para os exames \u00e9 livre. Durante a semana da campanha, de segunda a sexta, os exames s\u00e3o realizados nas Unidades de Sa\u00fade, Casas de Repouso, SESI, Pa\u00e7o Municipal, SEMASA , DPAV, P\u00f3lo Petroqu\u00edmico, Faculdades de Terceira idade, Pol\u00edcia Militar, Supermercados, priorizando adolescentes, adultos e idosos.<\/p>\n\n\n\n<p>A popula\u00e7\u00e3o de risco para o c\u00e2ncer bucal s\u00e3o principalmente homens com 40 anos e mais, fumantes, etilistas, pessoas de pele clara com exposi\u00e7\u00e3o constante \u00e0 radia\u00e7\u00e3o solar.<\/p>\n\n\n\n<p>Os casos positivos de c\u00e2ncer s\u00e3o encaminhados para a nossa refer\u00eancia municipal e estadual em oncologia cabe\u00e7a e pesco\u00e7o para o tratamento: cirurgia e quimioterapia\/radioterapia quando necess\u00e1rio.<\/p>\n\n\n\n<p>A Campanha de Preven\u00e7\u00e3o e Diagn\u00f3stico Precoce do C\u00e2ncer Bucal, vem alcan\u00e7ando seu objetivo de conscientizar a popula\u00e7\u00e3o e os profissionais (dentistas e outros profissionais da \u00e1rea da sa\u00fade). Com isto entendemos que estamos diagnosticando em est\u00e1gios iniciais diminuindo as mutila\u00e7\u00f5es, possibilitando ao paciente levar uma vida digna, aumentando as possibilidades de sobreviv\u00eancia e consequentemente diminuindo a taxa de mortalidade por esta doen\u00e7a.<\/p>\n","protected":false},"excerpt":{"rendered":"<p>Com o objetivo de promover a sa\u00fade bucal na nossa cidade, este programa desenvolve as seguintes a\u00e7\u00f5es: Campanha de Preven\u00e7\u00e3o e Diagn\u00f3stico Precoce do C\u00e2ncer Bucal Preocupados com os n\u00fameros alarmantes de incid\u00eancia do c\u00e2ncer bucal no Brasil, iniciamos em 2001 esta campanha de conscientiza\u00e7\u00e3o e preven\u00e7\u00e3o do c\u00e2ncer bucal, que se repete anualmente, geralmente [&hellip;]<\/p>\n","protected":false},"author":39,"featured_media":0,"parent":0,"menu_order":0,"comment_status":"closed","ping_status":"closed","template":"","meta":{"footnotes":""},"class_list":["post-368","page","type-page","status-publish","hentry"],"_links":{"self":[{"href":"https:\/\/portais.santoandre.sp.gov.br\/saude\/wp-json\/wp\/v2\/pages\/368","targetHints":{"allow":["GET"]}}],"collection":[{"href":"https:\/\/portais.santoandre.sp.gov.br\/saude\/wp-json\/wp\/v2\/pages"}],"about":[{"href":"https:\/\/portais.santoandre.sp.gov.br\/saude\/wp-json\/wp\/v2\/types\/page"}],"author":[{"embeddable":true,"href":"https:\/\/portais.santoandre.sp.gov.br\/saude\/wp-json\/wp\/v2\/users\/39"}],"replies":[{"embeddable":true,"href":"https:\/\/portais.santoandre.sp.gov.br\/saude\/wp-json\/wp\/v2\/comments?post=368"}],"version-history":[{"count":2,"href":"https:\/\/portais.santoandre.sp.gov.br\/saude\/wp-json\/wp\/v2\/pages\/368\/revisions"}],"predecessor-version":[{"id":370,"href":"https:\/\/portais.santoandre.sp.gov.br\/saude\/wp-json\/wp\/v2\/pages\/368\/revisions\/370"}],"wp:attachment":[{"href":"https:\/\/portais.santoandre.sp.gov.br\/saude\/wp-json\/wp\/v2\/media?parent=368"}],"curies":[{"name":"wp","href":"https:\/\/api.w.org\/{rel}","templated":true}]}}