{"id":363,"date":"2025-03-31T09:02:39","date_gmt":"2025-03-31T12:02:39","guid":{"rendered":"https:\/\/portais.santoandre.sp.gov.br\/saude\/?page_id=363"},"modified":"2025-03-31T09:02:39","modified_gmt":"2025-03-31T12:02:39","slug":"projeto-bem-nascer","status":"publish","type":"page","link":"https:\/\/portais.santoandre.sp.gov.br\/saude\/projeto-bem-nascer\/","title":{"rendered":"Projeto Bem Nascer"},"content":{"rendered":"\n<p>Criado em 2001, pela Secretaria Municipal de Sa\u00fade, o Projeto Bem Nascer oferece aten\u00e7\u00e3o integral \u00e0s gestantes e seus beb\u00eas at\u00e9 um ano de vida.<\/p>\n\n\n\n<p>Oferecemos a todas as gestantes atendidas no \u00e2mbito dos servi\u00e7os da administra\u00e7\u00e3o direta, a oportunidade de participar dos cursos de gestantes, onde s\u00e3o abordados assuntos pertinentes ao processo da gesta\u00e7\u00e3o, parto e p\u00f3s-parto, auto cuidado, cuidados com o rec\u00e9m nascido, amamenta\u00e7\u00e3o, entre outros.<\/p>\n\n\n\n<p>O Bem Nascer d\u00e1 enfoque especial ao v\u00ednculo com a Unidade de Sa\u00fade para o adequado acompanhamento pr\u00e9-natal e com a maternidade de refer\u00eancia.<\/p>\n\n\n\n<p>O programa tamb\u00e9m proporciona a visita \u00e0 maternidade a partir do 7\u00ba m\u00eas de gesta\u00e7\u00e3o, para que as gestantes possam conhecer as instala\u00e7\u00f5es do hospital onde dar\u00e3o \u00e0 luz, suas normas, rotinas, a humaniza\u00e7\u00e3o do atendimento, de forma a contribuir para um acolhimento mais efetivo, reduzindo os medos e ansiedades da parturiente em rela\u00e7\u00e3o ao ambiente intra-hospitalar, em coopera\u00e7\u00e3o com o trabalho que \u00e9 feito nas Unidades de Sa\u00fade.<\/p>\n\n\n\n<p>Para participar do Bem Nascer basta a gestante procurar a Unidade de Sa\u00fade mais pr\u00f3xima da sua casa.<\/p>\n","protected":false},"excerpt":{"rendered":"<p>Criado em 2001, pela Secretaria Municipal de Sa\u00fade, o Projeto Bem Nascer oferece aten\u00e7\u00e3o integral \u00e0s gestantes e seus beb\u00eas at\u00e9 um ano de vida. Oferecemos a todas as gestantes atendidas no \u00e2mbito dos servi\u00e7os da administra\u00e7\u00e3o direta, a oportunidade de participar dos cursos de gestantes, onde s\u00e3o abordados assuntos pertinentes ao processo da gesta\u00e7\u00e3o, [&hellip;]<\/p>\n","protected":false},"author":39,"featured_media":0,"parent":0,"menu_order":0,"comment_status":"closed","ping_status":"closed","template":"","meta":{"footnotes":""},"class_list":["post-363","page","type-page","status-publish","hentry"],"_links":{"self":[{"href":"https:\/\/portais.santoandre.sp.gov.br\/saude\/wp-json\/wp\/v2\/pages\/363","targetHints":{"allow":["GET"]}}],"collection":[{"href":"https:\/\/portais.santoandre.sp.gov.br\/saude\/wp-json\/wp\/v2\/pages"}],"about":[{"href":"https:\/\/portais.santoandre.sp.gov.br\/saude\/wp-json\/wp\/v2\/types\/page"}],"author":[{"embeddable":true,"href":"https:\/\/portais.santoandre.sp.gov.br\/saude\/wp-json\/wp\/v2\/users\/39"}],"replies":[{"embeddable":true,"href":"https:\/\/portais.santoandre.sp.gov.br\/saude\/wp-json\/wp\/v2\/comments?post=363"}],"version-history":[{"count":1,"href":"https:\/\/portais.santoandre.sp.gov.br\/saude\/wp-json\/wp\/v2\/pages\/363\/revisions"}],"predecessor-version":[{"id":364,"href":"https:\/\/portais.santoandre.sp.gov.br\/saude\/wp-json\/wp\/v2\/pages\/363\/revisions\/364"}],"wp:attachment":[{"href":"https:\/\/portais.santoandre.sp.gov.br\/saude\/wp-json\/wp\/v2\/media?parent=363"}],"curies":[{"name":"wp","href":"https:\/\/api.w.org\/{rel}","templated":true}]}}