{"id":109,"date":"2025-03-25T13:27:02","date_gmt":"2025-03-25T16:27:02","guid":{"rendered":"https:\/\/portais.santoandre.sp.gov.br\/saude\/?page_id=109"},"modified":"2025-08-25T13:18:07","modified_gmt":"2025-08-25T16:18:07","slug":"medicamentos","status":"publish","type":"page","link":"https:\/\/portais.santoandre.sp.gov.br\/saude\/medicamentos\/","title":{"rendered":"Medicamentos"},"content":{"rendered":"\n<div class=\"wp-block-stackable-button-group stk-block-button-group stk-block stk-c3ad55e\" data-block-id=\"c3ad55e\"><style>.stk-c3ad55e .stk-block-button, .stk-c3ad55e .stk-block-icon-button{flex:1 0 0% !important;}.stk-c3ad55e {margin-bottom:10px !important;}.stk-c3ad55e .stk-inner-blocks{row-gap:0px !important;}<\/style><div class=\"stk-row stk-inner-blocks has-text-align-center stk-block-content stk-button-group\">\n<div class=\"wp-block-stackable-button stk-block-button stk-block stk-d80c403\" data-block-id=\"d80c403\"><style>.stk-d80c403 {border-top-left-radius:6px !important;border-top-right-radius:6px !important;border-bottom-right-radius:6px !important;border-bottom-left-radius:6px !important;overflow:hidden !important;border-style:solid !important;border-top-width:0px !important;border-right-width:0px !important;border-bottom-width:0px !important;border-left-width:0px !important;min-height:0px !important;max-width:100% !important;min-width:auto !important;}<\/style><a class=\"stk-link stk-button stk--hover-effect-darken\" href=\"https:\/\/santoandreportal.sissonline.com.br\/servicos\/medicamentos\" target=\"_blank\" rel=\"noreferrer noopener\"><span class=\"stk-button__inner-text\">Ache meu medicamento<\/span><\/a><\/div>\n<\/div><\/div>\n\n\n\n<p>Abaixo encontra-se a rela\u00e7\u00e3o de medicamentos que s\u00e3o entregues \u00e0 popula\u00e7\u00e3o e a disponibilidade nas farm\u00e1cias p\u00fablicas da rede municipal de sa\u00fade.<\/p>\n\n\n\n<div class=\"wp-block-stackable-icon-list stk-block-icon-list stk-block stk-27a2611\" data-block-id=\"27a2611\"><svg style=\"display:none\"><defs><g id=\"stk-icon-list__icon-svg-def-27a2611\"><svg xmlns=\"http:\/\/www.w3.org\/2000\/svg\" viewBox=\"0 0 190 190\"><polygon points=\"173.8,28.4 60.4,141.8 15.7,97.2 5.1,107.8 60.4,163 184.4,39 173.8,28.4\" \/><\/svg><\/g><\/defs><\/svg><ul class=\"stk-block-icon-list__ul stk-block-icon-list--column\">\n<li class=\"wp-block-stackable-icon-list-item stk-block-icon-list-item stk-block stk-310e837\" data-block-id=\"310e837\"><div class=\"stk-block-icon-list-item__content\"><span class=\"stk--svg-wrapper\"><div class=\"stk--inner-svg\"><svg class=\"ugb-custom-icon\" xmlns=\"http:\/\/www.w3.org\/2000\/svg\" viewBox=\"0 0 20 20\" aria-hidden=\"true\" width=\"32\" height=\"32\"><path fill=\"currentColor\" d=\"M17.924 7.154h-.514l.027-1.89a.46.46 0 0 0-.12-.298L12.901.134A.4.4 0 0 0 12.618 0h-9.24a.8.8 0 0 0-.787.784v6.37h-.515c-.285 0-.56.118-.76.328A1.14 1.14 0 0 0 1 8.275v5.83c0 .618.482 1.12 1.076 1.12h.515v3.99A.8.8 0 0 0 3.38 20h13.278c.415 0 .78-.352.78-.784v-3.99h.487c.594 0 1.076-.503 1.076-1.122v-5.83c0-.296-.113-.582-.315-.792a1.05 1.05 0 0 0-.76-.328M3.95 1.378h6.956v4.577a.4.4 0 0 0 .11.277a.37.37 0 0 0 .267.115h4.759v.807H3.95zm0 17.244v-3.397h12.092v3.397zM12.291 1.52l.385.434l2.58 2.853l.143.173h-2.637q-.3 0-.378-.1q-.08-.098-.093-.313zM3 14.232v-6h1.918q1.09 0 1.42.09q.51.135.853.588q.343.451.343 1.168q0 .552-.198.93q-.198.375-.503.59a1.7 1.7 0 0 1-.62.285q-.428.086-1.239.086h-.779v2.263zm1.195-4.985v1.703h.654q.707 0 .945-.094a.79.79 0 0 0 .508-.762a.78.78 0 0 0-.19-.54a.82.82 0 0 0-.48-.266q-.213-.04-.86-.04zm4.04-1.015h2.184q.739 0 1.127.115q.52.155.892.552q.371.398.565.972q.195.576.194 1.418q0 .741-.182 1.277q-.223.655-.634 1.06q-.31.308-.84.48q-.395.126-1.057.126H8.235zM9.43 9.247v3.974h.892q.501 0 .723-.057q.291-.074.482-.25q.193-.176.313-.579q.121-.403.121-1.099t-.12-1.068a1.4 1.4 0 0 0-.34-.581a1.13 1.13 0 0 0-.553-.283q-.25-.057-.98-.057zm4.513 4.985v-6H18v1.015h-2.862v1.42h2.47v1.015h-2.47v2.55z\"><\/path><\/svg><\/div><\/span><span class=\"stk-block-icon-list-item__text\"><a href=\"https:\/\/portais.santoandre.sp.gov.br\/saude\/wp-content\/uploads\/sites\/30\/2025\/03\/REMUME-USUARIO-JUNHO2024.pdf\" data-type=\"link\" data-id=\"https:\/\/portais.santoandre.sp.gov.br\/saude\/wp-content\/uploads\/sites\/30\/2025\/03\/REMUME-USUARIO-JUNHO2024.pdf\" target=\"_blank\" rel=\"noreferrer noopener\">Rela\u00e7\u00e3o de medicamentos fornecidos pelo munic\u00edpio de Santo Andr\u00e9 e os respectivos locais de retirada<\/a><\/span><\/div><\/li>\n\n\n\n<li class=\"wp-block-stackable-icon-list-item stk-block-icon-list-item stk-block stk-59cad64\" data-block-id=\"59cad64\"><div class=\"stk-block-icon-list-item__content\"><span class=\"stk--svg-wrapper\"><div class=\"stk--inner-svg\"><svg class=\"ugb-custom-icon\" xmlns=\"http:\/\/www.w3.org\/2000\/svg\" viewBox=\"0 0 20 20\" aria-hidden=\"true\" width=\"32\" height=\"32\"><path fill=\"currentColor\" d=\"M17.924 7.154h-.514l.027-1.89a.46.46 0 0 0-.12-.298L12.901.134A.4.4 0 0 0 12.618 0h-9.24a.8.8 0 0 0-.787.784v6.37h-.515c-.285 0-.56.118-.76.328A1.14 1.14 0 0 0 1 8.275v5.83c0 .618.482 1.12 1.076 1.12h.515v3.99A.8.8 0 0 0 3.38 20h13.278c.415 0 .78-.352.78-.784v-3.99h.487c.594 0 1.076-.503 1.076-1.122v-5.83c0-.296-.113-.582-.315-.792a1.05 1.05 0 0 0-.76-.328M3.95 1.378h6.956v4.577a.4.4 0 0 0 .11.277a.37.37 0 0 0 .267.115h4.759v.807H3.95zm0 17.244v-3.397h12.092v3.397zM12.291 1.52l.385.434l2.58 2.853l.143.173h-2.637q-.3 0-.378-.1q-.08-.098-.093-.313zM3 14.232v-6h1.918q1.09 0 1.42.09q.51.135.853.588q.343.451.343 1.168q0 .552-.198.93q-.198.375-.503.59a1.7 1.7 0 0 1-.62.285q-.428.086-1.239.086h-.779v2.263zm1.195-4.985v1.703h.654q.707 0 .945-.094a.79.79 0 0 0 .508-.762a.78.78 0 0 0-.19-.54a.82.82 0 0 0-.48-.266q-.213-.04-.86-.04zm4.04-1.015h2.184q.739 0 1.127.115q.52.155.892.552q.371.398.565.972q.195.576.194 1.418q0 .741-.182 1.277q-.223.655-.634 1.06q-.31.308-.84.48q-.395.126-1.057.126H8.235zM9.43 9.247v3.974h.892q.501 0 .723-.057q.291-.074.482-.25q.193-.176.313-.579q.121-.403.121-1.099t-.12-1.068a1.4 1.4 0 0 0-.34-.581a1.13 1.13 0 0 0-.553-.283q-.25-.057-.98-.057zm4.513 4.985v-6H18v1.015h-2.862v1.42h2.47v1.015h-2.47v2.55z\"><\/path><\/svg><\/div><\/span><span class=\"stk-block-icon-list-item__text\"><a href=\"https:\/\/portais.santoandre.sp.gov.br\/saude\/wp-content\/uploads\/sites\/30\/2025\/03\/Unidades-controlados-JUNHO24.pdf\" target=\"_blank\" rel=\"noreferrer noopener\">Endere\u00e7os das unidades de sa\u00fade dispensadoras de medicamentos controlados<\/a><\/span><\/div><\/li>\n\n\n\n<li class=\"wp-block-stackable-icon-list-item stk-block-icon-list-item stk-block stk-75eb74f\" data-block-id=\"75eb74f\"><div class=\"stk-block-icon-list-item__content\"><span class=\"stk--svg-wrapper\"><div class=\"stk--inner-svg\"><svg class=\"ugb-custom-icon\" xmlns=\"http:\/\/www.w3.org\/2000\/svg\" viewBox=\"0 0 20 20\" aria-hidden=\"true\" width=\"32\" height=\"32\"><path fill=\"currentColor\" d=\"M17.924 7.154h-.514l.027-1.89a.46.46 0 0 0-.12-.298L12.901.134A.4.4 0 0 0 12.618 0h-9.24a.8.8 0 0 0-.787.784v6.37h-.515c-.285 0-.56.118-.76.328A1.14 1.14 0 0 0 1 8.275v5.83c0 .618.482 1.12 1.076 1.12h.515v3.99A.8.8 0 0 0 3.38 20h13.278c.415 0 .78-.352.78-.784v-3.99h.487c.594 0 1.076-.503 1.076-1.122v-5.83c0-.296-.113-.582-.315-.792a1.05 1.05 0 0 0-.76-.328M3.95 1.378h6.956v4.577a.4.4 0 0 0 .11.277a.37.37 0 0 0 .267.115h4.759v.807H3.95zm0 17.244v-3.397h12.092v3.397zM12.291 1.52l.385.434l2.58 2.853l.143.173h-2.637q-.3 0-.378-.1q-.08-.098-.093-.313zM3 14.232v-6h1.918q1.09 0 1.42.09q.51.135.853.588q.343.451.343 1.168q0 .552-.198.93q-.198.375-.503.59a1.7 1.7 0 0 1-.62.285q-.428.086-1.239.086h-.779v2.263zm1.195-4.985v1.703h.654q.707 0 .945-.094a.79.79 0 0 0 .508-.762a.78.78 0 0 0-.19-.54a.82.82 0 0 0-.48-.266q-.213-.04-.86-.04zm4.04-1.015h2.184q.739 0 1.127.115q.52.155.892.552q.371.398.565.972q.195.576.194 1.418q0 .741-.182 1.277q-.223.655-.634 1.06q-.31.308-.84.48q-.395.126-1.057.126H8.235zM9.43 9.247v3.974h.892q.501 0 .723-.057q.291-.074.482-.25q.193-.176.313-.579q.121-.403.121-1.099t-.12-1.068a1.4 1.4 0 0 0-.34-.581a1.13 1.13 0 0 0-.553-.283q-.25-.057-.98-.057zm4.513 4.985v-6H18v1.015h-2.862v1.42h2.47v1.015h-2.47v2.55z\"><\/path><\/svg><\/div><\/span><span class=\"stk-block-icon-list-item__text\"><a href=\"https:\/\/portais.santoandre.sp.gov.br\/saude\/wp-content\/uploads\/sites\/30\/2025\/03\/Unidades-tabagismo.pdf\" target=\"_blank\" rel=\"noreferrer noopener\">Endere\u00e7os das unidades dispensadoras de medicamentos do Programa de Tabagismo<\/a><\/span><\/div><\/li>\n<\/ul><\/div>\n\n\n\n<p><\/p>\n","protected":false},"excerpt":{"rendered":"<p>Ache meu medicamento Abaixo encontra-se a rela\u00e7\u00e3o de medicamentos que s\u00e3o entregues \u00e0 popula\u00e7\u00e3o e a disponibilidade nas farm\u00e1cias p\u00fablicas da rede municipal de sa\u00fade.<\/p>\n","protected":false},"author":39,"featured_media":0,"parent":0,"menu_order":0,"comment_status":"closed","ping_status":"closed","template":"","meta":{"footnotes":""},"class_list":["post-109","page","type-page","status-publish","hentry"],"_links":{"self":[{"href":"https:\/\/portais.santoandre.sp.gov.br\/saude\/wp-json\/wp\/v2\/pages\/109","targetHints":{"allow":["GET"]}}],"collection":[{"href":"https:\/\/portais.santoandre.sp.gov.br\/saude\/wp-json\/wp\/v2\/pages"}],"about":[{"href":"https:\/\/portais.santoandre.sp.gov.br\/saude\/wp-json\/wp\/v2\/types\/page"}],"author":[{"embeddable":true,"href":"https:\/\/portais.santoandre.sp.gov.br\/saude\/wp-json\/wp\/v2\/users\/39"}],"replies":[{"embeddable":true,"href":"https:\/\/portais.santoandre.sp.gov.br\/saude\/wp-json\/wp\/v2\/comments?post=109"}],"version-history":[{"count":5,"href":"https:\/\/portais.santoandre.sp.gov.br\/saude\/wp-json\/wp\/v2\/pages\/109\/revisions"}],"predecessor-version":[{"id":812,"href":"https:\/\/portais.santoandre.sp.gov.br\/saude\/wp-json\/wp\/v2\/pages\/109\/revisions\/812"}],"wp:attachment":[{"href":"https:\/\/portais.santoandre.sp.gov.br\/saude\/wp-json\/wp\/v2\/media?parent=109"}],"curies":[{"name":"wp","href":"https:\/\/api.w.org\/{rel}","templated":true}]}}