{"id":58,"date":"2025-03-28T11:31:34","date_gmt":"2025-03-28T14:31:34","guid":{"rendered":"https:\/\/portais.santoandre.sp.gov.br\/roteirobotanicoandreense\/?page_id=58"},"modified":"2025-05-16T15:39:59","modified_gmt":"2025-05-16T18:39:59","slug":"sobre","status":"publish","type":"page","link":"https:\/\/portais.santoandre.sp.gov.br\/roteirobotanicoandreense\/sobre\/","title":{"rendered":"Sobre"},"content":{"rendered":"\n<p>O munic\u00edpio de Santo Andr\u00e9 \u2013 SP situa-se a uma altitude m\u00e9dia de 760 metros acima do n\u00edvel do mar, com uma \u00e1rea total de 174,38 km\u00b2. Sua maior parte, 107,93 km<sup>2, <\/sup>encontra-se na \u00e1rea de prote\u00e7\u00e3o de mananciais, mantendo uma grande propor\u00e7\u00e3o de remanescentes da Mata Atl\u00e2ntica, pertencente \u00e0 fitofisionomia Floresta Ombr\u00f3fila Densa, segundo as delimita\u00e7\u00f5es estabelecidas em mapa do Instituto Brasileiro de Geografia e Estat\u00edstica (IBGE).<\/p>\n\n\n\n<p>Seu relevo \u00e9 bastante acidentado, e est\u00e1 inserido na regi\u00e3o de planalto com muita proximidade junto a Serra do Mar.<\/p>\n\n\n\n<p>Santo Andr\u00e9 possui um clima subtropical \u00famido mesot\u00e9rmico com ver\u00f5es quentes e invernos amenos. A temperatura m\u00e9dia anual \u00e9 de 19\u00b0C, sendo fevereiro o m\u00eas mais quente com m\u00e9dia de temperatura em 23\u00b0C e julho o m\u00eas mais frio, com temperatura m\u00e9dia de 16\u00b0C.<\/p>\n\n\n\n<p>A cidade possui grande diversidade de fluxo de imigrantes e migrantes.<\/p>\n\n\n\n<p>Na floresta urbana de Santo Andr\u00e9 encontramos grande diversidade bot\u00e2nica, trabalho paisag\u00edstico que v\u00eam sendo implantado e enriquecido ao longo dos \u00faltimos 30 anos.<\/p>\n\n\n\n<p>O diferencial em nosso munic\u00edpio \u00e9 o tratamento dado a paisagem urbana, a qual \u00e9 notadamente diferenciada dos demais munic\u00edpios da \u00e1rea metropolitana. A exist\u00eancia de in\u00fameras esp\u00e9cies de \u00e1rvores, palmeiras e demais extratos da vegeta\u00e7\u00e3o criam bem-estar, acolhimento e beleza ao morador e visitante.<\/p>\n\n\n\n<p>O adensamento de vegeta\u00e7\u00e3o arb\u00f3rea em nossas \u00e1reas verdes causa impacto positivo e traz qualidade ambiental, ocasionando benef\u00edcios advindos da arboriza\u00e7\u00e3o urbana, como abrigo e alimento \u00e0 fauna, redu\u00e7\u00e3o da polui\u00e7\u00e3o, diminui\u00e7\u00e3o de temperatura com aumento de umidade, efici\u00eancia na drenagem e na velocidade do escoamento da \u00e1gua das chuvas, maior taxa de \u00e1reas perme\u00e1veis com ac\u00famulo de \u00e1gua no pr\u00f3prio local, al\u00e9m do embelezamento e bem-estar ps\u00edquico e social, com melhoria consider\u00e1vel da qualidade de vida.<\/p>\n\n\n\n<p>Est\u00e1 cada vez mais propagado o conceito da necessidade do ser humano estar em contato com a natureza e nada melhor do que estar cercado por \u00e1reas vegetadas, proporcionando conforto e satisfa\u00e7\u00e3o.<\/p>\n\n\n\n<p>O Roteiro Bot\u00e2nico foi criado para conhecermos e apreciarmos as diversas esp\u00e9cies em seus v\u00e1rios est\u00e1gios durante as esta\u00e7\u00f5es do ano, sendo poss\u00edvel atrav\u00e9s dele observarmos detalhes que possam passar despercebidos. Queremos que o morador e o visitante percebam a grandeza da natureza ao nosso redor e a valorizem cada vez mais. Isso tamb\u00e9m \u00e9 uma forma de perceber a cidade!<\/p>\n\n\n\n<p>Pensando nisso, criamos um roteiro f\u00edsico e virtual que poder\u00e1 ser acessado atrav\u00e9s do site institucional da Prefeitura de Santo Andr\u00e9 \u2013 SP.<\/p>\n\n\n\n<p>Cada esp\u00e9cie arb\u00f3rea ser\u00e1 identificada pelo seu nome popular e cient\u00edfico, com suas principais caracter\u00edsticas e algumas curiosidades. Al\u00e9m disso, forneceremos a bibliografia para se obter maiores informa\u00e7\u00f5es. Tamb\u00e9m teremos um canal aberto no pr\u00f3prio site da Prefeitura, para maiores esclarecimentos e informa\u00e7\u00f5es t\u00e9cnicas fornecidas pelo \u00d3rg\u00e3o Gestor da Arboriza\u00e7\u00e3o Urbana em \u00c1reas P\u00fablicas (OGAUAP).<\/p>\n\n\n\n<p>Os exemplares arb\u00f3reos escolhidos que est\u00e3o discriminados no Roteiro Bot\u00e2nico encontram-se espalhados por toda a cidade, proporcionando, de uma forma democr\u00e1tica e participativa, o acesso a todos os cidad\u00e3os. Essa iniciativa trar\u00e1 um relacionamento mais afetivo e cuidadoso com a nossa vegeta\u00e7\u00e3o e um sentimento de pertencimento e orgulho por fazer parte dessa paisagem.<\/p>\n\n\n\n<p><\/p>\n","protected":false},"excerpt":{"rendered":"<p>O munic\u00edpio de Santo Andr\u00e9 \u2013 SP situa-se a uma altitude m\u00e9dia de 760 metros acima do n\u00edvel do mar, com uma \u00e1rea total de 174,38 km\u00b2. Sua maior parte, 107,93 km2, encontra-se na \u00e1rea de prote\u00e7\u00e3o de mananciais, mantendo uma grande propor\u00e7\u00e3o de remanescentes da Mata Atl\u00e2ntica, pertencente \u00e0 fitofisionomia Floresta Ombr\u00f3fila Densa, segundo [&hellip;]<\/p>\n","protected":false},"author":74,"featured_media":0,"parent":0,"menu_order":0,"comment_status":"closed","ping_status":"closed","template":"","meta":{"footnotes":""},"class_list":["post-58","page","type-page","status-publish","hentry"],"_links":{"self":[{"href":"https:\/\/portais.santoandre.sp.gov.br\/roteirobotanicoandreense\/wp-json\/wp\/v2\/pages\/58","targetHints":{"allow":["GET"]}}],"collection":[{"href":"https:\/\/portais.santoandre.sp.gov.br\/roteirobotanicoandreense\/wp-json\/wp\/v2\/pages"}],"about":[{"href":"https:\/\/portais.santoandre.sp.gov.br\/roteirobotanicoandreense\/wp-json\/wp\/v2\/types\/page"}],"author":[{"embeddable":true,"href":"https:\/\/portais.santoandre.sp.gov.br\/roteirobotanicoandreense\/wp-json\/wp\/v2\/users\/74"}],"replies":[{"embeddable":true,"href":"https:\/\/portais.santoandre.sp.gov.br\/roteirobotanicoandreense\/wp-json\/wp\/v2\/comments?post=58"}],"version-history":[{"count":4,"href":"https:\/\/portais.santoandre.sp.gov.br\/roteirobotanicoandreense\/wp-json\/wp\/v2\/pages\/58\/revisions"}],"predecessor-version":[{"id":226,"href":"https:\/\/portais.santoandre.sp.gov.br\/roteirobotanicoandreense\/wp-json\/wp\/v2\/pages\/58\/revisions\/226"}],"wp:attachment":[{"href":"https:\/\/portais.santoandre.sp.gov.br\/roteirobotanicoandreense\/wp-json\/wp\/v2\/media?parent=58"}],"curies":[{"name":"wp","href":"https:\/\/api.w.org\/{rel}","templated":true}]}}