{"id":877,"date":"2023-11-06T16:32:47","date_gmt":"2023-11-06T19:32:47","guid":{"rendered":"https:\/\/portais.santoandre.sp.gov.br\/procon\/?page_id=877"},"modified":"2023-11-06T16:32:47","modified_gmt":"2023-11-06T19:32:47","slug":"fornecedor","status":"publish","type":"page","link":"https:\/\/portais.santoandre.sp.gov.br\/procon\/fornecedor\/","title":{"rendered":"Fornecedor"},"content":{"rendered":"\n<p>\u00c9 toda pessoa f\u00edsica ou jur\u00eddica, p\u00fablica ou privada, nacional ou estrangeira, bem como os entes despersonalizados que desenvolvem atividades de produ\u00e7\u00e3o, montagem, cria\u00e7\u00e3o, constru\u00e7\u00e3o, transforma\u00e7\u00e3o, importa\u00e7\u00e3o, exporta\u00e7\u00e3o, distribui\u00e7\u00e3o ou comercializa\u00e7\u00e3o de produtos ou presta\u00e7\u00e3o de servi\u00e7os.&nbsp;<\/p>\n","protected":false},"excerpt":{"rendered":"<p>\u00c9 toda pessoa f\u00edsica ou jur\u00eddica, p\u00fablica ou privada, nacional ou estrangeira, bem como os entes despersonalizados que desenvolvem atividades de produ\u00e7\u00e3o, montagem, cria\u00e7\u00e3o, constru\u00e7\u00e3o, transforma\u00e7\u00e3o, importa\u00e7\u00e3o, exporta\u00e7\u00e3o, distribui\u00e7\u00e3o ou comercializa\u00e7\u00e3o de produtos ou presta\u00e7\u00e3o de servi\u00e7os.&nbsp;<\/p>\n","protected":false},"author":2,"featured_media":646,"parent":0,"menu_order":0,"comment_status":"closed","ping_status":"closed","template":"","meta":{"footnotes":""},"class_list":["post-877","page","type-page","status-publish","has-post-thumbnail","hentry"],"_links":{"self":[{"href":"https:\/\/portais.santoandre.sp.gov.br\/procon\/wp-json\/wp\/v2\/pages\/877","targetHints":{"allow":["GET"]}}],"collection":[{"href":"https:\/\/portais.santoandre.sp.gov.br\/procon\/wp-json\/wp\/v2\/pages"}],"about":[{"href":"https:\/\/portais.santoandre.sp.gov.br\/procon\/wp-json\/wp\/v2\/types\/page"}],"author":[{"embeddable":true,"href":"https:\/\/portais.santoandre.sp.gov.br\/procon\/wp-json\/wp\/v2\/users\/2"}],"replies":[{"embeddable":true,"href":"https:\/\/portais.santoandre.sp.gov.br\/procon\/wp-json\/wp\/v2\/comments?post=877"}],"version-history":[{"count":1,"href":"https:\/\/portais.santoandre.sp.gov.br\/procon\/wp-json\/wp\/v2\/pages\/877\/revisions"}],"predecessor-version":[{"id":878,"href":"https:\/\/portais.santoandre.sp.gov.br\/procon\/wp-json\/wp\/v2\/pages\/877\/revisions\/878"}],"wp:featuredmedia":[{"embeddable":true,"href":"https:\/\/portais.santoandre.sp.gov.br\/procon\/wp-json\/wp\/v2\/media\/646"}],"wp:attachment":[{"href":"https:\/\/portais.santoandre.sp.gov.br\/procon\/wp-json\/wp\/v2\/media?parent=877"}],"curies":[{"name":"wp","href":"https:\/\/api.w.org\/{rel}","templated":true}]}}