{"id":288,"date":"2022-08-23T12:02:54","date_gmt":"2022-08-23T15:02:54","guid":{"rendered":"https:\/\/portais.santoandre.sp.gov.br\/procon\/?page_id=288"},"modified":"2023-11-06T16:53:16","modified_gmt":"2023-11-06T19:53:16","slug":"atendimento-presencial","status":"publish","type":"page","link":"https:\/\/portais.santoandre.sp.gov.br\/procon\/atendimento-presencial\/","title":{"rendered":"Atendimento presencial"},"content":{"rendered":"\n<figure class=\"wp-block-image size-full\"><img fetchpriority=\"high\" decoding=\"async\" width=\"980\" height=\"368\" src=\"https:\/\/portais.santoandre.sp.gov.br\/procon\/wp-content\/uploads\/sites\/5\/2023\/11\/banners-procon-3.jpg\" alt=\"\" class=\"wp-image-896\" srcset=\"https:\/\/portais.santoandre.sp.gov.br\/procon\/wp-content\/uploads\/sites\/5\/2023\/11\/banners-procon-3.jpg 980w, https:\/\/portais.santoandre.sp.gov.br\/procon\/wp-content\/uploads\/sites\/5\/2023\/11\/banners-procon-3-300x113.jpg 300w, https:\/\/portais.santoandre.sp.gov.br\/procon\/wp-content\/uploads\/sites\/5\/2023\/11\/banners-procon-3-768x288.jpg 768w\" sizes=\"(max-width: 980px) 100vw, 980px\" \/><\/figure>\n\n\n\n<div style=\"height:49px\" aria-hidden=\"true\" class=\"wp-block-spacer\"><\/div>\n\n\n\n<details class=\"wp-block-stackable-accordion stk-block-accordion stk-inner-blocks stk-block-content stk--is-open stk-block stk-91c712b is-style-default\" open data-block-id=\"91c712b\">\n<summary class=\"wp-block-stackable-column stk-block-column stk-column stk-block stk-5fe497c stk--container-small stk-block-accordion__heading\" data-v=\"4\" data-block-id=\"5fe497c\"><div class=\"stk-column-wrapper stk-block-column__content stk-container stk-5fe497c-container stk-hover-parent\"><div class=\"stk-block-content stk-inner-blocks stk-5fe497c-inner-blocks\">\n<div class=\"wp-block-stackable-icon-label stk-block-icon-label stk-block stk-50e65fb\" data-block-id=\"50e65fb\"><div class=\"stk-row stk-inner-blocks stk-block-content\">\n<div class=\"wp-block-stackable-heading stk-block-heading stk-block-heading--v2 stk-block stk-0999264\" id=\"span-style-color-405-fe-2-class-stk-highlight-horario-de-funcionamento-span\" data-block-id=\"0999264\"><h3 class=\"stk-block-heading__text\"><span style=\"color: #405fe2;\" class=\"stk-highlight\">Hor\u00e1rio de funcionamento:<\/span><\/h3><\/div>\n\n\n\n<div class=\"wp-block-stackable-icon stk-block-icon stk-block stk-a3a0422\" data-block-id=\"a3a0422\"><span class=\"stk--svg-wrapper\"><div class=\"stk--inner-svg\"><svg style=\"height:0;width:0\"><defs><linearGradient id=\"linear-gradient-a3a0422\" x1=\"0\" x2=\"100%\" y1=\"0\" y2=\"0\"><stop offset=\"0%\" style=\"stop-opacity:1;stop-color:var(--linear-gradient-a-3-a-0422-color-1)\"><\/stop><stop offset=\"100%\" style=\"stop-opacity:1;stop-color:var(--linear-gradient-a-3-a-0422-color-2)\"><\/stop><\/linearGradient><\/defs><\/svg><svg data-prefix=\"fas\" data-icon=\"chevron-down\" class=\"svg-inline--fa fa-chevron-down fa-w-14\" xmlns=\"http:\/\/www.w3.org\/2000\/svg\" viewBox=\"0 0 448 512\" aria-hidden=\"true\" width=\"32\" height=\"32\"><path fill=\"currentColor\" d=\"M207.029 381.476L12.686 187.132c-9.373-9.373-9.373-24.569 0-33.941l22.667-22.667c9.357-9.357 24.522-9.375 33.901-.04L224 284.505l154.745-154.021c9.379-9.335 24.544-9.317 33.901.04l22.667 22.667c9.373 9.373 9.373 24.569 0 33.941L240.971 381.476c-9.373 9.372-24.569 9.372-33.942 0z\"><\/path><\/svg><\/div><\/span><\/div>\n<\/div><\/div>\n<\/div><\/div><\/summary>\n\n\n\n<div class=\"wp-block-stackable-column stk-block-column stk-column stk-block stk-4c02e73 stk-block-accordion__content\" data-v=\"4\" data-block-id=\"4c02e73\"><div class=\"stk-column-wrapper stk-block-column__content stk-container stk-4c02e73-container stk--no-background stk--no-padding\"><div class=\"stk-block-content stk-inner-blocks stk-4c02e73-inner-blocks\">\n<div class=\"wp-block-stackable-text stk-block-text stk-block stk-7ce0d74\" data-block-id=\"7ce0d74\"><p class=\"stk-block-text__text\"><strong>Estamos situados no endere\u00e7o: Av. Jos\u00e9 Caballero, 143 &#8211; t\u00e9rreo &#8211; Vila Bastos &#8211; Santo Andr\u00e9<\/strong><\/p><\/div>\n\n\n\n<div class=\"wp-block-stackable-text stk-block-text stk-block stk-301e70b\" data-block-id=\"301e70b\"><p class=\"stk-block-text__text\">Nosso atendimento \u00e9 de segunda a sexta &#8211; das 8h \u00e0s 16, mediante agendamento pelo link: <a href=\"http:\/\/acesse.santoandre.br\/agendamento\">acesse.santoandre.br\/agendamento<\/a><\/p><\/div>\n\n\n\n<div class=\"wp-block-stackable-text stk-block-text stk-block stk-f18747f\" data-block-id=\"f18747f\"><p class=\"stk-block-text__text\">Para maiores informa\u00e7\u00f5es, ligue <a href=\"tel:1133569200\">(11) 3356-9200<\/a><\/p><\/div>\n<\/div><\/div><\/div>\n<\/details>\n\n\n\n<div style=\"height:100px\" aria-hidden=\"true\" class=\"wp-block-spacer\"><\/div>\n","protected":false},"excerpt":{"rendered":"<p>Hor\u00e1rio de funcionamento: Estamos situados no endere\u00e7o: Av. Jos\u00e9 Caballero, 143 &#8211; t\u00e9rreo &#8211; Vila Bastos &#8211; Santo Andr\u00e9 Nosso atendimento \u00e9 de segunda a sexta &#8211; das 8h \u00e0s 16, mediante agendamento pelo link: acesse.santoandre.br\/agendamento Para maiores informa\u00e7\u00f5es, ligue (11) 3356-9200<\/p>\n","protected":false},"author":2,"featured_media":0,"parent":0,"menu_order":0,"comment_status":"closed","ping_status":"closed","template":"","meta":{"footnotes":""},"class_list":["post-288","page","type-page","status-publish","hentry"],"_links":{"self":[{"href":"https:\/\/portais.santoandre.sp.gov.br\/procon\/wp-json\/wp\/v2\/pages\/288","targetHints":{"allow":["GET"]}}],"collection":[{"href":"https:\/\/portais.santoandre.sp.gov.br\/procon\/wp-json\/wp\/v2\/pages"}],"about":[{"href":"https:\/\/portais.santoandre.sp.gov.br\/procon\/wp-json\/wp\/v2\/types\/page"}],"author":[{"embeddable":true,"href":"https:\/\/portais.santoandre.sp.gov.br\/procon\/wp-json\/wp\/v2\/users\/2"}],"replies":[{"embeddable":true,"href":"https:\/\/portais.santoandre.sp.gov.br\/procon\/wp-json\/wp\/v2\/comments?post=288"}],"version-history":[{"count":59,"href":"https:\/\/portais.santoandre.sp.gov.br\/procon\/wp-json\/wp\/v2\/pages\/288\/revisions"}],"predecessor-version":[{"id":897,"href":"https:\/\/portais.santoandre.sp.gov.br\/procon\/wp-json\/wp\/v2\/pages\/288\/revisions\/897"}],"wp:attachment":[{"href":"https:\/\/portais.santoandre.sp.gov.br\/procon\/wp-json\/wp\/v2\/media?parent=288"}],"curies":[{"name":"wp","href":"https:\/\/api.w.org\/{rel}","templated":true}]}}