{"id":30,"date":"2022-07-27T15:05:57","date_gmt":"2022-07-27T18:05:57","guid":{"rendered":"https:\/\/portais.santoandre.sp.gov.br\/ouvidoria-da-cidade\/?page_id=30"},"modified":"2026-01-20T09:37:51","modified_gmt":"2026-01-20T12:37:51","slug":"legislacao","status":"publish","type":"page","link":"https:\/\/portais.santoandre.sp.gov.br\/ouvidoria\/legislacao\/","title":{"rendered":"Legisla\u00e7\u00e3o"},"content":{"rendered":"\t\t<div data-elementor-type=\"wp-page\" data-elementor-id=\"30\" class=\"elementor elementor-30\" data-elementor-post-type=\"page\">\n\t\t\t\t\t\t<section class=\"elementor-section elementor-top-section elementor-element elementor-element-2d2e0739 elementor-section-boxed elementor-section-height-default elementor-section-height-default\" data-id=\"2d2e0739\" data-element_type=\"section\" data-e-type=\"section\" data-settings=\"{&quot;background_background&quot;:&quot;classic&quot;}\">\n\t\t\t\t\t\t\t<div class=\"elementor-background-overlay\"><\/div>\n\t\t\t\t\t\t\t<div class=\"elementor-container elementor-column-gap-default\">\n\t\t\t\t\t<div class=\"elementor-column elementor-col-100 elementor-top-column elementor-element elementor-element-13f1df19\" data-id=\"13f1df19\" data-element_type=\"column\" data-e-type=\"column\">\n\t\t\t<div class=\"elementor-widget-wrap elementor-element-populated\">\n\t\t\t\t\t\t<div class=\"elementor-element elementor-element-49e007ca elementor-widget elementor-widget-heading\" data-id=\"49e007ca\" data-element_type=\"widget\" data-e-type=\"widget\" data-widget_type=\"heading.default\">\n\t\t\t\t<div class=\"elementor-widget-container\">\n\t\t\t\t\t<h2 class=\"elementor-heading-title elementor-size-default\">Legisla\u00e7\u00e3o<\/h2>\t\t\t\t<\/div>\n\t\t\t\t<\/div>\n\t\t\t\t<div class=\"elementor-element elementor-element-1c49535d elementor-widget elementor-widget-text-editor\" data-id=\"1c49535d\" data-element_type=\"widget\" data-e-type=\"widget\" data-widget_type=\"text-editor.default\">\n\t\t\t\t<div class=\"elementor-widget-container\">\n\t\t\t\t\t\t\t\t\t<p>Leis e Decretos que regulamentam a ouvidoria<\/p>\t\t\t\t\t\t\t\t<\/div>\n\t\t\t\t<\/div>\n\t\t\t\t\t<\/div>\n\t\t<\/div>\n\t\t\t\t\t<\/div>\n\t\t<\/section>\n\t\t\t\t<section class=\"elementor-section elementor-top-section elementor-element elementor-element-c64f88f elementor-section-boxed elementor-section-height-default elementor-section-height-default\" data-id=\"c64f88f\" data-element_type=\"section\" data-e-type=\"section\">\n\t\t\t\t\t\t<div class=\"elementor-container elementor-column-gap-default\">\n\t\t\t\t\t<div class=\"elementor-column elementor-col-50 elementor-top-column elementor-element elementor-element-1fcbb9f\" data-id=\"1fcbb9f\" data-element_type=\"column\" data-e-type=\"column\">\n\t\t\t<div class=\"elementor-widget-wrap elementor-element-populated\">\n\t\t\t\t\t\t<div class=\"elementor-element elementor-element-6d3ca25 elementor-widget elementor-widget-text-editor\" data-id=\"6d3ca25\" data-element_type=\"widget\" data-e-type=\"widget\" data-widget_type=\"text-editor.default\">\n\t\t\t\t<div class=\"elementor-widget-container\">\n\t\t\t\t\t\t\t\t\t<h2><span style=\"color: #808080;\">Acesse na \u00edntegra as Leis e Decretos<\/span><\/h2>\n<p>Aqui voc\u00ea vai encontrar a Lei que instituiu a Ouvidoria da Cidade de Santo Andr\u00e9, suas Altera\u00e7\u00f5es e outros Documentos que regulamentam o funcionamento da Institui\u00e7\u00e3o.<\/p>\t\t\t\t\t\t\t\t<\/div>\n\t\t\t\t<\/div>\n\t\t\t\t\t<\/div>\n\t\t<\/div>\n\t\t\t\t<div class=\"elementor-column elementor-col-50 elementor-top-column elementor-element elementor-element-d3e57ee\" data-id=\"d3e57ee\" data-element_type=\"column\" data-e-type=\"column\">\n\t\t\t<div class=\"elementor-widget-wrap elementor-element-populated\">\n\t\t\t\t\t\t<div class=\"elementor-element elementor-element-1081540 elementor-widget elementor-widget-text-editor\" data-id=\"1081540\" data-element_type=\"widget\" data-e-type=\"widget\" data-widget_type=\"text-editor.default\">\n\t\t\t\t<div class=\"elementor-widget-container\">\n\t\t\t\t\t\t\t\t\t<p><b>Leis e Decretos em Vigor<\/b><\/p><p><a href=\"https:\/\/portais.santoandre.sp.gov.br\/ouvidoria\/wp-content\/uploads\/sites\/3\/2026\/01\/Lei-no-10.879-Dispoe-sobre-a-Ouvidoria-Geral-da-Cidade-de-Santo-Andre-4.pdf\">Lei 10879\/2025<\/a><\/p><p><a href=\"https:\/\/portais.santoandre.sp.gov.br\/ouvidoria\/wp-content\/uploads\/sites\/3\/2022\/07\/lei-ordinaria-10257-l10257-19.pdf\">Lei Ordin\u00e1ria 10257\/2019<\/a><\/p><p><a href=\"https:\/\/portais.santoandre.sp.gov.br\/ouvidoria\/wp-content\/uploads\/sites\/3\/2022\/07\/decreto-municipal-17297-d17297-19.pdf\">Decreto Municipal 17297\/2019<\/a><br \/><b><br \/><\/b><\/p><p><b>Leis e Decretos Anteriores<\/b><\/p><p><a href=\"https:\/\/portais.santoandre.sp.gov.br\/ouvidoria\/wp-content\/uploads\/sites\/3\/2022\/07\/lei-7.877-de-30-08-1999.doc\">Lei 7.877 de 30\/08\/1999 (Lei Origin\u00e1ria)<\/a><\/p><p><a href=\"https:\/\/portais.santoandre.sp.gov.br\/ouvidoria\/wp-content\/uploads\/sites\/3\/2022\/07\/lei-8.163-de-09-01-2001.doc\">Lei 8.163 de 09\/01\/2001 (Primeira Altera\u00e7\u00e3o)<\/a><\/p><p><a href=\"https:\/\/portais.santoandre.sp.gov.br\/ouvidoria\/wp-content\/uploads\/sites\/3\/2022\/07\/lei-8.264-de-08-11-2001.doc\">Lei 8.264 de 08\/11\/2001 (Segunda Altera\u00e7\u00e3o)<\/a><\/p><p><a href=\"https:\/\/portais.santoandre.sp.gov.br\/ouvidoria\/wp-content\/uploads\/sites\/3\/2022\/07\/lei-n-8.706-de-22-de-dezembro-de-2004.doc\">Lei 8.706 de 22\/12\/2004 (Terceira Altera\u00e7\u00e3o)<\/a><\/p>\t\t\t\t\t\t\t\t<\/div>\n\t\t\t\t<\/div>\n\t\t\t\t\t<\/div>\n\t\t<\/div>\n\t\t\t\t\t<\/div>\n\t\t<\/section>\n\t\t\t\t<\/div>\n\t\t","protected":false},"excerpt":{"rendered":"<p>Legisla\u00e7\u00e3o Leis e Decretos que regulamentam a ouvidoria Acesse na \u00edntegra as Leis e Decretos Aqui voc\u00ea vai encontrar a Lei que instituiu a Ouvidoria da Cidade de Santo Andr\u00e9, suas Altera\u00e7\u00f5es e outros Documentos que regulamentam o funcionamento da Institui\u00e7\u00e3o. Leis e Decretos em Vigor Lei 10879\/2025 Lei Ordin\u00e1ria 10257\/2019 Decreto Municipal 17297\/2019 Leis [&hellip;]<\/p>\n","protected":false},"author":2,"featured_media":0,"parent":0,"menu_order":0,"comment_status":"closed","ping_status":"closed","template":"elementor_header_footer","meta":{"footnotes":""},"class_list":["post-30","page","type-page","status-publish","hentry","entry"],"_links":{"self":[{"href":"https:\/\/portais.santoandre.sp.gov.br\/ouvidoria\/wp-json\/wp\/v2\/pages\/30","targetHints":{"allow":["GET"]}}],"collection":[{"href":"https:\/\/portais.santoandre.sp.gov.br\/ouvidoria\/wp-json\/wp\/v2\/pages"}],"about":[{"href":"https:\/\/portais.santoandre.sp.gov.br\/ouvidoria\/wp-json\/wp\/v2\/types\/page"}],"author":[{"embeddable":true,"href":"https:\/\/portais.santoandre.sp.gov.br\/ouvidoria\/wp-json\/wp\/v2\/users\/2"}],"replies":[{"embeddable":true,"href":"https:\/\/portais.santoandre.sp.gov.br\/ouvidoria\/wp-json\/wp\/v2\/comments?post=30"}],"version-history":[{"count":68,"href":"https:\/\/portais.santoandre.sp.gov.br\/ouvidoria\/wp-json\/wp\/v2\/pages\/30\/revisions"}],"predecessor-version":[{"id":2251,"href":"https:\/\/portais.santoandre.sp.gov.br\/ouvidoria\/wp-json\/wp\/v2\/pages\/30\/revisions\/2251"}],"wp:attachment":[{"href":"https:\/\/portais.santoandre.sp.gov.br\/ouvidoria\/wp-json\/wp\/v2\/media?parent=30"}],"curies":[{"name":"wp","href":"https:\/\/api.w.org\/{rel}","templated":true}]}}