{"id":863,"date":"2024-10-17T14:40:33","date_gmt":"2024-10-17T17:40:33","guid":{"rendered":"https:\/\/portais.santoandre.sp.gov.br\/observatoriomob\/?page_id=863"},"modified":"2025-12-09T10:00:16","modified_gmt":"2025-12-09T13:00:16","slug":"vamos-falar-sobre-mobilidade-urbana","status":"publish","type":"page","link":"https:\/\/portais.santoandre.sp.gov.br\/observatoriomob\/vamos-falar-sobre-mobilidade-urbana\/","title":{"rendered":"Obras de requalifica\u00e7\u00e3o da \u00c1rea Central"},"content":{"rendered":"\n<p><strong>Investindo em melhorias para a regi\u00e3o Central da cidade<\/strong>, a Prefeitura de Santo Andr\u00e9 est\u00e1 realizando obras que v\u00e3o&nbsp;<strong>modernizar<\/strong>&nbsp;o cal\u00e7amento e o pavimento, implementando ainda diversas melhorias focadas em acessibilidade.<\/p>\n\n\n\n<p>As interven\u00e7\u00f5es foram entregues na\u00a0<strong><a href=\"https:\/\/maps.app.goo.gl\/m2xo11aTtsQ878RR7\">Avenida Jos\u00e9 Caballero\u00a0<\/a><\/strong>e <strong><a href=\"https:\/\/maps.app.goo.gl\/d6cKeSfSqQpHdnu59\">rua<\/a>\u00a0<\/strong><a href=\"https:\/\/maps.app.goo.gl\/d6cKeSfSqQpHdnu59\"><strong>Coronel Alfredo Fl\u00e1quer<\/strong><\/a>\u00a0(tamb\u00e9m conhecida como a parte elevada da Perimetral).<\/p>\n\n\n\n<p>A requalifica\u00e7\u00e3o da \u00e1rea central inclui a execu\u00e7\u00e3o de novos pavimentos, cal\u00e7adas com piso t\u00e1til, rampas de acessibilidade, sem\u00e1foros de pedestres sonorizados, mobili\u00e1rios urbanos e paisagismo, al\u00e9m da cria\u00e7\u00e3o de um vi\u00e1rio dedicado \u00e0 circula\u00e7\u00e3o de \u00f4nibus.<\/p>\n\n\n\n<h3 class=\"wp-block-heading\">COMO A OBRA BENEFICIA O CENTRO?<\/h3>\n\n\n\n<p>As a\u00e7\u00f5es t\u00eam como objetivo<strong>&nbsp;melhorar o fluxo<\/strong>&nbsp;e o embarque e desembarque de usu\u00e1rios de transporte coletivo,&nbsp;<strong>normatizar e adequar os cal\u00e7amentos<\/strong>,&nbsp;<strong>garantir a seguran\u00e7a dos pedestres<\/strong>&nbsp;e contribuir para o&nbsp;<strong>incentivo<\/strong>&nbsp;de modos de&nbsp;<strong>transporte mais sustent\u00e1veis<\/strong>.<\/p>\n\n\n\n<p>Ao longo do ano de 2024 e 2025, a requalifica\u00e7\u00e3o se estender\u00e1 para as ruas\u00a0<a href=\"https:\/\/maps.app.goo.gl\/qvj2UUuMqBN8YLox8\"><strong>General Glic\u00e9rio<\/strong><\/a>,\u00a0<strong><a href=\"https:\/\/maps.app.goo.gl\/NZmMsUbiBdAMKcTo9\">Lu\u00eds Pinto Fl\u00e1quer<\/a><\/strong>,\u00a0<a href=\"https:\/\/maps.app.goo.gl\/HqP94ZEVkfP65DVo6\"><strong>Siqueira Campos<\/strong><\/a>,\u00a0<a href=\"https:\/\/maps.app.goo.gl\/U4KGGzLnHoJ1CuXL9\"><strong>Coronel Francisco Amaro<\/strong><\/a>\u00a0e\u00a0<a href=\"https:\/\/maps.app.goo.gl\/d6cKeSfSqQpHdnu59\"><strong>Coronel Alfredo Fl\u00e1quer<\/strong><\/a>, bem como a\u00a0<a href=\"https:\/\/maps.app.goo.gl\/PXsJvXhx8QAGQRXY6\"><strong>Avenida Queir\u00f3s dos Santos<\/strong><\/a>, totalizando mais de 5km de extens\u00e3o de vias.<br><br>Para poss\u00edveis d\u00favidas e sugest\u00f5es, envie um e-mail para\u00a0<a href=\"mailto:sacareacentral@santoandre.sp.gov.br\"><strong>sacareacentral@santoandre.sp.gov.br<\/strong><\/a><\/p>\n\n\n\n<p><a href=\"https:\/\/portais.santoandre.sp.gov.br\/observatoriomob\/wp-content\/uploads\/sites\/14\/2025\/07\/STO-ANDRE-CENTRO-E-FLAQUER-FINAL-2.mp4\">CLIQUE E ASSISTA (<strong>V\u00cdDEO INSTITUCIONAL<\/strong>)<\/a><\/p>\n\n\n\n<p><\/p>\n","protected":false},"excerpt":{"rendered":"<p>Investindo em melhorias para a regi\u00e3o Central da cidade, a Prefeitura de Santo Andr\u00e9 est\u00e1 realizando obras que v\u00e3o&nbsp;modernizar&nbsp;o cal\u00e7amento e o pavimento, implementando ainda diversas melhorias focadas em acessibilidade. As interven\u00e7\u00f5es foram entregues na\u00a0Avenida Jos\u00e9 Caballero\u00a0e rua\u00a0Coronel Alfredo Fl\u00e1quer\u00a0(tamb\u00e9m conhecida como a parte elevada da Perimetral). A requalifica\u00e7\u00e3o da \u00e1rea central inclui a execu\u00e7\u00e3o [&hellip;]<\/p>\n","protected":false},"author":42,"featured_media":0,"parent":0,"menu_order":0,"comment_status":"closed","ping_status":"closed","template":"","meta":{"footnotes":""},"class_list":["post-863","page","type-page","status-publish","hentry"],"_links":{"self":[{"href":"https:\/\/portais.santoandre.sp.gov.br\/observatoriomob\/wp-json\/wp\/v2\/pages\/863","targetHints":{"allow":["GET"]}}],"collection":[{"href":"https:\/\/portais.santoandre.sp.gov.br\/observatoriomob\/wp-json\/wp\/v2\/pages"}],"about":[{"href":"https:\/\/portais.santoandre.sp.gov.br\/observatoriomob\/wp-json\/wp\/v2\/types\/page"}],"author":[{"embeddable":true,"href":"https:\/\/portais.santoandre.sp.gov.br\/observatoriomob\/wp-json\/wp\/v2\/users\/42"}],"replies":[{"embeddable":true,"href":"https:\/\/portais.santoandre.sp.gov.br\/observatoriomob\/wp-json\/wp\/v2\/comments?post=863"}],"version-history":[{"count":3,"href":"https:\/\/portais.santoandre.sp.gov.br\/observatoriomob\/wp-json\/wp\/v2\/pages\/863\/revisions"}],"predecessor-version":[{"id":1192,"href":"https:\/\/portais.santoandre.sp.gov.br\/observatoriomob\/wp-json\/wp\/v2\/pages\/863\/revisions\/1192"}],"wp:attachment":[{"href":"https:\/\/portais.santoandre.sp.gov.br\/observatoriomob\/wp-json\/wp\/v2\/media?parent=863"}],"curies":[{"name":"wp","href":"https:\/\/api.w.org\/{rel}","templated":true}]}}

Obras de requalificação da Área Central

<p><strong>Investindo em melhorias para a região Central da cidade</strong>, a Prefeitura de Santo André está realizando obras que vão&nbsp;<strong>modernizar</strong>&nbsp;o calçamento e o pavimento, implementando ainda diversas melhorias focadas em acessibilidade.</p>



<p>As intervenções foram entregues na <strong><a href="https://maps.app.goo.gl/m2xo11aTtsQ878RR7">Avenida José Caballero </a></strong>e <strong><a href="https://maps.app.goo.gl/d6cKeSfSqQpHdnu59">rua</a> </strong><a href="https://maps.app.goo.gl/d6cKeSfSqQpHdnu59"><strong>Coronel Alfredo Fláquer</strong></a> (também conhecida como a parte elevada da Perimetral).</p>



<p>A requalificação da área central inclui a execução de novos pavimentos, calçadas com piso tátil, rampas de acessibilidade, semáforos de pedestres sonorizados, mobiliários urbanos e paisagismo, além da criação de um viário dedicado à circulação de ônibus.</p>



<h3 class="wp-block-heading">COMO A OBRA BENEFICIA O CENTRO?</h3>



<p>As ações têm como objetivo<strong>&nbsp;melhorar o fluxo</strong>&nbsp;e o embarque e desembarque de usuários de transporte coletivo,&nbsp;<strong>normatizar e adequar os calçamentos</strong>,&nbsp;<strong>garantir a segurança dos pedestres</strong>&nbsp;e contribuir para o&nbsp;<strong>incentivo</strong>&nbsp;de modos de&nbsp;<strong>transporte mais sustentáveis</strong>.</p>



<p>Ao longo do ano de 2024 e 2025, a requalificação se estenderá para as ruas <a href="https://maps.app.goo.gl/qvj2UUuMqBN8YLox8"><strong>General Glicério</strong></a>, <strong><a href="https://maps.app.goo.gl/NZmMsUbiBdAMKcTo9">Luís Pinto Fláquer</a></strong>, <a href="https://maps.app.goo.gl/HqP94ZEVkfP65DVo6"><strong>Siqueira Campos</strong></a>, <a href="https://maps.app.goo.gl/U4KGGzLnHoJ1CuXL9"><strong>Coronel Francisco Amaro</strong></a> e <a href="https://maps.app.goo.gl/d6cKeSfSqQpHdnu59"><strong>Coronel Alfredo Fláquer</strong></a>, bem como a <a href="https://maps.app.goo.gl/PXsJvXhx8QAGQRXY6"><strong>Avenida Queirós dos Santos</strong></a>, totalizando mais de 5km de extensão de vias.<br><br>Para possíveis dúvidas e sugestões, envie um e-mail para <a href="mailto:sacareacentral@santoandre.sp.gov.br"><strong>sacareacentral@santoandre.sp.gov.br</strong></a></p>



<p><a href="https://portais.santoandre.sp.gov.br/observatoriomob/wp-content/uploads/sites/14/2025/07/STO-ANDRE-CENTRO-E-FLAQUER-FINAL-2.mp4">CLIQUE E ASSISTA (<strong>VÍDEO INSTITUCIONAL</strong>)</a></p>



<p></p>

<p>Investindo em melhorias para a região Central da cidade, a Prefeitura de Santo André está realizando obras que vão&nbsp;modernizar&nbsp;o calçamento e o pavimento, implementando ainda diversas melhorias focadas em acessibilidade. As intervenções foram entregues na Avenida José Caballero e rua Coronel Alfredo Fláquer (também conhecida como a parte elevada da Perimetral). A requalificação da área central inclui a execução [&hellip;]</p>
