{"id":589,"date":"2024-01-18T12:59:07","date_gmt":"2024-01-18T15:59:07","guid":{"rendered":"https:\/\/portais.santoandre.sp.gov.br\/observatoriomob\/?page_id=589"},"modified":"2025-12-09T09:58:31","modified_gmt":"2025-12-09T12:58:31","slug":"duvidas-frequentes","status":"publish","type":"page","link":"https:\/\/portais.santoandre.sp.gov.br\/observatoriomob\/duvidas-frequentes\/","title":{"rendered":"D\u00favidas frequentes"},"content":{"rendered":"\n<p><span style=\"color: #000000\" class=\"stk-highlight\">1. <\/span><span style=\"color: #070707\" class=\"stk-highlight\"><em>Quais indicadores ser\u00e3o calculados pelo Observat\u00f3rio da Mobilidade de Santo Andr\u00e9?<\/em><\/span><\/p>\n\n\n\n<p><span style=\"color: #000000\" class=\"stk-highlight\">Foram propostos 159 indicadores divididos nos 11 eixos tem\u00e1ticos apresentados no <a href=\"https:\/\/portais.santoandre.sp.gov.br\/observatoriomob\/painel-de-indicadores\/\" data-type=\"link\" data-id=\"https:\/\/portais.santoandre.sp.gov.br\/observatoriomob\/painel-de-indicadores\/\">Painel de Indicadores<\/a> que se encontra em desenvolvimento e em breve dever\u00e1 incluir todos os indicadores propostos. A lista completa dos indicadores e a estrutura proposta para cada indicador, incluindo descri\u00e7\u00e3o, f\u00f3rmula de c\u00e1lculo, base de dados e unidade de medida pode ser acessada<\/span> <a href=\"https:\/\/portais.santoandre.sp.gov.br\/observatoriomob\/wp-content\/uploads\/sites\/14\/2024\/04\/Anexo-A-Indicadores.pdf\" data-type=\"link\" data-id=\"https:\/\/portais.santoandre.sp.gov.br\/observatoriomob\/wp-content\/uploads\/sites\/14\/2024\/04\/Anexo-A-Indicadores.pdf\">AQUI<\/a>.<\/p>\n\n\n\n<div class=\"wp-block-stackable-divider stk-block-divider stk-block stk-8c859ac\" data-block-id=\"8c859ac\"><hr class=\"stk-block-divider__hr\" \/><\/div>\n\n\n\n<p><span style=\"color: #000000\" class=\"stk-highlight\">2. <\/span><span style=\"color: #070707\" class=\"stk-highlight\"><em>Como acessar os dados georreferenciados da Prefeitura de Santo Andr\u00e9?<\/em><\/span><\/p>\n\n\n\n<p><span style=\"color: #070707\" class=\"stk-highlight\">O <strong>SIGA \u2013 Sistema de Informa\u00e7\u00f5es Geogr\u00e1ficas Andreense<\/strong> \u00e9 uma plataforma de consulta e difus\u00e3o de diversas informa\u00e7\u00f5es, especialmente dados espaciais, do munic\u00edpio de Santo Andr\u00e9, que permite download do cat\u00e1logo de camadas, acesse no link:\u00a0<a href=\"https:\/\/siga.santoandre.sp.gov.br\/\">https:\/\/siga.santoandre.sp.gov.br\/<\/a><\/span><\/p>\n\n\n\n<div class=\"wp-block-stackable-divider stk-block-divider stk-block stk-5235bef\" data-block-id=\"5235bef\"><hr class=\"stk-block-divider__hr\" \/><\/div>\n\n\n\n<p class=\"has-black-color has-text-color\"><span style=\"color: #000000\" class=\"stk-highlight\">3. <\/span><em>Quer saber mais sobre o Programa de Mobilidade Urbana e Sustent\u00e1vel (PMUS) de Santo Andr\u00e9?<\/em><\/p>\n\n\n\n<p class=\"has-black-color has-text-color\">Entenda o que \u00e9 o <strong>PMUS<\/strong>: <a href=\"https:\/\/web.santoandre.sp.gov.br\/programa-de-mobilidade-urbana-sustentavel-de-santo-andre\">https:\/\/web.santoandre.sp.gov.br\/programa-de-mobilidade-urbana-sustentavel-de-santo-andre<\/a><\/p>\n\n\n\n<p><a href=\"http:\/\/www4.cmsandre.sp.gov.br:9000\/normas\/30841\" data-type=\"link\" data-id=\"http:\/\/www4.cmsandre.sp.gov.br:9000\/normas\/30841\">Clique aqui<\/a> <span style=\"color: #000000\" class=\"stk-highlight\">para saber mais sobre o<strong> Plano Municipal de Mobilidade Urbana Sustent\u00e1vel de Santo Andr\u00e9 \u2013 PlanMob Santo Andr\u00e9<\/strong><\/span><\/p>\n\n\n\n<p><a href=\"https:\/\/pmsi-santoandre.com\/\" data-type=\"link\" data-id=\"https:\/\/pmsi-santoandre.com\/\">Clique aqui<\/a> <span style=\"color: #000000\" class=\"stk-highlight\">para saber mais sobre o <strong>Plano de Mobilidade Segura e Inclusiva &#8211; PMSI Santo Andr\u00e9<\/strong><\/span><\/p>\n","protected":false},"excerpt":{"rendered":"<p>1. Quais indicadores ser\u00e3o calculados pelo Observat\u00f3rio da Mobilidade de Santo Andr\u00e9? Foram propostos 159 indicadores divididos nos 11 eixos tem\u00e1ticos apresentados no Painel de Indicadores que se encontra em desenvolvimento e em breve dever\u00e1 incluir todos os indicadores propostos. A lista completa dos indicadores e a estrutura proposta para cada indicador, incluindo descri\u00e7\u00e3o, f\u00f3rmula [&hellip;]<\/p>\n","protected":false},"author":47,"featured_media":0,"parent":0,"menu_order":0,"comment_status":"closed","ping_status":"closed","template":"","meta":{"footnotes":""},"class_list":["post-589","page","type-page","status-publish","hentry"],"_links":{"self":[{"href":"https:\/\/portais.santoandre.sp.gov.br\/observatoriomob\/wp-json\/wp\/v2\/pages\/589","targetHints":{"allow":["GET"]}}],"collection":[{"href":"https:\/\/portais.santoandre.sp.gov.br\/observatoriomob\/wp-json\/wp\/v2\/pages"}],"about":[{"href":"https:\/\/portais.santoandre.sp.gov.br\/observatoriomob\/wp-json\/wp\/v2\/types\/page"}],"author":[{"embeddable":true,"href":"https:\/\/portais.santoandre.sp.gov.br\/observatoriomob\/wp-json\/wp\/v2\/users\/47"}],"replies":[{"embeddable":true,"href":"https:\/\/portais.santoandre.sp.gov.br\/observatoriomob\/wp-json\/wp\/v2\/comments?post=589"}],"version-history":[{"count":9,"href":"https:\/\/portais.santoandre.sp.gov.br\/observatoriomob\/wp-json\/wp\/v2\/pages\/589\/revisions"}],"predecessor-version":[{"id":1395,"href":"https:\/\/portais.santoandre.sp.gov.br\/observatoriomob\/wp-json\/wp\/v2\/pages\/589\/revisions\/1395"}],"wp:attachment":[{"href":"https:\/\/portais.santoandre.sp.gov.br\/observatoriomob\/wp-json\/wp\/v2\/media?parent=589"}],"curies":[{"name":"wp","href":"https:\/\/api.w.org\/{rel}","templated":true}]}}