{"id":450,"date":"2024-01-18T12:58:37","date_gmt":"2024-01-18T15:58:37","guid":{"rendered":"https:\/\/portais.santoandre.sp.gov.br\/observatoriomob\/?page_id=450"},"modified":"2025-12-09T10:01:21","modified_gmt":"2025-12-09T13:01:21","slug":"participe","status":"publish","type":"page","link":"https:\/\/portais.santoandre.sp.gov.br\/observatoriomob\/participe\/","title":{"rendered":"Participe"},"content":{"rendered":"\n\n\n<h1 class=\"wp-block-heading\"><a href=\"https:\/\/portais.santoandre.sp.gov.br\/observatoriomob\/duvidas-frequentes\/\">D\u00favidas frequentes<\/a><\/h1>\n\n\n\n<p>1.&nbsp;<em>Quais indicadores ser\u00e3o calculados pelo Observat\u00f3rio da Mobilidade de Santo Andr\u00e9?<\/em><\/p>\n\n\n\n<p>Foram propostos 159 indicadores divididos nos 11 eixos tem\u00e1ticos apresentados no&nbsp;<a href=\"https:\/\/portais.santoandre.sp.gov.br\/observatoriomob\/painel-de-indicadores\/\">Painel de Indicadores<\/a>&nbsp;que se encontra em desenvolvimento e em breve dever\u00e1 incluir todos os indicadores propostos. A lista completa dos indicadores e a estrutura proposta para cada indicador, incluindo descri\u00e7\u00e3o, f\u00f3rmula de c\u00e1lculo, base de dados e unidade de medida pode ser acessada&nbsp;<a href=\"https:\/\/portais.santoandre.sp.gov.br\/observatoriomob\/wp-content\/uploads\/sites\/14\/2024\/04\/Anexo-A-Indicadores.pdf\">AQUI<\/a>.<\/p>\n\n\n\n<hr class=\"wp-block-separator has-alpha-channel-opacity\" \/>\n\n\n\n<p>2.&nbsp;<em>Como acessar os dados georreferenciados da Prefeitura de Santo Andr\u00e9?<\/em><\/p>\n\n\n\n<p>O&nbsp;<strong>SIGA \u2013 Sistema de Informa\u00e7\u00f5es Geogr\u00e1ficas Andreense<\/strong>&nbsp;\u00e9 uma plataforma de consulta e difus\u00e3o de diversas informa\u00e7\u00f5es, especialmente dados espaciais, do munic\u00edpio de Santo Andr\u00e9, que permite download do cat\u00e1logo de camadas, acesse no link:&nbsp;<a href=\"https:\/\/siga.santoandre.sp.gov.br\/\">https:\/\/siga.santoandre.sp.gov.br\/<\/a><\/p>\n\n\n\n<hr class=\"wp-block-separator has-alpha-channel-opacity\" \/>\n\n\n\n<p>3.&nbsp;<em>Quer saber mais sobre o Programa de Mobilidade Urbana e Sustent\u00e1vel (PMUS) de Santo Andr\u00e9?<\/em><\/p>\n\n\n\n<p>Entenda o que \u00e9 o&nbsp;<strong>PMUS<\/strong>:&nbsp;<a href=\"https:\/\/web.santoandre.sp.gov.br\/programa-de-mobilidade-urbana-sustentavel-de-santo-andre\">https:\/\/web.santoandre.sp.gov.br\/programa-de-mobilidade-urbana-sustentavel-de-santo-andre<\/a><\/p>\n\n\n\n<p><a href=\"http:\/\/www4.cmsandre.sp.gov.br:9000\/normas\/30841\">Clique aqui<\/a>&nbsp;para saber mais sobre o<strong>&nbsp;Plano Municipal de Mobilidade Urbana Sustent\u00e1vel de Santo Andr\u00e9 \u2013 PlanMob Santo Andr\u00e9<\/strong><\/p>\n\n\n\n<p><a href=\"https:\/\/pmsi-santoandre.com\/\">Clique aqui<\/a>&nbsp;para saber mais sobre o&nbsp;<strong>Plano de Mobilidade Segura e Inclusiva \u2013 PMSI Santo Andr\u00e9<\/strong><\/p>\n\n\n\n<p><\/p>\n\n\n\n<p><\/p>\n\n\n\n<p><strong>D\u00daVIDAS OU SUGEST\u00d5ES <\/strong><\/p>\n\n\n\n<p>Para enviar suas d\u00favidas ou sugest\u00f5es sobre a mobilidade urbana em nosso munic\u00edpio, acesse o site do <a href=\"https:\/\/app.colab.re\/\">COLAB<\/a>, <\/p>\n\n\n\n<h1 class=\"wp-block-heading\" id=\"acesso_edit\"><img decoding=\"async\" src=\"https:\/\/portais.santoandre.sp.gov.br\/observatoriomob\/wp-content\/uploads\/sites\/14\/2024\/01\/cropped-Observatorio-da-Mobilidade-site.png\" alt=\"\"><\/h1>\n\n\n\n<p><a href=\"https:\/\/portais.santoandre.sp.gov.br\/observatoriomob\/participe\/\" target=\"_blank\" rel=\"noreferrer noopener\">Participe<\/a><\/p>\n\n\n\n<p><a href=\"https:\/\/portais.santoandre.sp.gov.br\/observatoriomob\/duvidas-frequentes\/\" target=\"_blank\" rel=\"noreferrer noopener\">D\u00favidas Frequentes<\/a><\/p>\n\n\n\n<p><a href=\"https:\/\/portais.santoandre.sp.gov.br\/observatoriomob\/equipe\/\" target=\"_blank\" rel=\"noreferrer noopener\">Equipe T\u00e9cnica<\/a><\/p>\n\n\n\n<p><\/p>\n","protected":false},"excerpt":{"rendered":"<p>D\u00favidas frequentes 1.&nbsp;Quais indicadores ser\u00e3o calculados pelo Observat\u00f3rio da Mobilidade de Santo Andr\u00e9? Foram propostos 159 indicadores divididos nos 11 eixos tem\u00e1ticos apresentados no&nbsp;Painel de Indicadores&nbsp;que se encontra em desenvolvimento e em breve dever\u00e1 incluir todos os indicadores propostos. A lista completa dos indicadores e a estrutura proposta para cada indicador, incluindo descri\u00e7\u00e3o, f\u00f3rmula de [&hellip;]<\/p>\n","protected":false},"author":47,"featured_media":0,"parent":0,"menu_order":0,"comment_status":"closed","ping_status":"closed","template":"","meta":{"footnotes":""},"class_list":["post-450","page","type-page","status-publish","hentry"],"_links":{"self":[{"href":"https:\/\/portais.santoandre.sp.gov.br\/observatoriomob\/wp-json\/wp\/v2\/pages\/450","targetHints":{"allow":["GET"]}}],"collection":[{"href":"https:\/\/portais.santoandre.sp.gov.br\/observatoriomob\/wp-json\/wp\/v2\/pages"}],"about":[{"href":"https:\/\/portais.santoandre.sp.gov.br\/observatoriomob\/wp-json\/wp\/v2\/types\/page"}],"author":[{"embeddable":true,"href":"https:\/\/portais.santoandre.sp.gov.br\/observatoriomob\/wp-json\/wp\/v2\/users\/47"}],"replies":[{"embeddable":true,"href":"https:\/\/portais.santoandre.sp.gov.br\/observatoriomob\/wp-json\/wp\/v2\/comments?post=450"}],"version-history":[{"count":16,"href":"https:\/\/portais.santoandre.sp.gov.br\/observatoriomob\/wp-json\/wp\/v2\/pages\/450\/revisions"}],"predecessor-version":[{"id":995,"href":"https:\/\/portais.santoandre.sp.gov.br\/observatoriomob\/wp-json\/wp\/v2\/pages\/450\/revisions\/995"}],"wp:attachment":[{"href":"https:\/\/portais.santoandre.sp.gov.br\/observatoriomob\/wp-json\/wp\/v2\/media?parent=450"}],"curies":[{"name":"wp","href":"https:\/\/api.w.org\/{rel}","templated":true}]}}