{"id":1725,"date":"2026-09-02T16:23:30","date_gmt":"2026-09-02T19:23:30","guid":{"rendered":"https:\/\/portais.santoandre.sp.gov.br\/observatoriomob\/?page_id=1725"},"modified":"2026-09-02T16:44:26","modified_gmt":"2026-09-02T19:44:26","slug":"contato","status":"publish","type":"page","link":"https:\/\/portais.santoandre.sp.gov.br\/observatoriomob\/contato\/","title":{"rendered":"Contato"},"content":{"rendered":"\n<p class=\"wp-block-paragraph\">Entre em contato com a nossa equipe para tirar d\u00favidas ou dar sugest\u00f5es:<\/p>\n\n\n\n<p class=\"wp-block-paragraph\"><br><strong>Ger\u00eancia de Planejamento e Projetos de Tr\u00e2nsito \u2013 GPPT<\/strong><\/p>\n\n\n\n<p class=\"wp-block-paragraph\">Rafael Damasceno Savazzi<\/p>\n\n\n\n<ul id=\"block-a6ff9005-bfe7-49c8-9d9a-f7939b748425\" class=\"wp-block-list\">\n<li>e-mail: <a href=\"mailto:RDSavazzi@santoandre.sp.gov.br\">RDSavazzi@santoandre.sp.gov.br<\/a><\/li>\n\n\n\n<li>Telefone :(11) 4468-4430<\/li>\n<\/ul>\n\n\n\n<p class=\"wp-block-paragraph\"><strong>Encarregatura de Estat\u00edstica de Tr\u00e2nsito &#8211; GPPT<\/strong><\/p>\n\n\n\n<p class=\"wp-block-paragraph\">Rita de C\u00e1ssia Sant\u00b4Anna Nardelli<\/p>\n\n\n\n<ul id=\"block-a7503d9a-c34b-4df1-8714-420ee0b1757f\" class=\"wp-block-list\">\n<li>e-mail: <a href=\"mailto:RCSNardelli@santoandre.sp.gov.br\">RCSNardelli@santoandre.sp.gov.br<\/a><\/li>\n\n\n\n<li>Telefone: (11) 4468-4444<\/li>\n<\/ul>\n\n\n\n<p class=\"wp-block-paragraph\">Silvia Cassiano Viera Luiz<\/p>\n\n\n\n<ul id=\"block-734b40b6-b3fd-4140-82ee-c73cf07bb199\" class=\"wp-block-list\">\n<li>e-mail: <a href=\"mailto:SVCLuiz@santoandre.sp.gov.br\">SVCLuiz@santoandre.sp.gov.br<\/a><\/li>\n\n\n\n<li>Telefone: (11) 4468-4440<\/li>\n<\/ul>\n","protected":false},"excerpt":{"rendered":"<p>Entre em contato com a nossa equipe para tirar d\u00favidas ou dar sugest\u00f5es: Ger\u00eancia de Planejamento e Projetos de Tr\u00e2nsito \u2013 GPPT Rafael Damasceno Savazzi Encarregatura de Estat\u00edstica de Tr\u00e2nsito &#8211; GPPT Rita de C\u00e1ssia Sant\u00b4Anna Nardelli Silvia Cassiano Viera Luiz<\/p>\n","protected":false},"author":64,"featured_media":0,"parent":0,"menu_order":0,"comment_status":"closed","ping_status":"closed","template":"","meta":{"footnotes":""},"class_list":["post-1725","page","type-page","status-publish","hentry"],"_links":{"self":[{"href":"https:\/\/portais.santoandre.sp.gov.br\/observatoriomob\/wp-json\/wp\/v2\/pages\/1725","targetHints":{"allow":["GET"]}}],"collection":[{"href":"https:\/\/portais.santoandre.sp.gov.br\/observatoriomob\/wp-json\/wp\/v2\/pages"}],"about":[{"href":"https:\/\/portais.santoandre.sp.gov.br\/observatoriomob\/wp-json\/wp\/v2\/types\/page"}],"author":[{"embeddable":true,"href":"https:\/\/portais.santoandre.sp.gov.br\/observatoriomob\/wp-json\/wp\/v2\/users\/64"}],"replies":[{"embeddable":true,"href":"https:\/\/portais.santoandre.sp.gov.br\/observatoriomob\/wp-json\/wp\/v2\/comments?post=1725"}],"version-history":[{"count":3,"href":"https:\/\/portais.santoandre.sp.gov.br\/observatoriomob\/wp-json\/wp\/v2\/pages\/1725\/revisions"}],"predecessor-version":[{"id":1729,"href":"https:\/\/portais.santoandre.sp.gov.br\/observatoriomob\/wp-json\/wp\/v2\/pages\/1725\/revisions\/1729"}],"wp:attachment":[{"href":"https:\/\/portais.santoandre.sp.gov.br\/observatoriomob\/wp-json\/wp\/v2\/media?parent=1725"}],"curies":[{"name":"wp","href":"https:\/\/api.w.org\/{rel}","templated":true}]}}

<p class="wp-block-paragraph">Entre em contato com a nossa equipe para tirar dúvidas ou dar sugestões:</p>



<p class="wp-block-paragraph"><br><strong>Gerência de Planejamento e Projetos de Trânsito – GPPT</strong></p>



<p class="wp-block-paragraph">Rafael Damasceno Savazzi</p>



<ul id="block-a6ff9005-bfe7-49c8-9d9a-f7939b748425" class="wp-block-list">
<li>e-mail: <a href="mailto:RDSavazzi@santoandre.sp.gov.br">RDSavazzi@santoandre.sp.gov.br</a></li>



<li>Telefone :(11) 4468-4430</li>
</ul>



<p class="wp-block-paragraph"><strong>Encarregatura de Estatística de Trânsito &#8211; GPPT</strong></p>



<p class="wp-block-paragraph">Rita de Cássia Sant´Anna Nardelli</p>



<ul id="block-a7503d9a-c34b-4df1-8714-420ee0b1757f" class="wp-block-list">
<li>e-mail: <a href="mailto:RCSNardelli@santoandre.sp.gov.br">RCSNardelli@santoandre.sp.gov.br</a></li>



<li>Telefone: (11) 4468-4444</li>
</ul>



<p class="wp-block-paragraph">Silvia Cassiano Viera Luiz</p>



<ul id="block-734b40b6-b3fd-4140-82ee-c73cf07bb199" class="wp-block-list">
<li>e-mail: <a href="mailto:SVCLuiz@santoandre.sp.gov.br">SVCLuiz@santoandre.sp.gov.br</a></li>



<li>Telefone: (11) 4468-4440</li>
</ul>

<p>Entre em contato com a nossa equipe para tirar dúvidas ou dar sugestões: Gerência de Planejamento e Projetos de Trânsito – GPPT Rafael Damasceno Savazzi Encarregatura de Estatística de Trânsito &#8211; GPPT Rita de Cássia Sant´Anna Nardelli Silvia Cassiano Viera Luiz</p>
