{"id":1460,"date":"2025-12-09T13:08:59","date_gmt":"2025-12-09T16:08:59","guid":{"rendered":"https:\/\/portais.santoandre.sp.gov.br\/observatoriomob\/?page_id=1460"},"modified":"2025-12-09T13:08:59","modified_gmt":"2025-12-09T16:08:59","slug":"links-uteis","status":"publish","type":"page","link":"https:\/\/portais.santoandre.sp.gov.br\/observatoriomob\/links-uteis\/","title":{"rendered":"Links \u00dateis"},"content":{"rendered":"\n<figure class=\"wp-block-table is-style-stripes\"><table><tbody><tr><td>1<\/td><td>&nbsp;<a href=\"https:\/\/www3.santoandre.sp.gov.br\/portaldotransito\/index.php?view=weblink&amp;catid=6%3Alinks-uteis&amp;id=1%3Aministerio-dos-transportes&amp;option=com_weblinks&amp;Itemid=19\">Minist\u00e9rio dos Transportes<\/a><\/td><\/tr><tr><td>2<\/td><td>&nbsp;<a href=\"https:\/\/www3.santoandre.sp.gov.br\/portaldotransito\/index.php?view=weblink&amp;catid=6%3Alinks-uteis&amp;id=2%3Aministerio-das-cidades&amp;option=com_weblinks&amp;Itemid=19\">Minist\u00e9rio das Cidades<\/a><\/td><\/tr><tr><td>3<\/td><td>&nbsp;<a href=\"https:\/\/www3.santoandre.sp.gov.br\/portaldotransito\/index.php?view=weblink&amp;catid=6%3Alinks-uteis&amp;id=3%3Aantt-agencia-nacional-de-transportes-terrestres&amp;option=com_weblinks&amp;Itemid=19\">ANTT \u2013 Ag\u00eancia Nacional de Transportes Terrestres<\/a><\/td><\/tr><tr><td>4<\/td><td>&nbsp;<a href=\"https:\/\/www3.santoandre.sp.gov.br\/portaldotransito\/index.php?view=weblink&amp;catid=6%3Alinks-uteis&amp;id=4%3Aantaq-agencia-nacional-de-transportes-aquaviarios&amp;option=com_weblinks&amp;Itemid=19\">ANTAQ \u2013 Ag\u00eancia Nacional de Transportes Aquavi\u00e1rios<\/a><\/td><\/tr><tr><td>5<\/td><td>&nbsp;<a href=\"https:\/\/www3.santoandre.sp.gov.br\/portaldotransito\/index.php?view=weblink&amp;catid=6%3Alinks-uteis&amp;id=5%3Adnit--departamento-nacional-de-infraestrutura-de-transportes&amp;option=com_weblinks&amp;Itemid=19\">DNIT \u2013 Departamento Nacional de Infraestrutura de Transportes<\/a><\/td><\/tr><tr><td>6<\/td><td>&nbsp;<a href=\"https:\/\/www3.santoandre.sp.gov.br\/portaldotransito\/index.php?view=weblink&amp;catid=6%3Alinks-uteis&amp;id=6%3Adenatran--departamento-nacional-de-transito&amp;option=com_weblinks&amp;Itemid=19\">DENATRAN \u2013 Departamento Nacional de Tr\u00e2nsito<\/a><\/td><\/tr><tr><td>7<\/td><td>&nbsp;<a href=\"https:\/\/www3.santoandre.sp.gov.br\/portaldotransito\/index.php?view=weblink&amp;catid=6%3Alinks-uteis&amp;id=7%3Acontran--conselho-nacional-de-transito&amp;option=com_weblinks&amp;Itemid=19\">CONTRAN \u2013 Conselho Nacional de Tr\u00e2nsito<\/a><\/td><\/tr><tr><td>8<\/td><td>&nbsp;<a href=\"https:\/\/www3.santoandre.sp.gov.br\/portaldotransito\/index.php?view=weblink&amp;catid=6%3Alinks-uteis&amp;id=8%3Asecretaria-estadual-de-logistica-e-transportes&amp;option=com_weblinks&amp;Itemid=19\">Secretaria Estadual de Log\u00edstica e Transportes<\/a><\/td><\/tr><tr><td>9<\/td><td>&nbsp;<a href=\"https:\/\/www3.santoandre.sp.gov.br\/portaldotransito\/index.php?view=weblink&amp;catid=6%3Alinks-uteis&amp;id=9%3Astm-secretaria-estadual-dos-transportes-metropolitanos&amp;option=com_weblinks&amp;Itemid=19\">STM \u2013 Secretaria Estadual dos Transportes Metropolitanos<\/a><\/td><\/tr><tr><td>10<\/td><td>&nbsp;<a href=\"https:\/\/www3.santoandre.sp.gov.br\/portaldotransito\/index.php?view=weblink&amp;catid=6%3Alinks-uteis&amp;id=10%3Adetran-departamento-estadual-de-transito--sp&amp;option=com_weblinks&amp;Itemid=19\">DETRAN \u2013 Departamento Estadual de Tr\u00e2nsito \u2013 SP<\/a><\/td><\/tr><tr><td>11<\/td><td>&nbsp;<a href=\"https:\/\/www3.santoandre.sp.gov.br\/portaldotransito\/index.php?view=weblink&amp;catid=6%3Alinks-uteis&amp;id=11%3Acetran--conselho-estadual-de-transito-do-estado-de-sao-paulo&amp;option=com_weblinks&amp;Itemid=19\">CETRAN \u2013 Conselho Estadual de Tr\u00e2nsito do Estado de S\u00e3o Paulo<\/a><\/td><\/tr><tr><td>12<\/td><td>&nbsp;<a href=\"https:\/\/www3.santoandre.sp.gov.br\/portaldotransito\/index.php?view=weblink&amp;catid=6%3Alinks-uteis&amp;id=12%3Aciretran&amp;option=com_weblinks&amp;Itemid=19\">CIRETRAN<\/a><\/td><\/tr><tr><td>13<\/td><td>&nbsp;<a href=\"https:\/\/www3.santoandre.sp.gov.br\/portaldotransito\/index.php?view=weblink&amp;catid=6%3Alinks-uteis&amp;id=13%3A23o-ciretran-santo-andre-&amp;option=com_weblinks&amp;Itemid=19\">23\u00ba CIRETRAN \u2013 SANTO ANDR\u00c9, Localiza\u00e7\u00e3o<\/a><\/td><\/tr><tr><td>14<\/td><td>&nbsp;<a href=\"https:\/\/www3.santoandre.sp.gov.br\/portaldotransito\/index.php?view=weblink&amp;catid=6%3Alinks-uteis&amp;id=14%3Ajari&amp;option=com_weblinks&amp;Itemid=19\">JARI<\/a><\/td><\/tr><tr><td>15<\/td><td>&nbsp;<a href=\"https:\/\/www3.santoandre.sp.gov.br\/portaldotransito\/index.php?view=weblink&amp;catid=6%3Alinks-uteis&amp;id=15%3Apolicia-rodoviaria-federal&amp;option=com_weblinks&amp;Itemid=19\">Pol\u00edcia Rodovi\u00e1ria Federal<\/a><\/td><\/tr><tr><td>16<\/td><td>&nbsp;<a href=\"https:\/\/www3.santoandre.sp.gov.br\/portaldotransito\/index.php?view=weblink&amp;catid=6%3Alinks-uteis&amp;id=16%3Asa-trans&amp;option=com_weblinks&amp;Itemid=19\">SA Trans<\/a><\/td><\/tr><tr><td>17<\/td><td>&nbsp;&nbsp;<a href=\"https:\/\/www3.santoandre.sp.gov.br\/portaldotransito\/index.php?view=weblink&amp;catid=6%3Alinks-uteis&amp;id=27%3Adepartment-of-transport-da-inglaterra&amp;option=com_weblinks&amp;Itemid=19\">Department of Transport da Inglaterra<\/a><\/td><\/tr><\/tbody><\/table><\/figure>\n","protected":false},"excerpt":{"rendered":"<p>1 &nbsp;Minist\u00e9rio dos Transportes 2 &nbsp;Minist\u00e9rio das Cidades 3 &nbsp;ANTT \u2013 Ag\u00eancia Nacional de Transportes Terrestres 4 &nbsp;ANTAQ \u2013 Ag\u00eancia Nacional de Transportes Aquavi\u00e1rios 5 &nbsp;DNIT \u2013 Departamento Nacional de Infraestrutura de Transportes 6 &nbsp;DENATRAN \u2013 Departamento Nacional de Tr\u00e2nsito 7 &nbsp;CONTRAN \u2013 Conselho Nacional de Tr\u00e2nsito 8 &nbsp;Secretaria Estadual de Log\u00edstica e Transportes 9 [&hellip;]<\/p>\n","protected":false},"author":1,"featured_media":0,"parent":0,"menu_order":0,"comment_status":"closed","ping_status":"closed","template":"","meta":{"footnotes":""},"class_list":["post-1460","page","type-page","status-publish","hentry"],"_links":{"self":[{"href":"https:\/\/portais.santoandre.sp.gov.br\/observatoriomob\/wp-json\/wp\/v2\/pages\/1460","targetHints":{"allow":["GET"]}}],"collection":[{"href":"https:\/\/portais.santoandre.sp.gov.br\/observatoriomob\/wp-json\/wp\/v2\/pages"}],"about":[{"href":"https:\/\/portais.santoandre.sp.gov.br\/observatoriomob\/wp-json\/wp\/v2\/types\/page"}],"author":[{"embeddable":true,"href":"https:\/\/portais.santoandre.sp.gov.br\/observatoriomob\/wp-json\/wp\/v2\/users\/1"}],"replies":[{"embeddable":true,"href":"https:\/\/portais.santoandre.sp.gov.br\/observatoriomob\/wp-json\/wp\/v2\/comments?post=1460"}],"version-history":[{"count":1,"href":"https:\/\/portais.santoandre.sp.gov.br\/observatoriomob\/wp-json\/wp\/v2\/pages\/1460\/revisions"}],"predecessor-version":[{"id":1461,"href":"https:\/\/portais.santoandre.sp.gov.br\/observatoriomob\/wp-json\/wp\/v2\/pages\/1460\/revisions\/1461"}],"wp:attachment":[{"href":"https:\/\/portais.santoandre.sp.gov.br\/observatoriomob\/wp-json\/wp\/v2\/media?parent=1460"}],"curies":[{"name":"wp","href":"https:\/\/api.w.org\/{rel}","templated":true}]}}