{"id":623,"date":"2025-09-29T14:16:34","date_gmt":"2025-09-29T17:16:34","guid":{"rendered":"https:\/\/portais.santoandre.sp.gov.br\/hospitaldamulher\/?page_id=623"},"modified":"2025-11-07T17:08:25","modified_gmt":"2025-11-07T20:08:25","slug":"atendimento-ambulatorial","status":"publish","type":"page","link":"https:\/\/portais.santoandre.sp.gov.br\/hospitaldamulher\/atendimento-ambulatorial\/","title":{"rendered":"Atendimento Ambulatorial"},"content":{"rendered":"\n<p>Atendimento ginecol\u00f3gico cir\u00fargico e ambulat\u00f3rio pr\u00e9-anest\u00e9sico;<\/p>\n\n\n\n<p>Mastologia (casos cir\u00fargicos), oncoginecologia, gestantes de alto risco, nutri\u00e7\u00e3o;<\/p>\n\n\n\n<p>Atendimento ao RN (equipe multiprofissional):<\/p>\n\n\n\n<ul class=\"wp-block-list\">\n<li>Oftalmologia<\/li>\n\n\n\n<li>Prematuros<\/li>\n\n\n\n<li>Aleitamento Materno<\/li>\n<\/ul>\n","protected":false},"excerpt":{"rendered":"<p>Atendimento ginecol\u00f3gico cir\u00fargico e ambulat\u00f3rio pr\u00e9-anest\u00e9sico; Mastologia (casos cir\u00fargicos), oncoginecologia, gestantes de alto risco, nutri\u00e7\u00e3o; Atendimento ao RN (equipe multiprofissional):<\/p>\n","protected":false},"author":39,"featured_media":0,"parent":0,"menu_order":0,"comment_status":"closed","ping_status":"closed","template":"","meta":{"footnotes":""},"class_list":["post-623","page","type-page","status-publish","hentry"],"_links":{"self":[{"href":"https:\/\/portais.santoandre.sp.gov.br\/hospitaldamulher\/wp-json\/wp\/v2\/pages\/623","targetHints":{"allow":["GET"]}}],"collection":[{"href":"https:\/\/portais.santoandre.sp.gov.br\/hospitaldamulher\/wp-json\/wp\/v2\/pages"}],"about":[{"href":"https:\/\/portais.santoandre.sp.gov.br\/hospitaldamulher\/wp-json\/wp\/v2\/types\/page"}],"author":[{"embeddable":true,"href":"https:\/\/portais.santoandre.sp.gov.br\/hospitaldamulher\/wp-json\/wp\/v2\/users\/39"}],"replies":[{"embeddable":true,"href":"https:\/\/portais.santoandre.sp.gov.br\/hospitaldamulher\/wp-json\/wp\/v2\/comments?post=623"}],"version-history":[{"count":2,"href":"https:\/\/portais.santoandre.sp.gov.br\/hospitaldamulher\/wp-json\/wp\/v2\/pages\/623\/revisions"}],"predecessor-version":[{"id":655,"href":"https:\/\/portais.santoandre.sp.gov.br\/hospitaldamulher\/wp-json\/wp\/v2\/pages\/623\/revisions\/655"}],"wp:attachment":[{"href":"https:\/\/portais.santoandre.sp.gov.br\/hospitaldamulher\/wp-json\/wp\/v2\/media?parent=623"}],"curies":[{"name":"wp","href":"https:\/\/api.w.org\/{rel}","templated":true}]}}