{"id":592,"date":"2024-07-18T11:52:07","date_gmt":"2024-07-18T14:52:07","guid":{"rendered":"https:\/\/portais.santoandre.sp.gov.br\/gcm\/?page_id=592"},"modified":"2024-07-18T13:23:52","modified_gmt":"2024-07-18T16:23:52","slug":"horario-de-atendimento-endereco-e-telefone","status":"publish","type":"page","link":"https:\/\/portais.santoandre.sp.gov.br\/gcm\/horario-de-atendimento-endereco-e-telefone\/","title":{"rendered":"Hor\u00e1rio de Atendimento, Endere\u00e7o e Telefone"},"content":{"rendered":"\n<p>8h \u00e1s 17h<\/p>\n\n\n\n<p>Pra\u00e7a IV centen\u00e1rio, n\u00ba 01 &#8211; 3\u00ba andar<\/p>\n\n\n\n<p>Telefone: (11) 4433 &#8211; 7503<\/p>\n","protected":false},"excerpt":{"rendered":"<p>8h \u00e1s 17h Pra\u00e7a IV centen\u00e1rio, n\u00ba 01 &#8211; 3\u00ba andar Telefone: (11) 4433 &#8211; 7503<\/p>\n","protected":false},"author":48,"featured_media":0,"parent":0,"menu_order":0,"comment_status":"closed","ping_status":"closed","template":"","meta":{"footnotes":""},"class_list":["post-592","page","type-page","status-publish","hentry"],"_links":{"self":[{"href":"https:\/\/portais.santoandre.sp.gov.br\/gcm\/wp-json\/wp\/v2\/pages\/592","targetHints":{"allow":["GET"]}}],"collection":[{"href":"https:\/\/portais.santoandre.sp.gov.br\/gcm\/wp-json\/wp\/v2\/pages"}],"about":[{"href":"https:\/\/portais.santoandre.sp.gov.br\/gcm\/wp-json\/wp\/v2\/types\/page"}],"author":[{"embeddable":true,"href":"https:\/\/portais.santoandre.sp.gov.br\/gcm\/wp-json\/wp\/v2\/users\/48"}],"replies":[{"embeddable":true,"href":"https:\/\/portais.santoandre.sp.gov.br\/gcm\/wp-json\/wp\/v2\/comments?post=592"}],"version-history":[{"count":2,"href":"https:\/\/portais.santoandre.sp.gov.br\/gcm\/wp-json\/wp\/v2\/pages\/592\/revisions"}],"predecessor-version":[{"id":706,"href":"https:\/\/portais.santoandre.sp.gov.br\/gcm\/wp-json\/wp\/v2\/pages\/592\/revisions\/706"}],"wp:attachment":[{"href":"https:\/\/portais.santoandre.sp.gov.br\/gcm\/wp-json\/wp\/v2\/media?parent=592"}],"curies":[{"name":"wp","href":"https:\/\/api.w.org\/{rel}","templated":true}]}}