{"id":156,"date":"2023-05-31T01:34:45","date_gmt":"2023-05-31T04:34:45","guid":{"rendered":"https:\/\/portais.santoandre.sp.gov.br\/gcm\/?page_id=156"},"modified":"2024-08-05T14:55:33","modified_gmt":"2024-08-05T17:55:33","slug":"capacitacao","status":"publish","type":"page","link":"https:\/\/portais.santoandre.sp.gov.br\/gcm\/capacitacao\/","title":{"rendered":"Centro de Forma\u00e7\u00e3o da GCM"},"content":{"rendered":"\n<figure class=\"wp-block-image size-large is-resized\"><img fetchpriority=\"high\" decoding=\"async\" width=\"1024\" height=\"557\" src=\"https:\/\/portais.santoandre.sp.gov.br\/gcm\/wp-content\/uploads\/sites\/7\/2024\/07\/IMG-20240110-WA0012-1024x557.jpg\" alt=\"\" class=\"wp-image-527\" style=\"aspect-ratio:1.8384201077199283;width:842px;height:auto\" srcset=\"https:\/\/portais.santoandre.sp.gov.br\/gcm\/wp-content\/uploads\/sites\/7\/2024\/07\/IMG-20240110-WA0012-1024x557.jpg 1024w, https:\/\/portais.santoandre.sp.gov.br\/gcm\/wp-content\/uploads\/sites\/7\/2024\/07\/IMG-20240110-WA0012-300x163.jpg 300w, https:\/\/portais.santoandre.sp.gov.br\/gcm\/wp-content\/uploads\/sites\/7\/2024\/07\/IMG-20240110-WA0012-768x418.jpg 768w, https:\/\/portais.santoandre.sp.gov.br\/gcm\/wp-content\/uploads\/sites\/7\/2024\/07\/IMG-20240110-WA0012-1536x835.jpg 1536w, https:\/\/portais.santoandre.sp.gov.br\/gcm\/wp-content\/uploads\/sites\/7\/2024\/07\/IMG-20240110-WA0012.jpg 1600w\" sizes=\"(max-width: 1024px) 100vw, 1024px\" \/><\/figure>\n\n\n\n<div style=\"height:21px\" aria-hidden=\"true\" class=\"wp-block-spacer\"><\/div>\n\n\n\n<h2 class=\"wp-block-heading\">Capacita\u00e7\u00e3o profissional<\/h2>\n\n\n\n<div style=\"height:18px\" aria-hidden=\"true\" class=\"wp-block-spacer\"><\/div>\n\n\n\n<div class=\"wp-block-stackable-text stk-block-text stk-block stk-a703980\" data-block-id=\"a703980\"><p class=\"stk-block-text__text has-text-align-justify\">Por Lei todo efetivo que trabalha armado \u00e9 obrigado a realizar capacita\u00e7\u00e3o anual, al\u00e9m do curso de forma\u00e7\u00e3o quando do ingresso na carreira, que dura seis meses inteiros.<\/p><\/div>\n\n\n\n<div class=\"wp-block-stackable-text stk-block-text stk-block stk-208a3f9\" data-block-id=\"208a3f9\"><p class=\"stk-block-text__text has-text-align-justify\">Nestes cursos anuais <b>s\u00e3o abordados diversos temas, treinamentos e atividades, tanto de cunho cient\u00edfico quanto operacional, com aulas expositivas, oficinas, teatros e simulados.&nbsp;<\/b><\/p><\/div>\n\n\n\n<div class=\"wp-block-stackable-text stk-block-text stk-block stk-289a873\" data-block-id=\"289a873\"><p class=\"stk-block-text__text has-text-align-justify\">As disciplinas v\u00e3o desde Linguagem Brasileira de Sinais, Gest\u00e3o de Recursos Humanos, Direito at\u00e9 situa\u00e7\u00f5es de roubo com tomada de ref\u00e9ns, sempre atendendo a Matriz Curricular Nacional para Forma\u00e7\u00e3o em Seguran\u00e7a P\u00fablica.<\/p><\/div>\n\n\n\n<div style=\"height:100px\" aria-hidden=\"true\" class=\"wp-block-spacer\"><\/div>\n","protected":false},"excerpt":{"rendered":"<p>Capacita\u00e7\u00e3o profissional Por Lei todo efetivo que trabalha armado \u00e9 obrigado a realizar capacita\u00e7\u00e3o anual, al\u00e9m do curso de forma\u00e7\u00e3o quando do ingresso na carreira, que dura seis meses inteiros. Nestes cursos anuais s\u00e3o abordados diversos temas, treinamentos e atividades, tanto de cunho cient\u00edfico quanto operacional, com aulas expositivas, oficinas, teatros e simulados.&nbsp; As disciplinas [&hellip;]<\/p>\n","protected":false},"author":2,"featured_media":160,"parent":0,"menu_order":0,"comment_status":"closed","ping_status":"closed","template":"","meta":{"footnotes":""},"class_list":["post-156","page","type-page","status-publish","has-post-thumbnail","hentry"],"_links":{"self":[{"href":"https:\/\/portais.santoandre.sp.gov.br\/gcm\/wp-json\/wp\/v2\/pages\/156","targetHints":{"allow":["GET"]}}],"collection":[{"href":"https:\/\/portais.santoandre.sp.gov.br\/gcm\/wp-json\/wp\/v2\/pages"}],"about":[{"href":"https:\/\/portais.santoandre.sp.gov.br\/gcm\/wp-json\/wp\/v2\/types\/page"}],"author":[{"embeddable":true,"href":"https:\/\/portais.santoandre.sp.gov.br\/gcm\/wp-json\/wp\/v2\/users\/2"}],"replies":[{"embeddable":true,"href":"https:\/\/portais.santoandre.sp.gov.br\/gcm\/wp-json\/wp\/v2\/comments?post=156"}],"version-history":[{"count":9,"href":"https:\/\/portais.santoandre.sp.gov.br\/gcm\/wp-json\/wp\/v2\/pages\/156\/revisions"}],"predecessor-version":[{"id":748,"href":"https:\/\/portais.santoandre.sp.gov.br\/gcm\/wp-json\/wp\/v2\/pages\/156\/revisions\/748"}],"wp:featuredmedia":[{"embeddable":true,"href":"https:\/\/portais.santoandre.sp.gov.br\/gcm\/wp-json\/wp\/v2\/media\/160"}],"wp:attachment":[{"href":"https:\/\/portais.santoandre.sp.gov.br\/gcm\/wp-json\/wp\/v2\/media?parent=156"}],"curies":[{"name":"wp","href":"https:\/\/api.w.org\/{rel}","templated":true}]}}

Centro de Formação da GCM

<figure class="wp-block-image size-large is-resized"><img fetchpriority="high" decoding="async" width="1024" height="557" src="https://portais.santoandre.sp.gov.br/gcm/wp-content/uploads/sites/7/2024/07/IMG-20240110-WA0012-1024x557.jpg" alt="" class="wp-image-527" style="aspect-ratio:1.8384201077199283;width:842px;height:auto" srcset="https://portais.santoandre.sp.gov.br/gcm/wp-content/uploads/sites/7/2024/07/IMG-20240110-WA0012-1024x557.jpg 1024w, https://portais.santoandre.sp.gov.br/gcm/wp-content/uploads/sites/7/2024/07/IMG-20240110-WA0012-300x163.jpg 300w, https://portais.santoandre.sp.gov.br/gcm/wp-content/uploads/sites/7/2024/07/IMG-20240110-WA0012-768x418.jpg 768w, https://portais.santoandre.sp.gov.br/gcm/wp-content/uploads/sites/7/2024/07/IMG-20240110-WA0012-1536x835.jpg 1536w, https://portais.santoandre.sp.gov.br/gcm/wp-content/uploads/sites/7/2024/07/IMG-20240110-WA0012.jpg 1600w" sizes="(max-width: 1024px) 100vw, 1024px" /></figure>



<div style="height:21px" aria-hidden="true" class="wp-block-spacer"></div>



<h2 class="wp-block-heading">Capacitação profissional</h2>



<div style="height:18px" aria-hidden="true" class="wp-block-spacer"></div>



<div class="wp-block-stackable-text stk-block-text stk-block stk-a703980" data-block-id="a703980"><p class="stk-block-text__text has-text-align-justify">Por Lei todo efetivo que trabalha armado é obrigado a realizar capacitação anual, além do curso de formação quando do ingresso na carreira, que dura seis meses inteiros.</p></div>



<div class="wp-block-stackable-text stk-block-text stk-block stk-208a3f9" data-block-id="208a3f9"><p class="stk-block-text__text has-text-align-justify">Nestes cursos anuais <b>são abordados diversos temas, treinamentos e atividades, tanto de cunho científico quanto operacional, com aulas expositivas, oficinas, teatros e simulados.&nbsp;</b></p></div>



<div class="wp-block-stackable-text stk-block-text stk-block stk-289a873" data-block-id="289a873"><p class="stk-block-text__text has-text-align-justify">As disciplinas vão desde Linguagem Brasileira de Sinais, Gestão de Recursos Humanos, Direito até situações de roubo com tomada de reféns, sempre atendendo a Matriz Curricular Nacional para Formação em Segurança Pública.</p></div>



<div style="height:100px" aria-hidden="true" class="wp-block-spacer"></div>

<p>Capacitação profissional Por Lei todo efetivo que trabalha armado é obrigado a realizar capacitação anual, além do curso de formação quando do ingresso na carreira, que dura seis meses inteiros. Nestes cursos anuais são abordados diversos temas, treinamentos e atividades, tanto de cunho científico quanto operacional, com aulas expositivas, oficinas, teatros e simulados.&nbsp; As disciplinas [&hellip;]</p>
