{"id":2911,"date":"2023-09-25T17:01:50","date_gmt":"2023-09-25T20:01:50","guid":{"rendered":"https:\/\/portais.santoandre.sp.gov.br\/escoladegoverno\/?page_id=2911"},"modified":"2024-04-10T16:28:59","modified_gmt":"2024-04-10T19:28:59","slug":"comunicacao-e-oratoria","status":"publish","type":"page","link":"https:\/\/portais.santoandre.sp.gov.br\/escoladegoverno\/comunicacao-e-oratoria\/","title":{"rendered":"Comunica\u00e7\u00e3o e Orat\u00f3ria"},"content":{"rendered":"\n<figure class=\"wp-block-image size-full\"><img fetchpriority=\"high\" decoding=\"async\" width=\"980\" height=\"368\" src=\"https:\/\/portais.santoandre.sp.gov.br\/escoladegoverno\/wp-content\/uploads\/sites\/2\/2024\/02\/banner-egea-cursos-Comunicacao-Oratoria.png\" alt=\"\" class=\"wp-image-3431\" srcset=\"https:\/\/portais.santoandre.sp.gov.br\/escoladegoverno\/wp-content\/uploads\/sites\/2\/2024\/02\/banner-egea-cursos-Comunicacao-Oratoria.png 980w, https:\/\/portais.santoandre.sp.gov.br\/escoladegoverno\/wp-content\/uploads\/sites\/2\/2024\/02\/banner-egea-cursos-Comunicacao-Oratoria-300x113.png 300w, https:\/\/portais.santoandre.sp.gov.br\/escoladegoverno\/wp-content\/uploads\/sites\/2\/2024\/02\/banner-egea-cursos-Comunicacao-Oratoria-768x288.png 768w\" sizes=\"(max-width: 980px) 100vw, 980px\" \/><\/figure>\n\n\n\n<div style=\"height:41px\" aria-hidden=\"true\" class=\"wp-block-spacer\"><\/div>\n\n\n\n<div class=\"wp-block-stackable-text stk-block-text stk-block stk-7c5b74d\" data-block-id=\"7c5b74d\"><style>.stk-7c5b74d .stk-block-text__text{font-size:18px !important}@media screen and (max-width:1023px){.stk-7c5b74d .stk-block-text__text{font-size:18px !important}}<\/style><p class=\"stk-block-text__text has-text-align-justify\">Este curso tem como objetivo apresentar algumas t\u00e9cnicas de orat\u00f3ria que possibilitem o aluno a <strong>estruturar sua argumenta\u00e7\u00e3o, modular sua voz, controlar a ansiedade atrav\u00e9s de exerc\u00edcios de respira\u00e7\u00e3o e gerar <em>rapport<\/em><\/strong> (conex\u00e3o genu\u00edna com uma ou mais pessoas).<\/p><\/div>\n\n\n\n<div style=\"height:100px\" aria-hidden=\"true\" class=\"wp-block-spacer\"><\/div>\n\n\n\n<details class=\"wp-block-stackable-accordion stk-block-accordion stk-inner-blocks stk-block-content stk--is-open stk-block stk-0db2321 is-style-default\" open data-block-id=\"0db2321\">\n<summary class=\"wp-block-stackable-column stk-block-column stk-column stk-block stk-0bb397b stk--container-small stk-block-accordion__heading\" data-v=\"4\" data-block-id=\"0bb397b\"><div class=\"stk-column-wrapper stk-block-column__content stk-container stk-0bb397b-container stk-hover-parent\"><div class=\"stk-block-content stk-inner-blocks stk-0bb397b-inner-blocks\">\n<div class=\"wp-block-stackable-icon-label stk-block-icon-label stk-block stk-44ba4ec\" data-block-id=\"44ba4ec\"><div class=\"stk-row stk-inner-blocks stk-block-content\">\n<div class=\"wp-block-stackable-heading stk-block-heading stk-block-heading--v2 stk-block stk-06a9ce1\" id=\"span-style-color-00316-a-class-stk-highlight-informacoes-span\" data-block-id=\"06a9ce1\"><h4 class=\"stk-block-heading__text\"><span style=\"color: #00316a\" class=\"stk-highlight\">Informa\u00e7\u00f5es<\/span><\/h4><\/div>\n\n\n\n<div class=\"wp-block-stackable-icon stk-block-icon stk-block stk-63dca2d\" data-block-id=\"63dca2d\"><span class=\"stk--svg-wrapper\"><div class=\"stk--inner-svg\"><svg style=\"height:0;width:0\"><defs><linearGradient id=\"linear-gradient-63dca2d\" x1=\"0\" x2=\"100%\" y1=\"0\" y2=\"0\"><stop offset=\"0%\" style=\"stop-opacity:1;stop-color:var(--linear-gradient-63-dca-2-d-color-1)\"><\/stop><stop offset=\"100%\" style=\"stop-opacity:1;stop-color:var(--linear-gradient-63-dca-2-d-color-2)\"><\/stop><\/linearGradient><\/defs><\/svg><svg data-prefix=\"fas\" data-icon=\"chevron-down\" class=\"svg-inline--fa fa-chevron-down fa-w-14\" xmlns=\"http:\/\/www.w3.org\/2000\/svg\" viewBox=\"0 0 448 512\" aria-hidden=\"true\" width=\"32\" height=\"32\"><path fill=\"currentColor\" d=\"M207.029 381.476L12.686 187.132c-9.373-9.373-9.373-24.569 0-33.941l22.667-22.667c9.357-9.357 24.522-9.375 33.901-.04L224 284.505l154.745-154.021c9.379-9.335 24.544-9.317 33.901.04l22.667 22.667c9.373 9.373 9.373 24.569 0 33.941L240.971 381.476c-9.373 9.372-24.569 9.372-33.942 0z\"><\/path><\/svg><\/div><\/span><\/div>\n<\/div><\/div>\n<\/div><\/div><\/summary>\n\n\n\n<div class=\"wp-block-stackable-column stk-block-column stk-column stk-block stk-bc915b5 stk-block-accordion__content\" data-v=\"4\" data-block-id=\"bc915b5\"><div class=\"stk-column-wrapper stk-block-column__content stk-container stk-bc915b5-container stk--no-background stk--no-padding\"><div class=\"stk-block-content stk-inner-blocks stk-bc915b5-inner-blocks\">\n<div class=\"wp-block-stackable-text stk-block-text stk-block stk-7f45997\" data-block-id=\"7f45997\"><style>.stk-7f45997 .stk-block-text__text{font-size:20px !important}@media screen and (max-width:1023px){.stk-7f45997 .stk-block-text__text{font-size:20px !important}}<\/style><p class=\"stk-block-text__text\"><strong>Tutor:<\/strong> Waldir Luiz da Silva<\/p><\/div>\n\n\n\n<div class=\"wp-block-stackable-text stk-block-text stk-block stk-27b5feb\" data-block-id=\"27b5feb\"><style>.stk-27b5feb .stk-block-text__text{font-size:20px !important}@media screen and (max-width:1023px){.stk-27b5feb .stk-block-text__text{font-size:20px !important}}<\/style><p class=\"stk-block-text__text\"><strong>Carga hor\u00e1ria: <\/strong>9 horas<\/p><\/div>\n\n\n\n<div class=\"wp-block-stackable-text stk-block-text stk-block stk-46a8dab\" data-block-id=\"46a8dab\"><style>.stk-46a8dab .stk-block-text__text{font-size:20px !important}@media screen and (max-width:1023px){.stk-46a8dab .stk-block-text__text{font-size:20px !important}}<\/style><p class=\"stk-block-text__text\"><strong>P\u00fablico:<\/strong> Servidores p\u00fablicos da administra\u00e7\u00e3o direta e indireta.<\/p><\/div>\n\n\n\n<div class=\"wp-block-stackable-text stk-block-text stk-block stk-de3687a\" data-block-id=\"de3687a\"><style>.stk-de3687a .stk-block-text__text{font-size:20px !important}@media screen and (max-width:1023px){.stk-de3687a .stk-block-text__text{font-size:20px !important}}<\/style><p class=\"stk-block-text__text\"><strong>Vagas:<\/strong> 15 vagas<\/p><\/div>\n\n\n\n<div class=\"wp-block-stackable-text stk-block-text stk-block stk-e905d0c\" data-block-id=\"e905d0c\"><style>.stk-e905d0c .stk-block-text__text{font-size:20px !important}@media screen and (max-width:1023px){.stk-e905d0c .stk-block-text__text{font-size:20px !important}}<\/style><p class=\"stk-block-text__text\"><strong>Pr\u00f3xima Turma:<\/strong> 18, 22 e 25 de abril de 2024 &#8211; Das 14h00 \u00e0s 17h00<\/p><\/div>\n\n\n\n<div class=\"wp-block-stackable-text stk-block-text stk-block stk-90ac72c\" data-block-id=\"90ac72c\"><style>.stk-90ac72c .stk-block-text__text{font-size:20px !important}@media screen and (max-width:1023px){.stk-90ac72c .stk-block-text__text{font-size:20px !important}}<\/style><p class=\"stk-block-text__text\"><strong>Inscri\u00e7\u00f5es: <\/strong>De 10\/04\/2024 a 16\/04\/2024<\/p><\/div>\n\n\n\n<div class=\"wp-block-stackable-text stk-block-text stk-block stk-b941df9\" data-block-id=\"b941df9\"><style>.stk-b941df9 .stk-block-text__text{font-size:20px !important}@media screen and (max-width:1023px){.stk-b941df9 .stk-block-text__text{font-size:20px !important}}<\/style><p class=\"stk-block-text__text\"><strong>Local:<\/strong> Audit\u00f3rio do SEMASA<\/p><\/div>\n<\/div><\/div><\/div>\n<\/details>\n\n\n\n<div style=\"height:100px\" aria-hidden=\"true\" class=\"wp-block-spacer\"><\/div>\n\n\n\n<h3 class=\"wp-block-heading\">Inscreva-se <strong>agora!<\/strong><\/h3>\n\n\n\n<div class=\"wp-block-weforms-form\"><div class=\"wpuf-info\">Desculpe! Todas as inscri\u00e7\u00f5es foram preenchidas. Em breve disponibilizaremos novas turmas.<\/div><\/div>\n\n\n\n<div style=\"height:101px\" aria-hidden=\"true\" class=\"wp-block-spacer\"><\/div>\n\n\n\n<p><\/p>\n","protected":false},"excerpt":{"rendered":"<p>Este curso tem como objetivo apresentar algumas t\u00e9cnicas de orat\u00f3ria que possibilitem o aluno a estruturar sua argumenta\u00e7\u00e3o, modular sua voz, controlar a ansiedade atrav\u00e9s de exerc\u00edcios de respira\u00e7\u00e3o e gerar rapport (conex\u00e3o genu\u00edna com uma ou mais pessoas). Informa\u00e7\u00f5es Tutor: Waldir Luiz da Silva Carga hor\u00e1ria: 9 horas P\u00fablico: Servidores p\u00fablicos da administra\u00e7\u00e3o direta [&hellip;]<\/p>\n","protected":false},"author":2,"featured_media":0,"parent":0,"menu_order":0,"comment_status":"closed","ping_status":"closed","template":"","meta":{"footnotes":""},"class_list":["post-2911","page","type-page","status-publish","hentry"],"_links":{"self":[{"href":"https:\/\/portais.santoandre.sp.gov.br\/escoladegoverno\/wp-json\/wp\/v2\/pages\/2911","targetHints":{"allow":["GET"]}}],"collection":[{"href":"https:\/\/portais.santoandre.sp.gov.br\/escoladegoverno\/wp-json\/wp\/v2\/pages"}],"about":[{"href":"https:\/\/portais.santoandre.sp.gov.br\/escoladegoverno\/wp-json\/wp\/v2\/types\/page"}],"author":[{"embeddable":true,"href":"https:\/\/portais.santoandre.sp.gov.br\/escoladegoverno\/wp-json\/wp\/v2\/users\/2"}],"replies":[{"embeddable":true,"href":"https:\/\/portais.santoandre.sp.gov.br\/escoladegoverno\/wp-json\/wp\/v2\/comments?post=2911"}],"version-history":[{"count":10,"href":"https:\/\/portais.santoandre.sp.gov.br\/escoladegoverno\/wp-json\/wp\/v2\/pages\/2911\/revisions"}],"predecessor-version":[{"id":3768,"href":"https:\/\/portais.santoandre.sp.gov.br\/escoladegoverno\/wp-json\/wp\/v2\/pages\/2911\/revisions\/3768"}],"wp:attachment":[{"href":"https:\/\/portais.santoandre.sp.gov.br\/escoladegoverno\/wp-json\/wp\/v2\/media?parent=2911"}],"curies":[{"name":"wp","href":"https:\/\/api.w.org\/{rel}","templated":true}]}}