{"id":396,"date":"2025-07-22T11:57:43","date_gmt":"2025-07-22T14:57:43","guid":{"rendered":"https:\/\/portais.santoandre.sp.gov.br\/escoladasaude\/?page_id=396"},"modified":"2025-07-22T11:59:14","modified_gmt":"2025-07-22T14:59:14","slug":"submissao-de-materiais-cientificos","status":"publish","type":"page","link":"https:\/\/portais.santoandre.sp.gov.br\/escoladasaude\/submissao-de-materiais-cientificos\/","title":{"rendered":"Submiss\u00e3o de Materiais Cient\u00edficos"},"content":{"rendered":"\n<p>A Escola da Sa\u00fade de Santo Andr\u00e9 convida profissionais da sa\u00fade, pesquisadores, docentes e estudantes a compartilharem seus materiais cient\u00edficos com nossa comunidade. <\/p>\n\n\n\n<p>Esta p\u00e1gina foi criada para reunir e divulgar artigos, diretrizes, protocolos, normas t\u00e9cnicas e demais produ\u00e7\u00f5es relevantes que contribuam com a qualifica\u00e7\u00e3o da forma\u00e7\u00e3o e das pr\u00e1ticas em sa\u00fade no munic\u00edpio.<\/p>\n\n\n\n<p>Todos os materiais passar\u00e3o por curadoria t\u00e9cnica antes de serem disponibilizados em nosso acervo digital. Participe dessa rede de constru\u00e7\u00e3o e troca de conhecimento!<\/p>\n\n\n\n<div style=\"height:40px\" aria-hidden=\"true\" class=\"wp-block-spacer\"><\/div>\n\n\n\n<div class=\"wp-block-stackable-icon-label stk-block-icon-label stk-block stk-f8f77f7\" data-block-id=\"f8f77f7\"><div class=\"stk-row stk-inner-blocks stk-block-content\">\n<div class=\"wp-block-stackable-icon stk-block-icon has-text-align-left stk-block stk-42e5a3a\" data-block-id=\"42e5a3a\"><span class=\"stk--svg-wrapper\"><div class=\"stk--inner-svg\"><svg style=\"height:0;width:0\"><defs><linearGradient id=\"linear-gradient-42e5a3a\" x1=\"0\" x2=\"100%\" y1=\"0\" y2=\"0\"><stop offset=\"0%\" style=\"stop-opacity:1;stop-color:var(--linear-gradient-42-e-5-a-3-a-color-1)\"><\/stop><stop offset=\"100%\" style=\"stop-opacity:1;stop-color:var(--linear-gradient-42-e-5-a-3-a-color-2)\"><\/stop><\/linearGradient><\/defs><\/svg><svg xmlns=\"http:\/\/www.w3.org\/2000\/svg\" viewBox=\"0 0 384 512\" aria-hidden=\"true\" width=\"32\" height=\"32\"><path d=\"M64 0C28.7 0 0 28.7 0 64V448c0 35.3 28.7 64 64 64H320c35.3 0 64-28.7 64-64V160H256c-17.7 0-32-14.3-32-32V0H64zM256 0V128H384L256 0zM112 256H272c8.8 0 16 7.2 16 16s-7.2 16-16 16H112c-8.8 0-16-7.2-16-16s7.2-16 16-16zm0 64H272c8.8 0 16 7.2 16 16s-7.2 16-16 16H112c-8.8 0-16-7.2-16-16s7.2-16 16-16zm0 64H272c8.8 0 16 7.2 16 16s-7.2 16-16 16H112c-8.8 0-16-7.2-16-16s7.2-16 16-16z\"><\/path><\/svg><\/div><\/span><\/div>\n\n\n\n<div class=\"wp-block-stackable-heading stk-block-heading stk-block-heading--v2 stk-block stk-9e96cdb\" id=\"a-href-https-forms-gle-v-utigk-re-ch-p-fa-yxm-8-data-type-link-data-id-https-forms-gle-v-utigk-re-ch-p-fa-yxm-8-forms-de-submissao-a\" data-block-id=\"9e96cdb\"><h4 class=\"stk-block-heading__text\"><a href=\"https:\/\/forms.gle\/vUtigkReChPFaYXM8\" data-type=\"link\" data-id=\"https:\/\/forms.gle\/vUtigkReChPFaYXM8\">Forms de Submiss\u00e3o<\/a><\/h4><\/div>\n<\/div><\/div>\n\n\n\n<p><\/p>\n","protected":false},"excerpt":{"rendered":"<p>A Escola da Sa\u00fade de Santo Andr\u00e9 convida profissionais da sa\u00fade, pesquisadores, docentes e estudantes a compartilharem seus materiais cient\u00edficos com nossa comunidade. Esta p\u00e1gina foi criada para reunir e divulgar artigos, diretrizes, protocolos, normas t\u00e9cnicas e demais produ\u00e7\u00f5es relevantes que contribuam com a qualifica\u00e7\u00e3o da forma\u00e7\u00e3o e das pr\u00e1ticas em sa\u00fade no munic\u00edpio. Todos [&hellip;]<\/p>\n","protected":false},"author":87,"featured_media":0,"parent":0,"menu_order":0,"comment_status":"closed","ping_status":"closed","template":"","meta":{"footnotes":""},"class_list":["post-396","page","type-page","status-publish","hentry"],"_links":{"self":[{"href":"https:\/\/portais.santoandre.sp.gov.br\/escoladasaude\/wp-json\/wp\/v2\/pages\/396","targetHints":{"allow":["GET"]}}],"collection":[{"href":"https:\/\/portais.santoandre.sp.gov.br\/escoladasaude\/wp-json\/wp\/v2\/pages"}],"about":[{"href":"https:\/\/portais.santoandre.sp.gov.br\/escoladasaude\/wp-json\/wp\/v2\/types\/page"}],"author":[{"embeddable":true,"href":"https:\/\/portais.santoandre.sp.gov.br\/escoladasaude\/wp-json\/wp\/v2\/users\/87"}],"replies":[{"embeddable":true,"href":"https:\/\/portais.santoandre.sp.gov.br\/escoladasaude\/wp-json\/wp\/v2\/comments?post=396"}],"version-history":[{"count":2,"href":"https:\/\/portais.santoandre.sp.gov.br\/escoladasaude\/wp-json\/wp\/v2\/pages\/396\/revisions"}],"predecessor-version":[{"id":398,"href":"https:\/\/portais.santoandre.sp.gov.br\/escoladasaude\/wp-json\/wp\/v2\/pages\/396\/revisions\/398"}],"wp:attachment":[{"href":"https:\/\/portais.santoandre.sp.gov.br\/escoladasaude\/wp-json\/wp\/v2\/media?parent=396"}],"curies":[{"name":"wp","href":"https:\/\/api.w.org\/{rel}","templated":true}]}}