{"id":201,"date":"2025-06-16T17:40:20","date_gmt":"2025-06-16T20:40:20","guid":{"rendered":"https:\/\/portais.santoandre.sp.gov.br\/escoladasaude\/?page_id=201"},"modified":"2026-01-09T16:47:11","modified_gmt":"2026-01-09T19:47:11","slug":"cursos-3","status":"publish","type":"page","link":"https:\/\/portais.santoandre.sp.gov.br\/escoladasaude\/cursos-3\/","title":{"rendered":"Eventos"},"content":{"rendered":"\n<p>Conhe\u00e7a nossos treinamentos, workshops, programas de est\u00e1gio e outras oportunidades de aprendizado em diferentes \u00e1reas da Sa\u00fade.<\/p>\n\n\n\n<div class=\"wp-block-stackable-feature-grid alignwide stk-block-feature-grid stk-block-columns stk-block stk-9d27cd9 is-style-default\" data-block-id=\"9d27cd9\"><div class=\"stk-row stk-inner-blocks has-text-align-center stk-block-content stk-content-align stk-9d27cd9-column alignwide\"><\/div><\/div>\n\n\n\n<div class=\"wp-block-stackable-feature-grid alignwide stk-block-feature-grid stk-block-columns stk-block stk-aa6d24c is-style-default\" data-block-id=\"aa6d24c\"><div class=\"stk-row stk-inner-blocks has-text-align-center stk-block-content stk-content-align stk-aa6d24c-column alignwide\"><\/div><\/div>\n\n\n\n<div class=\"wp-block-stackable-notification stk-block-notification stk--is-dismissible stk-block stk-a7f5441 stk-block-background is-style-default\" data-v=\"2\" data-block-id=\"a7f5441\"><style>.stk-a7f5441 {background-color:#0693e3 !important;border-color:#00d084 !important;}.stk-a7f5441:before{background-color:#0693e3 !important;}.stk-a7f5441-container{background-color:#8ed1fc !important;}.stk-a7f5441-container:before{background-color:#8ed1fc !important;}<\/style><div class=\"stk-block-notification__content stk-content-align stk-a7f5441-column stk-container stk-a7f5441-container stk-hover-parent\"><div class=\"stk-block-content stk-inner-blocks stk-a7f5441-inner-blocks\">\n<div class=\"wp-block-stackable-icon stk-block-icon stk-block stk-ccf4f26\" data-block-id=\"ccf4f26\"><style>.stk-ccf4f26 .stk--svg-wrapper .stk--inner-svg svg:last-child, .stk-ccf4f26 .stk--svg-wrapper .stk--inner-svg svg:last-child :is(g, path, rect, polygon, ellipse){fill:#FFFFFF !important;}<\/style><span class=\"stk--svg-wrapper\"><div class=\"stk--inner-svg\"><svg style=\"height:0;width:0\"><defs><linearGradient id=\"linear-gradient-ccf4f26\" x1=\"0\" x2=\"100%\" y1=\"0\" y2=\"0\"><stop offset=\"0%\" style=\"stop-opacity:1;stop-color:var(--linear-gradient-ccf-4-f-26-color-1)\"><\/stop><stop offset=\"100%\" style=\"stop-opacity:1;stop-color:var(--linear-gradient-ccf-4-f-26-color-2)\"><\/stop><\/linearGradient><\/defs><\/svg><svg data-prefix=\"fas\" data-icon=\"exclamation-triangle\" class=\"svg-inline--fa fa-exclamation-triangle fa-w-18\" xmlns=\"http:\/\/www.w3.org\/2000\/svg\" viewBox=\"0 0 576 512\" aria-hidden=\"true\" width=\"32\" height=\"32\"><path fill=\"currentColor\" d=\"M569.517 440.013C587.975 472.007 564.806 512 527.94 512H48.054c-36.937 0-59.999-40.055-41.577-71.987L246.423 23.985c18.467-32.009 64.72-31.951 83.154 0l239.94 416.028zM288 354c-25.405 0-46 20.595-46 46s20.595 46 46 46 46-20.595 46-46-20.595-46-46-46zm-43.673-165.346l7.418 136c.347 6.364 5.609 11.346 11.982 11.346h48.546c6.373 0 11.635-4.982 11.982-11.346l7.418-136c.375-6.874-5.098-12.654-11.982-12.654h-63.383c-6.884 0-12.356 5.78-11.981 12.654z\"><\/path><\/svg><\/div><\/span><\/div>\n\n\n\n<div class=\"wp-block-stackable-heading stk-block-heading stk-block-heading--v2 stk-block stk-84092e3\" id=\"novos-eventos-estao-sendo-preparados\" data-block-id=\"84092e3\"><h3 class=\"stk-block-heading__text\">Novos eventos est\u00e3o sendo preparados.<\/h3><\/div>\n\n\n\n<div class=\"wp-block-stackable-text stk-block-text stk-block stk-a4ec9ca\" data-block-id=\"a4ec9ca\"><p class=\"stk-block-text__text\">Inscreva-se para receber as pr\u00f3ximas datas e novidades.<\/p><\/div>\n<\/div><button class=\"stk-block-notification__close-button\" aria-label=\"Close\"><svg viewBox=\"0 0 28.3 28.3\" xmlns=\"http:\/\/www.w3.org\/2000\/svg\" width=\"16\" height=\"16\"><path d=\"M52.4-166.2c3.2 0 3.2-5 0-5s-3.2 5 0 5zM16.8 13.9L26.9 3.8c.6-.6.6-1.5 0-2.1s-1.5-.6-2.1 0L14.7 11.8 4.6 1.7c-.6-.6-1.5-.6-2.1 0s-.6 1.5 0 2.1l10.1 10.1L2.5 24c-.6.6-.6 1.5 0 2.1.3.3.7.4 1.1.4s.8-.1 1.1-.4l10-10.1 10.1 10.1c.3.3.7.4 1.1.4s.8-.1 1.1-.4c.6-.6.6-1.5 0-2.1L16.8 13.9z\"><\/path><\/svg><\/button><\/div><\/div>\n\n\n\n<p><\/p>\n","protected":false},"excerpt":{"rendered":"<p>Conhe\u00e7a nossos treinamentos, workshops, programas de est\u00e1gio e outras oportunidades de aprendizado em diferentes \u00e1reas da Sa\u00fade. Novos eventos est\u00e3o sendo preparados. Inscreva-se para receber as pr\u00f3ximas datas e novidades.<\/p>\n","protected":false},"author":87,"featured_media":0,"parent":0,"menu_order":0,"comment_status":"closed","ping_status":"closed","template":"","meta":{"footnotes":""},"class_list":["post-201","page","type-page","status-publish","hentry"],"_links":{"self":[{"href":"https:\/\/portais.santoandre.sp.gov.br\/escoladasaude\/wp-json\/wp\/v2\/pages\/201","targetHints":{"allow":["GET"]}}],"collection":[{"href":"https:\/\/portais.santoandre.sp.gov.br\/escoladasaude\/wp-json\/wp\/v2\/pages"}],"about":[{"href":"https:\/\/portais.santoandre.sp.gov.br\/escoladasaude\/wp-json\/wp\/v2\/types\/page"}],"author":[{"embeddable":true,"href":"https:\/\/portais.santoandre.sp.gov.br\/escoladasaude\/wp-json\/wp\/v2\/users\/87"}],"replies":[{"embeddable":true,"href":"https:\/\/portais.santoandre.sp.gov.br\/escoladasaude\/wp-json\/wp\/v2\/comments?post=201"}],"version-history":[{"count":25,"href":"https:\/\/portais.santoandre.sp.gov.br\/escoladasaude\/wp-json\/wp\/v2\/pages\/201\/revisions"}],"predecessor-version":[{"id":816,"href":"https:\/\/portais.santoandre.sp.gov.br\/escoladasaude\/wp-json\/wp\/v2\/pages\/201\/revisions\/816"}],"wp:attachment":[{"href":"https:\/\/portais.santoandre.sp.gov.br\/escoladasaude\/wp-json\/wp\/v2\/media?parent=201"}],"curies":[{"name":"wp","href":"https:\/\/api.w.org\/{rel}","templated":true}]}}