{"id":41,"date":"2025-10-22T10:52:31","date_gmt":"2025-10-22T13:52:31","guid":{"rendered":"https:\/\/portais.santoandre.sp.gov.br\/educacaodetransito\/?page_id=41"},"modified":"2026-08-13T14:01:25","modified_gmt":"2026-08-13T17:01:25","slug":"atendimentos-da-gerencia-de-educacao-de-transito","status":"publish","type":"page","link":"https:\/\/portais.santoandre.sp.gov.br\/educacaodetransito\/atendimentos-da-gerencia-de-educacao-de-transito\/","title":{"rendered":"Atendimentos da Ger\u00eancia de Educa\u00e7\u00e3o de Tr\u00e2nsito"},"content":{"rendered":"\n<p class=\"has-text-align-center wp-block-paragraph\"><span style=\"color: #f7f702;background-color: #020ff7\" class=\"stk-highlight\"><strong>CIMOB &#8211; MAR\u00c7O 2026<\/strong><\/span><\/p>\n\n\n\n<figure class=\"wp-block-table\"><table class=\"has-fixed-layout\"><tbody><tr><td class=\"has-text-align-center\" data-align=\"center\"><span style=\"color: #0a06f0;background-color: #f7f702\" class=\"stk-highlight\"><strong>Escola Atendida<\/strong><\/span><\/td><td class=\"has-text-align-center\" data-align=\"center\"><span style=\"color: #0a06f0;background-color: #f7f702\" class=\"stk-highlight\"><strong>Turmas<\/strong><\/span><\/td><td class=\"has-text-align-center\" data-align=\"center\"><span style=\"color: #0a06f0;background-color: #f7f702\" class=\"stk-highlight\"><strong>Alunos<\/strong><\/span><\/td><\/tr><tr><td class=\"has-text-align-center\" data-align=\"center\"><strong>EMEI Monsenhor Jo\u00e3o do Rego Cavalcanti<\/strong><\/td><td class=\"has-text-align-center\" data-align=\"center\"><strong>16<\/strong><\/td><td class=\"has-text-align-center\" data-align=\"center\"><strong>210<\/strong><\/td><\/tr><tr><td class=\"has-text-align-center\" data-align=\"center\"><strong><strong>EMEIEF Prof. Jo\u00e3o de Barros Pinto<\/strong><\/strong><\/td><td class=\"has-text-align-center\" data-align=\"center\"><strong>19<\/strong><\/td><td class=\"has-text-align-center\" data-align=\"center\"><strong>367<\/strong><\/td><\/tr><tr><td class=\"has-text-align-center\" data-align=\"center\"><strong>EMEIEF Cidade Takasaki<\/strong><\/td><td class=\"has-text-align-center\" data-align=\"center\"><strong>11<\/strong><\/td><td class=\"has-text-align-center\" data-align=\"center\"><strong>235<\/strong><\/td><\/tr><tr><td class=\"has-text-align-center\" data-align=\"center\"><strong>Total de atendimentos<\/strong><\/td><td class=\"has-text-align-center\" data-align=\"center\"><strong>46<\/strong><\/td><td class=\"has-text-align-center\" data-align=\"center\"><strong>812<\/strong><\/td><\/tr><\/tbody><\/table><\/figure>\n\n\n\n<p class=\"has-text-align-center wp-block-paragraph\"><span style=\"color: #f7f702;background-color: #020ff7\" class=\"stk-highlight\"><strong>CIMOB &#8211; ABRIL 2026<\/strong><\/span><\/p>\n\n\n\n<figure class=\"wp-block-table\"><table class=\"has-fixed-layout\"><tbody><tr><td class=\"has-text-align-center\" data-align=\"center\"><span style=\"color: #0a06f0;background-color: #f7f702\" class=\"stk-highlight\"><strong>Escola Atendida<\/strong><\/span><\/td><td class=\"has-text-align-center\" data-align=\"center\"><span style=\"color: #0a06f0;background-color: #f7f702\" class=\"stk-highlight\"><strong>Turmas<\/strong><\/span><\/td><td class=\"has-text-align-center\" data-align=\"center\"><span style=\"color: #0a06f0;background-color: #f7f702\" class=\"stk-highlight\"><strong>Alunos<\/strong><\/span><\/td><\/tr><tr><td class=\"has-text-align-center\" data-align=\"center\"><strong>EMEIEF Carlos Drummond de Andrade<\/strong><\/td><td class=\"has-text-align-center\" data-align=\"center\"><strong>20<\/strong><\/td><td class=\"has-text-align-center\" data-align=\"center\"><strong>404<\/strong><\/td><\/tr><tr><td class=\"has-text-align-center\" data-align=\"center\"><strong><strong>EMEIEF Dr. Alberto Francia Gomes Martins<\/strong><\/strong><\/td><td class=\"has-text-align-center\" data-align=\"center\"><strong>8<\/strong><\/td><td class=\"has-text-align-center\" data-align=\"center\"><strong>164<\/strong><\/td><\/tr><tr><td class=\"has-text-align-center\" data-align=\"center\"><strong>Creche Padre Alfredinho<\/strong><\/td><td class=\"has-text-align-center\" data-align=\"center\"><strong>3<\/strong><\/td><td class=\"has-text-align-center\" data-align=\"center\"><strong>48<\/strong><\/td><\/tr><tr><td class=\"has-text-align-center\" data-align=\"center\"><strong>EMEIEF Prof\u00aa. Francisca Helena Furia<\/strong><\/td><td class=\"has-text-align-center\" data-align=\"center\"><strong>18<\/strong><\/td><td class=\"has-text-align-center\" data-align=\"center\"><strong>384<\/strong><\/td><\/tr><tr><td class=\"has-text-align-center\" data-align=\"center\"><strong>Total de atendimentos<\/strong><\/td><td class=\"has-text-align-center\" data-align=\"center\"><strong>49<\/strong><\/td><td class=\"has-text-align-center\" data-align=\"center\"><strong>1000<\/strong><\/td><\/tr><\/tbody><\/table><\/figure>\n\n\n\n<p class=\"wp-block-paragraph\"><\/p>\n","protected":false},"excerpt":{"rendered":"<p>CIMOB &#8211; MAR\u00c7O 2026 Escola Atendida Turmas Alunos EMEI Monsenhor Jo\u00e3o do Rego Cavalcanti 16 210 EMEIEF Prof. Jo\u00e3o de Barros Pinto 19 367 EMEIEF Cidade Takasaki 11 235 Total de atendimentos 46 812 CIMOB &#8211; ABRIL 2026 Escola Atendida Turmas Alunos EMEIEF Carlos Drummond de Andrade 20 404 EMEIEF Dr. Alberto Francia Gomes Martins [&hellip;]<\/p>\n","protected":false},"author":81,"featured_media":0,"parent":0,"menu_order":0,"comment_status":"closed","ping_status":"closed","template":"","meta":{"footnotes":""},"class_list":["post-41","page","type-page","status-publish","hentry"],"_links":{"self":[{"href":"https:\/\/portais.santoandre.sp.gov.br\/educacaodetransito\/wp-json\/wp\/v2\/pages\/41","targetHints":{"allow":["GET"]}}],"collection":[{"href":"https:\/\/portais.santoandre.sp.gov.br\/educacaodetransito\/wp-json\/wp\/v2\/pages"}],"about":[{"href":"https:\/\/portais.santoandre.sp.gov.br\/educacaodetransito\/wp-json\/wp\/v2\/types\/page"}],"author":[{"embeddable":true,"href":"https:\/\/portais.santoandre.sp.gov.br\/educacaodetransito\/wp-json\/wp\/v2\/users\/81"}],"replies":[{"embeddable":true,"href":"https:\/\/portais.santoandre.sp.gov.br\/educacaodetransito\/wp-json\/wp\/v2\/comments?post=41"}],"version-history":[{"count":4,"href":"https:\/\/portais.santoandre.sp.gov.br\/educacaodetransito\/wp-json\/wp\/v2\/pages\/41\/revisions"}],"predecessor-version":[{"id":347,"href":"https:\/\/portais.santoandre.sp.gov.br\/educacaodetransito\/wp-json\/wp\/v2\/pages\/41\/revisions\/347"}],"wp:attachment":[{"href":"https:\/\/portais.santoandre.sp.gov.br\/educacaodetransito\/wp-json\/wp\/v2\/media?parent=41"}],"curies":[{"name":"wp","href":"https:\/\/api.w.org\/{rel}","templated":true}]}}

Atendimentos da Gerência de Educação de Trânsito

<p class="has-text-align-center wp-block-paragraph"><span style="color: #f7f702;background-color: #020ff7" class="stk-highlight"><strong>CIMOB &#8211; MARÇO 2026</strong></span></p>



<figure class="wp-block-table"><table class="has-fixed-layout"><tbody><tr><td class="has-text-align-center" data-align="center"><span style="color: #0a06f0;background-color: #f7f702" class="stk-highlight"><strong>Escola Atendida</strong></span></td><td class="has-text-align-center" data-align="center"><span style="color: #0a06f0;background-color: #f7f702" class="stk-highlight"><strong>Turmas</strong></span></td><td class="has-text-align-center" data-align="center"><span style="color: #0a06f0;background-color: #f7f702" class="stk-highlight"><strong>Alunos</strong></span></td></tr><tr><td class="has-text-align-center" data-align="center"><strong>EMEI Monsenhor João do Rego Cavalcanti</strong></td><td class="has-text-align-center" data-align="center"><strong>16</strong></td><td class="has-text-align-center" data-align="center"><strong>210</strong></td></tr><tr><td class="has-text-align-center" data-align="center"><strong><strong>EMEIEF Prof. João de Barros Pinto</strong></strong></td><td class="has-text-align-center" data-align="center"><strong>19</strong></td><td class="has-text-align-center" data-align="center"><strong>367</strong></td></tr><tr><td class="has-text-align-center" data-align="center"><strong>EMEIEF Cidade Takasaki</strong></td><td class="has-text-align-center" data-align="center"><strong>11</strong></td><td class="has-text-align-center" data-align="center"><strong>235</strong></td></tr><tr><td class="has-text-align-center" data-align="center"><strong>Total de atendimentos</strong></td><td class="has-text-align-center" data-align="center"><strong>46</strong></td><td class="has-text-align-center" data-align="center"><strong>812</strong></td></tr></tbody></table></figure>



<p class="has-text-align-center wp-block-paragraph"><span style="color: #f7f702;background-color: #020ff7" class="stk-highlight"><strong>CIMOB &#8211; ABRIL 2026</strong></span></p>



<figure class="wp-block-table"><table class="has-fixed-layout"><tbody><tr><td class="has-text-align-center" data-align="center"><span style="color: #0a06f0;background-color: #f7f702" class="stk-highlight"><strong>Escola Atendida</strong></span></td><td class="has-text-align-center" data-align="center"><span style="color: #0a06f0;background-color: #f7f702" class="stk-highlight"><strong>Turmas</strong></span></td><td class="has-text-align-center" data-align="center"><span style="color: #0a06f0;background-color: #f7f702" class="stk-highlight"><strong>Alunos</strong></span></td></tr><tr><td class="has-text-align-center" data-align="center"><strong>EMEIEF Carlos Drummond de Andrade</strong></td><td class="has-text-align-center" data-align="center"><strong>20</strong></td><td class="has-text-align-center" data-align="center"><strong>404</strong></td></tr><tr><td class="has-text-align-center" data-align="center"><strong><strong>EMEIEF Dr. Alberto Francia Gomes Martins</strong></strong></td><td class="has-text-align-center" data-align="center"><strong>8</strong></td><td class="has-text-align-center" data-align="center"><strong>164</strong></td></tr><tr><td class="has-text-align-center" data-align="center"><strong>Creche Padre Alfredinho</strong></td><td class="has-text-align-center" data-align="center"><strong>3</strong></td><td class="has-text-align-center" data-align="center"><strong>48</strong></td></tr><tr><td class="has-text-align-center" data-align="center"><strong>EMEIEF Profª. Francisca Helena Furia</strong></td><td class="has-text-align-center" data-align="center"><strong>18</strong></td><td class="has-text-align-center" data-align="center"><strong>384</strong></td></tr><tr><td class="has-text-align-center" data-align="center"><strong>Total de atendimentos</strong></td><td class="has-text-align-center" data-align="center"><strong>49</strong></td><td class="has-text-align-center" data-align="center"><strong>1000</strong></td></tr></tbody></table></figure>



<p class="wp-block-paragraph"></p>

<p>CIMOB &#8211; MARÇO 2026 Escola Atendida Turmas Alunos EMEI Monsenhor João do Rego Cavalcanti 16 210 EMEIEF Prof. João de Barros Pinto 19 367 EMEIEF Cidade Takasaki 11 235 Total de atendimentos 46 812 CIMOB &#8211; ABRIL 2026 Escola Atendida Turmas Alunos EMEIEF Carlos Drummond de Andrade 20 404 EMEIEF Dr. Alberto Francia Gomes Martins [&hellip;]</p>
