{"id":170,"date":"2026-02-25T15:24:27","date_gmt":"2026-02-25T18:24:27","guid":{"rendered":"https:\/\/portais.santoandre.sp.gov.br\/educacaodetransito\/?page_id=170"},"modified":"2026-03-16T16:47:58","modified_gmt":"2026-03-16T19:47:58","slug":"operacao-educativa-marco-dia-mulheres","status":"publish","type":"page","link":"https:\/\/portais.santoandre.sp.gov.br\/educacaodetransito\/operacao-educativa-marco-dia-mulheres\/","title":{"rendered":"Opera\u00e7\u00e3o Educativa dia das Mulheres"},"content":{"rendered":"\n<p class=\"wp-block-paragraph\"><strong>OPERA\u00c7\u00c3O EDUCATIVA &#8211; MAR\u00c7O &#8211; DIA DAS MULHERES<\/strong><\/p>\n\n\n\n<figure class=\"wp-block-image size-large\"><img fetchpriority=\"high\" decoding=\"async\" width=\"1024\" height=\"720\" src=\"https:\/\/portais.santoandre.sp.gov.br\/educacaodetransito\/wp-content\/uploads\/sites\/32\/2026\/03\/OperacaoEducativa1-1024x720.jpg\" alt=\"\" class=\"wp-image-240\" srcset=\"https:\/\/portais.santoandre.sp.gov.br\/educacaodetransito\/wp-content\/uploads\/sites\/32\/2026\/03\/OperacaoEducativa1-1024x720.jpg 1024w, https:\/\/portais.santoandre.sp.gov.br\/educacaodetransito\/wp-content\/uploads\/sites\/32\/2026\/03\/OperacaoEducativa1-300x211.jpg 300w, https:\/\/portais.santoandre.sp.gov.br\/educacaodetransito\/wp-content\/uploads\/sites\/32\/2026\/03\/OperacaoEducativa1-768x540.jpg 768w, https:\/\/portais.santoandre.sp.gov.br\/educacaodetransito\/wp-content\/uploads\/sites\/32\/2026\/03\/OperacaoEducativa1.jpg 1300w\" sizes=\"(max-width: 1024px) 100vw, 1024px\" \/><\/figure>\n\n\n\n<p class=\"wp-block-paragraph\"><a href=\"https:\/\/portais.santoandre.sp.gov.br\/educacaodetransito\/wp-content\/uploads\/sites\/32\/2026\/03\/PSA_Folheto_A5_MulherTransito_Fev2026_Web.pdf\" data-type=\"link\" data-id=\"https:\/\/portais.santoandre.sp.gov.br\/educacaodetransito\/wp-content\/uploads\/sites\/32\/2026\/03\/PSA_Folheto_A5_MulherTransito_Fev2026_Web.pdf\">Baixe aqui o Folder da Campanha !!!!<\/a><\/p>\n\n\n\n<p class=\"wp-block-paragraph\"><strong>A Opera\u00e7\u00e3o Educativa de Mar\u00e7o ocorreu na Av. Capit\u00e3o M\u00e1rio Toledo de Camargo, em frente ao est\u00e1dio Bruno Jos\u00e9 Daniel e contou com o apoio das equipes:<\/strong><\/p>\n\n\n\n<ul class=\"wp-block-list\">\n<li>Educa\u00e7\u00e3o de Tr\u00e2nsito;<\/li>\n\n\n\n<li>Agentes de Tr\u00e2nsito;<\/li>\n\n\n\n<li>GCM \u2013 Patrulha Maria da Penha;<\/li>\n\n\n\n<li>DETRAN-SP.<\/li>\n<\/ul>\n\n\n\n<p class=\"wp-block-paragraph\">Os ve\u00edculos foram direcionados pelos agentes de tr\u00e2nsito para uma baia onde encontravam as equipes participantes da a\u00e7\u00e3o de forma intercalada para fazer abordagens orientativas r\u00e1pidas e entregar o material.<\/p>\n\n\n\n<p class=\"wp-block-paragraph\">Devido \u00e0 proximidade com o dia das mulheres, na a\u00e7\u00e3o distribu\u00edmos o material informativo criado especialmente para esta campanha (dispon\u00edvel para sownload). Tamb\u00e9m foi distribu\u00eddo material produzido pelo DETRAN (folhetos informativos e chaveiros). Para as motoristas mulheres, distribu\u00edmos tamb\u00e9m um espelho com o logo da Educa\u00e7\u00e3o de Tr\u00e2nsito.<\/p>\n\n\n\n<p class=\"wp-block-paragraph\"><\/p>\n\n\n\n<figure class=\"wp-block-image size-large is-resized\"><img decoding=\"async\" width=\"1024\" height=\"682\" src=\"https:\/\/portais.santoandre.sp.gov.br\/educacaodetransito\/wp-content\/uploads\/sites\/32\/2026\/03\/WhatsApp-Image-2026-03-05-at-17.00.27-1024x682.jpeg\" alt=\"\" class=\"wp-image-237\" style=\"width:614px;height:auto\" srcset=\"https:\/\/portais.santoandre.sp.gov.br\/educacaodetransito\/wp-content\/uploads\/sites\/32\/2026\/03\/WhatsApp-Image-2026-03-05-at-17.00.27-1024x682.jpeg 1024w, https:\/\/portais.santoandre.sp.gov.br\/educacaodetransito\/wp-content\/uploads\/sites\/32\/2026\/03\/WhatsApp-Image-2026-03-05-at-17.00.27-300x200.jpeg 300w, https:\/\/portais.santoandre.sp.gov.br\/educacaodetransito\/wp-content\/uploads\/sites\/32\/2026\/03\/WhatsApp-Image-2026-03-05-at-17.00.27-768x512.jpeg 768w, https:\/\/portais.santoandre.sp.gov.br\/educacaodetransito\/wp-content\/uploads\/sites\/32\/2026\/03\/WhatsApp-Image-2026-03-05-at-17.00.27-1536x1024.jpeg 1536w, https:\/\/portais.santoandre.sp.gov.br\/educacaodetransito\/wp-content\/uploads\/sites\/32\/2026\/03\/WhatsApp-Image-2026-03-05-at-17.00.27-2048x1365.jpeg 2048w\" sizes=\"(max-width: 1024px) 100vw, 1024px\" \/><\/figure>\n\n\n\n<figure class=\"wp-block-image size-large is-resized\"><img decoding=\"async\" width=\"1024\" height=\"682\" src=\"https:\/\/portais.santoandre.sp.gov.br\/educacaodetransito\/wp-content\/uploads\/sites\/32\/2026\/03\/WhatsApp-Image-2026-03-05-at-17.00.25-4-1024x682.jpeg\" alt=\"\" class=\"wp-image-233\" style=\"width:614px;height:auto\" srcset=\"https:\/\/portais.santoandre.sp.gov.br\/educacaodetransito\/wp-content\/uploads\/sites\/32\/2026\/03\/WhatsApp-Image-2026-03-05-at-17.00.25-4-1024x682.jpeg 1024w, https:\/\/portais.santoandre.sp.gov.br\/educacaodetransito\/wp-content\/uploads\/sites\/32\/2026\/03\/WhatsApp-Image-2026-03-05-at-17.00.25-4-300x200.jpeg 300w, https:\/\/portais.santoandre.sp.gov.br\/educacaodetransito\/wp-content\/uploads\/sites\/32\/2026\/03\/WhatsApp-Image-2026-03-05-at-17.00.25-4-768x512.jpeg 768w, https:\/\/portais.santoandre.sp.gov.br\/educacaodetransito\/wp-content\/uploads\/sites\/32\/2026\/03\/WhatsApp-Image-2026-03-05-at-17.00.25-4-1536x1024.jpeg 1536w, https:\/\/portais.santoandre.sp.gov.br\/educacaodetransito\/wp-content\/uploads\/sites\/32\/2026\/03\/WhatsApp-Image-2026-03-05-at-17.00.25-4-2048x1365.jpeg 2048w\" sizes=\"(max-width: 1024px) 100vw, 1024px\" \/><\/figure>\n\n\n\n<figure class=\"wp-block-image size-large is-resized\"><img loading=\"lazy\" decoding=\"async\" width=\"1024\" height=\"682\" src=\"https:\/\/portais.santoandre.sp.gov.br\/educacaodetransito\/wp-content\/uploads\/sites\/32\/2026\/03\/WhatsApp-Image-2026-03-05-at-17.00.27-3-1024x682.jpeg\" alt=\"\" class=\"wp-image-236\" style=\"width:615px;height:auto\" srcset=\"https:\/\/portais.santoandre.sp.gov.br\/educacaodetransito\/wp-content\/uploads\/sites\/32\/2026\/03\/WhatsApp-Image-2026-03-05-at-17.00.27-3-1024x682.jpeg 1024w, https:\/\/portais.santoandre.sp.gov.br\/educacaodetransito\/wp-content\/uploads\/sites\/32\/2026\/03\/WhatsApp-Image-2026-03-05-at-17.00.27-3-300x200.jpeg 300w, https:\/\/portais.santoandre.sp.gov.br\/educacaodetransito\/wp-content\/uploads\/sites\/32\/2026\/03\/WhatsApp-Image-2026-03-05-at-17.00.27-3-768x512.jpeg 768w, https:\/\/portais.santoandre.sp.gov.br\/educacaodetransito\/wp-content\/uploads\/sites\/32\/2026\/03\/WhatsApp-Image-2026-03-05-at-17.00.27-3-1536x1024.jpeg 1536w, https:\/\/portais.santoandre.sp.gov.br\/educacaodetransito\/wp-content\/uploads\/sites\/32\/2026\/03\/WhatsApp-Image-2026-03-05-at-17.00.27-3-2048x1365.jpeg 2048w\" sizes=\"(max-width: 1024px) 100vw, 1024px\" \/><\/figure>\n\n\n\n<figure class=\"wp-block-image size-large is-resized\"><img loading=\"lazy\" decoding=\"async\" width=\"1024\" height=\"682\" src=\"https:\/\/portais.santoandre.sp.gov.br\/educacaodetransito\/wp-content\/uploads\/sites\/32\/2026\/03\/WhatsApp-Image-2026-03-05-at-17.00.26-2-1024x682.jpeg\" alt=\"\" class=\"wp-image-234\" style=\"width:616px;height:auto\" srcset=\"https:\/\/portais.santoandre.sp.gov.br\/educacaodetransito\/wp-content\/uploads\/sites\/32\/2026\/03\/WhatsApp-Image-2026-03-05-at-17.00.26-2-1024x682.jpeg 1024w, https:\/\/portais.santoandre.sp.gov.br\/educacaodetransito\/wp-content\/uploads\/sites\/32\/2026\/03\/WhatsApp-Image-2026-03-05-at-17.00.26-2-300x200.jpeg 300w, https:\/\/portais.santoandre.sp.gov.br\/educacaodetransito\/wp-content\/uploads\/sites\/32\/2026\/03\/WhatsApp-Image-2026-03-05-at-17.00.26-2-768x512.jpeg 768w, https:\/\/portais.santoandre.sp.gov.br\/educacaodetransito\/wp-content\/uploads\/sites\/32\/2026\/03\/WhatsApp-Image-2026-03-05-at-17.00.26-2-1536x1024.jpeg 1536w, https:\/\/portais.santoandre.sp.gov.br\/educacaodetransito\/wp-content\/uploads\/sites\/32\/2026\/03\/WhatsApp-Image-2026-03-05-at-17.00.26-2-2048x1365.jpeg 2048w\" sizes=\"(max-width: 1024px) 100vw, 1024px\" \/><\/figure>\n\n\n\n<figure class=\"wp-block-image size-large is-resized\"><img loading=\"lazy\" decoding=\"async\" width=\"1024\" height=\"440\" src=\"https:\/\/portais.santoandre.sp.gov.br\/educacaodetransito\/wp-content\/uploads\/sites\/32\/2026\/03\/Equipe-Completa-1024x440.jpeg\" alt=\"\" class=\"wp-image-238\" style=\"width:698px;height:auto\" srcset=\"https:\/\/portais.santoandre.sp.gov.br\/educacaodetransito\/wp-content\/uploads\/sites\/32\/2026\/03\/Equipe-Completa-1024x440.jpeg 1024w, https:\/\/portais.santoandre.sp.gov.br\/educacaodetransito\/wp-content\/uploads\/sites\/32\/2026\/03\/Equipe-Completa-300x129.jpeg 300w, https:\/\/portais.santoandre.sp.gov.br\/educacaodetransito\/wp-content\/uploads\/sites\/32\/2026\/03\/Equipe-Completa-768x330.jpeg 768w, https:\/\/portais.santoandre.sp.gov.br\/educacaodetransito\/wp-content\/uploads\/sites\/32\/2026\/03\/Equipe-Completa.jpeg 1276w\" sizes=\"(max-width: 1024px) 100vw, 1024px\" \/><\/figure>\n\n\n\n<p class=\"wp-block-paragraph\"><strong>Nesta data foram abordados cerca de 700 motoristas.<\/strong><\/p>\n","protected":false},"excerpt":{"rendered":"<p>OPERA\u00c7\u00c3O EDUCATIVA &#8211; MAR\u00c7O &#8211; DIA DAS MULHERES Baixe aqui o Folder da Campanha !!!! A Opera\u00e7\u00e3o Educativa de Mar\u00e7o ocorreu na Av. Capit\u00e3o M\u00e1rio Toledo de Camargo, em frente ao est\u00e1dio Bruno Jos\u00e9 Daniel e contou com o apoio das equipes: Os ve\u00edculos foram direcionados pelos agentes de tr\u00e2nsito para uma baia onde encontravam [&hellip;]<\/p>\n","protected":false},"author":64,"featured_media":0,"parent":0,"menu_order":0,"comment_status":"closed","ping_status":"closed","template":"","meta":{"footnotes":""},"class_list":["post-170","page","type-page","status-publish","hentry"],"_links":{"self":[{"href":"https:\/\/portais.santoandre.sp.gov.br\/educacaodetransito\/wp-json\/wp\/v2\/pages\/170","targetHints":{"allow":["GET"]}}],"collection":[{"href":"https:\/\/portais.santoandre.sp.gov.br\/educacaodetransito\/wp-json\/wp\/v2\/pages"}],"about":[{"href":"https:\/\/portais.santoandre.sp.gov.br\/educacaodetransito\/wp-json\/wp\/v2\/types\/page"}],"author":[{"embeddable":true,"href":"https:\/\/portais.santoandre.sp.gov.br\/educacaodetransito\/wp-json\/wp\/v2\/users\/64"}],"replies":[{"embeddable":true,"href":"https:\/\/portais.santoandre.sp.gov.br\/educacaodetransito\/wp-json\/wp\/v2\/comments?post=170"}],"version-history":[{"count":7,"href":"https:\/\/portais.santoandre.sp.gov.br\/educacaodetransito\/wp-json\/wp\/v2\/pages\/170\/revisions"}],"predecessor-version":[{"id":258,"href":"https:\/\/portais.santoandre.sp.gov.br\/educacaodetransito\/wp-json\/wp\/v2\/pages\/170\/revisions\/258"}],"wp:attachment":[{"href":"https:\/\/portais.santoandre.sp.gov.br\/educacaodetransito\/wp-json\/wp\/v2\/media?parent=170"}],"curies":[{"name":"wp","href":"https:\/\/api.w.org\/{rel}","templated":true}]}}

Operação Educativa dia das Mulheres

<p class="wp-block-paragraph"><strong>OPERAÇÃO EDUCATIVA &#8211; MARÇO &#8211; DIA DAS MULHERES</strong></p>



<figure class="wp-block-image size-large"><img fetchpriority="high" decoding="async" width="1024" height="720" src="https://portais.santoandre.sp.gov.br/educacaodetransito/wp-content/uploads/sites/32/2026/03/OperacaoEducativa1-1024x720.jpg" alt="" class="wp-image-240" srcset="https://portais.santoandre.sp.gov.br/educacaodetransito/wp-content/uploads/sites/32/2026/03/OperacaoEducativa1-1024x720.jpg 1024w, https://portais.santoandre.sp.gov.br/educacaodetransito/wp-content/uploads/sites/32/2026/03/OperacaoEducativa1-300x211.jpg 300w, https://portais.santoandre.sp.gov.br/educacaodetransito/wp-content/uploads/sites/32/2026/03/OperacaoEducativa1-768x540.jpg 768w, https://portais.santoandre.sp.gov.br/educacaodetransito/wp-content/uploads/sites/32/2026/03/OperacaoEducativa1.jpg 1300w" sizes="(max-width: 1024px) 100vw, 1024px" /></figure>



<p class="wp-block-paragraph"><a href="https://portais.santoandre.sp.gov.br/educacaodetransito/wp-content/uploads/sites/32/2026/03/PSA_Folheto_A5_MulherTransito_Fev2026_Web.pdf" data-type="link" data-id="https://portais.santoandre.sp.gov.br/educacaodetransito/wp-content/uploads/sites/32/2026/03/PSA_Folheto_A5_MulherTransito_Fev2026_Web.pdf">Baixe aqui o Folder da Campanha !!!!</a></p>



<p class="wp-block-paragraph"><strong>A Operação Educativa de Março ocorreu na Av. Capitão Mário Toledo de Camargo, em frente ao estádio Bruno José Daniel e contou com o apoio das equipes:</strong></p>



<ul class="wp-block-list">
<li>Educação de Trânsito;</li>



<li>Agentes de Trânsito;</li>



<li>GCM – Patrulha Maria da Penha;</li>



<li>DETRAN-SP.</li>
</ul>



<p class="wp-block-paragraph">Os veículos foram direcionados pelos agentes de trânsito para uma baia onde encontravam as equipes participantes da ação de forma intercalada para fazer abordagens orientativas rápidas e entregar o material.</p>



<p class="wp-block-paragraph">Devido à proximidade com o dia das mulheres, na ação distribuímos o material informativo criado especialmente para esta campanha (disponível para sownload). Também foi distribuído material produzido pelo DETRAN (folhetos informativos e chaveiros). Para as motoristas mulheres, distribuímos também um espelho com o logo da Educação de Trânsito.</p>



<p class="wp-block-paragraph"></p>



<figure class="wp-block-image size-large is-resized"><img decoding="async" width="1024" height="682" src="https://portais.santoandre.sp.gov.br/educacaodetransito/wp-content/uploads/sites/32/2026/03/WhatsApp-Image-2026-03-05-at-17.00.27-1024x682.jpeg" alt="" class="wp-image-237" style="width:614px;height:auto" srcset="https://portais.santoandre.sp.gov.br/educacaodetransito/wp-content/uploads/sites/32/2026/03/WhatsApp-Image-2026-03-05-at-17.00.27-1024x682.jpeg 1024w, https://portais.santoandre.sp.gov.br/educacaodetransito/wp-content/uploads/sites/32/2026/03/WhatsApp-Image-2026-03-05-at-17.00.27-300x200.jpeg 300w, https://portais.santoandre.sp.gov.br/educacaodetransito/wp-content/uploads/sites/32/2026/03/WhatsApp-Image-2026-03-05-at-17.00.27-768x512.jpeg 768w, https://portais.santoandre.sp.gov.br/educacaodetransito/wp-content/uploads/sites/32/2026/03/WhatsApp-Image-2026-03-05-at-17.00.27-1536x1024.jpeg 1536w, https://portais.santoandre.sp.gov.br/educacaodetransito/wp-content/uploads/sites/32/2026/03/WhatsApp-Image-2026-03-05-at-17.00.27-2048x1365.jpeg 2048w" sizes="(max-width: 1024px) 100vw, 1024px" /></figure>



<figure class="wp-block-image size-large is-resized"><img decoding="async" width="1024" height="682" src="https://portais.santoandre.sp.gov.br/educacaodetransito/wp-content/uploads/sites/32/2026/03/WhatsApp-Image-2026-03-05-at-17.00.25-4-1024x682.jpeg" alt="" class="wp-image-233" style="width:614px;height:auto" srcset="https://portais.santoandre.sp.gov.br/educacaodetransito/wp-content/uploads/sites/32/2026/03/WhatsApp-Image-2026-03-05-at-17.00.25-4-1024x682.jpeg 1024w, https://portais.santoandre.sp.gov.br/educacaodetransito/wp-content/uploads/sites/32/2026/03/WhatsApp-Image-2026-03-05-at-17.00.25-4-300x200.jpeg 300w, https://portais.santoandre.sp.gov.br/educacaodetransito/wp-content/uploads/sites/32/2026/03/WhatsApp-Image-2026-03-05-at-17.00.25-4-768x512.jpeg 768w, https://portais.santoandre.sp.gov.br/educacaodetransito/wp-content/uploads/sites/32/2026/03/WhatsApp-Image-2026-03-05-at-17.00.25-4-1536x1024.jpeg 1536w, https://portais.santoandre.sp.gov.br/educacaodetransito/wp-content/uploads/sites/32/2026/03/WhatsApp-Image-2026-03-05-at-17.00.25-4-2048x1365.jpeg 2048w" sizes="(max-width: 1024px) 100vw, 1024px" /></figure>



<figure class="wp-block-image size-large is-resized"><img loading="lazy" decoding="async" width="1024" height="682" src="https://portais.santoandre.sp.gov.br/educacaodetransito/wp-content/uploads/sites/32/2026/03/WhatsApp-Image-2026-03-05-at-17.00.27-3-1024x682.jpeg" alt="" class="wp-image-236" style="width:615px;height:auto" srcset="https://portais.santoandre.sp.gov.br/educacaodetransito/wp-content/uploads/sites/32/2026/03/WhatsApp-Image-2026-03-05-at-17.00.27-3-1024x682.jpeg 1024w, https://portais.santoandre.sp.gov.br/educacaodetransito/wp-content/uploads/sites/32/2026/03/WhatsApp-Image-2026-03-05-at-17.00.27-3-300x200.jpeg 300w, https://portais.santoandre.sp.gov.br/educacaodetransito/wp-content/uploads/sites/32/2026/03/WhatsApp-Image-2026-03-05-at-17.00.27-3-768x512.jpeg 768w, https://portais.santoandre.sp.gov.br/educacaodetransito/wp-content/uploads/sites/32/2026/03/WhatsApp-Image-2026-03-05-at-17.00.27-3-1536x1024.jpeg 1536w, https://portais.santoandre.sp.gov.br/educacaodetransito/wp-content/uploads/sites/32/2026/03/WhatsApp-Image-2026-03-05-at-17.00.27-3-2048x1365.jpeg 2048w" sizes="(max-width: 1024px) 100vw, 1024px" /></figure>



<figure class="wp-block-image size-large is-resized"><img loading="lazy" decoding="async" width="1024" height="682" src="https://portais.santoandre.sp.gov.br/educacaodetransito/wp-content/uploads/sites/32/2026/03/WhatsApp-Image-2026-03-05-at-17.00.26-2-1024x682.jpeg" alt="" class="wp-image-234" style="width:616px;height:auto" srcset="https://portais.santoandre.sp.gov.br/educacaodetransito/wp-content/uploads/sites/32/2026/03/WhatsApp-Image-2026-03-05-at-17.00.26-2-1024x682.jpeg 1024w, https://portais.santoandre.sp.gov.br/educacaodetransito/wp-content/uploads/sites/32/2026/03/WhatsApp-Image-2026-03-05-at-17.00.26-2-300x200.jpeg 300w, https://portais.santoandre.sp.gov.br/educacaodetransito/wp-content/uploads/sites/32/2026/03/WhatsApp-Image-2026-03-05-at-17.00.26-2-768x512.jpeg 768w, https://portais.santoandre.sp.gov.br/educacaodetransito/wp-content/uploads/sites/32/2026/03/WhatsApp-Image-2026-03-05-at-17.00.26-2-1536x1024.jpeg 1536w, https://portais.santoandre.sp.gov.br/educacaodetransito/wp-content/uploads/sites/32/2026/03/WhatsApp-Image-2026-03-05-at-17.00.26-2-2048x1365.jpeg 2048w" sizes="(max-width: 1024px) 100vw, 1024px" /></figure>



<figure class="wp-block-image size-large is-resized"><img loading="lazy" decoding="async" width="1024" height="440" src="https://portais.santoandre.sp.gov.br/educacaodetransito/wp-content/uploads/sites/32/2026/03/Equipe-Completa-1024x440.jpeg" alt="" class="wp-image-238" style="width:698px;height:auto" srcset="https://portais.santoandre.sp.gov.br/educacaodetransito/wp-content/uploads/sites/32/2026/03/Equipe-Completa-1024x440.jpeg 1024w, https://portais.santoandre.sp.gov.br/educacaodetransito/wp-content/uploads/sites/32/2026/03/Equipe-Completa-300x129.jpeg 300w, https://portais.santoandre.sp.gov.br/educacaodetransito/wp-content/uploads/sites/32/2026/03/Equipe-Completa-768x330.jpeg 768w, https://portais.santoandre.sp.gov.br/educacaodetransito/wp-content/uploads/sites/32/2026/03/Equipe-Completa.jpeg 1276w" sizes="(max-width: 1024px) 100vw, 1024px" /></figure>



<p class="wp-block-paragraph"><strong>Nesta data foram abordados cerca de 700 motoristas.</strong></p>

<p>OPERAÇÃO EDUCATIVA &#8211; MARÇO &#8211; DIA DAS MULHERES Baixe aqui o Folder da Campanha !!!! A Operação Educativa de Março ocorreu na Av. Capitão Mário Toledo de Camargo, em frente ao estádio Bruno José Daniel e contou com o apoio das equipes: Os veículos foram direcionados pelos agentes de trânsito para uma baia onde encontravam [&hellip;]</p>
