{"id":926,"date":"2024-04-12T15:01:42","date_gmt":"2024-04-12T18:01:42","guid":{"rendered":"https:\/\/portais.santoandre.sp.gov.br\/educacao\/?page_id=926"},"modified":"2024-05-03T07:54:02","modified_gmt":"2024-05-03T10:54:02","slug":"emeief-camilo-peduti-2023","status":"publish","type":"page","link":"https:\/\/portais.santoandre.sp.gov.br\/educacao\/emeief-camilo-peduti-2023\/","title":{"rendered":"EMEIEF Camilo Peduti &#8211; 2023"},"content":{"rendered":"\n<ol class=\"wp-block-list\" type=\"1\">\n<li><strong><span style=\"color: #000000\" class=\"stk-highlight\">Plano de Trabalho \u2013 2023\/2024 &#8211;<\/span> <\/strong><a rel=\"noreferrer noopener\" href=\"https:\/\/santoandreedu-my.sharepoint.com\/:b:\/g\/personal\/siteeducacao_edu_santoandre_sp_gov_br\/EQxmZ0E_YLdCszqloM0xngwBFeDOcSrZ23YIZB2CpTIzWQ?e=paECdV\" target=\"_blank\">Clique Aqui!<\/a><\/li>\n\n\n\n<li><strong><span style=\"color: #000000\" class=\"stk-highlight\">Termo de Conv\u00eanio 2023\/2024 &#8211;<\/span> <\/strong><a rel=\"noreferrer noopener\" href=\"https:\/\/santoandreedu-my.sharepoint.com\/:b:\/g\/personal\/siteeducacao_edu_santoandre_sp_gov_br\/EZmF3ebylphNgn53zib9D08BlYHgopOf53vGSdxDTxVC6A?e=UVxrTN\" target=\"_blank\">Clique Aqui!<\/a><\/li>\n\n\n\n<li><strong><span style=\"color: #000000\" class=\"stk-highlight\">Valores Repassados &#8211;<\/span> <\/strong><a rel=\"noreferrer noopener\" href=\"https:\/\/santoandreedu-my.sharepoint.com\/:b:\/g\/personal\/siteeducacao_edu_santoandre_sp_gov_br\/EQ610i7wZzNOk9uo4sQ2aeMBi9FqjtXzHE8XLsIIjF44lw?e=o5N19I\" target=\"_blank\">Clique Aqui!<\/a><\/li>\n\n\n\n<li><strong><span style=\"color: #000000\" class=\"stk-highlight\">Manual de Compras: Aquisi\u00e7\u00f5es, Servi\u00e7os e Contrata\u00e7\u00e3o de Pessoal&nbsp;&#8211;<\/span> <\/strong><a rel=\"noreferrer noopener\" href=\"https:\/\/santoandreedu-my.sharepoint.com\/:b:\/g\/personal\/siteeducacao_edu_santoandre_sp_gov_br\/EbCyXgOP03dJgncANnBvbhQBhoFq644u0L82Nm9oUBZCDw?e=AXh7qv\" target=\"_blank\">Clique Aqui!<\/a><\/li>\n\n\n\n<li><strong><span style=\"color: #000000\" class=\"stk-highlight\">Estatuto<\/span><\/strong> <strong>&#8211;<\/strong> <a href=\"https:\/\/santoandreedu-my.sharepoint.com\/:b:\/g\/personal\/siteeducacao_edu_santoandre_sp_gov_br\/Ecc7wkAhjuRHtGD4WA2FyA8B6I4eWrDuvTzhmFuFYOvCaA?e=KrWLvb\" target=\"_blank\" rel=\"noreferrer noopener\">Clique Aqui!<\/a><\/li>\n<\/ol>\n","protected":false},"excerpt":{"rendered":"","protected":false},"author":50,"featured_media":0,"parent":0,"menu_order":0,"comment_status":"closed","ping_status":"closed","template":"","meta":{"footnotes":""},"class_list":["post-926","page","type-page","status-publish","hentry"],"_links":{"self":[{"href":"https:\/\/portais.santoandre.sp.gov.br\/educacao\/wp-json\/wp\/v2\/pages\/926","targetHints":{"allow":["GET"]}}],"collection":[{"href":"https:\/\/portais.santoandre.sp.gov.br\/educacao\/wp-json\/wp\/v2\/pages"}],"about":[{"href":"https:\/\/portais.santoandre.sp.gov.br\/educacao\/wp-json\/wp\/v2\/types\/page"}],"author":[{"embeddable":true,"href":"https:\/\/portais.santoandre.sp.gov.br\/educacao\/wp-json\/wp\/v2\/users\/50"}],"replies":[{"embeddable":true,"href":"https:\/\/portais.santoandre.sp.gov.br\/educacao\/wp-json\/wp\/v2\/comments?post=926"}],"version-history":[{"count":4,"href":"https:\/\/portais.santoandre.sp.gov.br\/educacao\/wp-json\/wp\/v2\/pages\/926\/revisions"}],"predecessor-version":[{"id":1380,"href":"https:\/\/portais.santoandre.sp.gov.br\/educacao\/wp-json\/wp\/v2\/pages\/926\/revisions\/1380"}],"wp:attachment":[{"href":"https:\/\/portais.santoandre.sp.gov.br\/educacao\/wp-json\/wp\/v2\/media?parent=926"}],"curies":[{"name":"wp","href":"https:\/\/api.w.org\/{rel}","templated":true}]}}

<ol class="wp-block-list" type="1">
<li><strong><span style="color: #000000" class="stk-highlight">Plano de Trabalho – 2023/2024 &#8211;</span> </strong><a rel="noreferrer noopener" href="https://santoandreedu-my.sharepoint.com/:b:/g/personal/siteeducacao_edu_santoandre_sp_gov_br/EQxmZ0E_YLdCszqloM0xngwBFeDOcSrZ23YIZB2CpTIzWQ?e=paECdV" target="_blank">Clique Aqui!</a></li>



<li><strong><span style="color: #000000" class="stk-highlight">Termo de Convênio 2023/2024 &#8211;</span> </strong><a rel="noreferrer noopener" href="https://santoandreedu-my.sharepoint.com/:b:/g/personal/siteeducacao_edu_santoandre_sp_gov_br/EZmF3ebylphNgn53zib9D08BlYHgopOf53vGSdxDTxVC6A?e=UVxrTN" target="_blank">Clique Aqui!</a></li>



<li><strong><span style="color: #000000" class="stk-highlight">Valores Repassados &#8211;</span> </strong><a rel="noreferrer noopener" href="https://santoandreedu-my.sharepoint.com/:b:/g/personal/siteeducacao_edu_santoandre_sp_gov_br/EQ610i7wZzNOk9uo4sQ2aeMBi9FqjtXzHE8XLsIIjF44lw?e=o5N19I" target="_blank">Clique Aqui!</a></li>



<li><strong><span style="color: #000000" class="stk-highlight">Manual de Compras: Aquisições, Serviços e Contratação de Pessoal&nbsp;&#8211;</span> </strong><a rel="noreferrer noopener" href="https://santoandreedu-my.sharepoint.com/:b:/g/personal/siteeducacao_edu_santoandre_sp_gov_br/EbCyXgOP03dJgncANnBvbhQBhoFq644u0L82Nm9oUBZCDw?e=AXh7qv" target="_blank">Clique Aqui!</a></li>



<li><strong><span style="color: #000000" class="stk-highlight">Estatuto</span></strong> <strong>&#8211;</strong> <a href="https://santoandreedu-my.sharepoint.com/:b:/g/personal/siteeducacao_edu_santoandre_sp_gov_br/Ecc7wkAhjuRHtGD4WA2FyA8B6I4eWrDuvTzhmFuFYOvCaA?e=KrWLvb" target="_blank" rel="noreferrer noopener">Clique Aqui!</a></li>
</ol>
