{"id":8700,"date":"2024-12-19T11:53:12","date_gmt":"2024-12-19T14:53:12","guid":{"rendered":"https:\/\/portais.santoandre.sp.gov.br\/educacao\/?page_id=8700"},"modified":"2024-12-19T11:53:12","modified_gmt":"2024-12-19T14:53:12","slug":"federacao-das-entidades-assistenciais-de-santo-andre-feasa-2024","status":"publish","type":"page","link":"https:\/\/portais.santoandre.sp.gov.br\/educacao\/federacao-das-entidades-assistenciais-de-santo-andre-feasa-2024\/","title":{"rendered":"Federa\u00e7\u00e3o das Entidades Assistenciais de Santo Andr\u00e9 (FEASA) &#8211; 2024"},"content":{"rendered":"\n<p><span style=\"color: #000000\" class=\"stk-highlight\"><strong>Termo Aditivo \u2013<\/strong><\/span> <a rel=\"noreferrer noopener\" href=\"https:\/\/portais.santoandre.sp.gov.br\/educacao\/wp-content\/uploads\/sites\/17\/2024\/12\/TA-6.pdf\" target=\"_blank\">Clique Aqui!<\/a> <span style=\"color: #000000\" class=\"stk-highlight\"><strong>\/ Plano de Trabalho<\/strong><\/span> <strong><span style=\"color: #000000\" class=\"stk-highlight\">\u2013<\/span><\/strong> <a href=\"https:\/\/portais.santoandre.sp.gov.br\/educacao\/wp-content\/uploads\/sites\/17\/2024\/12\/PT-22.pdf\" target=\"_blank\" rel=\"noreferrer noopener\">Clique Aqui<\/a><\/p>\n\n\n\n<p><strong><span style=\"color: #000000\" class=\"stk-highlight\">Estatuto\u00a0\u2013\u00a0<\/span><\/strong><a href=\"https:\/\/portais.santoandre.sp.gov.br\/educacao\/wp-content\/uploads\/sites\/17\/2024\/12\/Ata-FEASA-2022.pdf\" target=\"_blank\" rel=\"noreferrer noopener\">Clique Aqui!<\/a><\/p>\n\n\n\n<p><\/p>\n","protected":false},"excerpt":{"rendered":"<p>Termo Aditivo \u2013 Clique Aqui! \/ Plano de Trabalho \u2013 Clique Aqui Estatuto\u00a0\u2013\u00a0Clique Aqui!<\/p>\n","protected":false},"author":50,"featured_media":0,"parent":0,"menu_order":0,"comment_status":"closed","ping_status":"closed","template":"","meta":{"footnotes":""},"class_list":["post-8700","page","type-page","status-publish","hentry"],"_links":{"self":[{"href":"https:\/\/portais.santoandre.sp.gov.br\/educacao\/wp-json\/wp\/v2\/pages\/8700","targetHints":{"allow":["GET"]}}],"collection":[{"href":"https:\/\/portais.santoandre.sp.gov.br\/educacao\/wp-json\/wp\/v2\/pages"}],"about":[{"href":"https:\/\/portais.santoandre.sp.gov.br\/educacao\/wp-json\/wp\/v2\/types\/page"}],"author":[{"embeddable":true,"href":"https:\/\/portais.santoandre.sp.gov.br\/educacao\/wp-json\/wp\/v2\/users\/50"}],"replies":[{"embeddable":true,"href":"https:\/\/portais.santoandre.sp.gov.br\/educacao\/wp-json\/wp\/v2\/comments?post=8700"}],"version-history":[{"count":1,"href":"https:\/\/portais.santoandre.sp.gov.br\/educacao\/wp-json\/wp\/v2\/pages\/8700\/revisions"}],"predecessor-version":[{"id":8704,"href":"https:\/\/portais.santoandre.sp.gov.br\/educacao\/wp-json\/wp\/v2\/pages\/8700\/revisions\/8704"}],"wp:attachment":[{"href":"https:\/\/portais.santoandre.sp.gov.br\/educacao\/wp-json\/wp\/v2\/media?parent=8700"}],"curies":[{"name":"wp","href":"https:\/\/api.w.org\/{rel}","templated":true}]}}