{"id":7525,"date":"2024-10-25T09:26:46","date_gmt":"2024-10-25T12:26:46","guid":{"rendered":"https:\/\/portais.santoandre.sp.gov.br\/educacao\/?page_id=7525"},"modified":"2025-03-13T15:46:10","modified_gmt":"2025-03-13T18:46:10","slug":"associacao-de-pais-e-amigos-dos-excepcionais-de-santo-andre-2023","status":"publish","type":"page","link":"https:\/\/portais.santoandre.sp.gov.br\/educacao\/associacao-de-pais-e-amigos-dos-excepcionais-de-santo-andre-2023\/","title":{"rendered":"Associa\u00e7\u00e3o de Pais e Amigos dos Excepcionais de Santo Andr\u00e9 &#8211; 2023"},"content":{"rendered":"\n<p class=\"wp-block-paragraph\"><span style=\"color: #000000\" class=\"stk-highlight\"><strong>Termo de Colabora\u00e7\u00e3o n\u00ba: 007\/2023<\/strong><\/span><\/p>\n\n\n\n<p class=\"wp-block-paragraph\"><span style=\"color: #000000\" class=\"stk-highlight\"><strong>Termo de Colabora\u00e7\u00e3o e <span style=\"color: #000000\" class=\"stk-highlight\"><strong>Plano de Trabalho<\/strong><\/span> \u2013<\/strong><\/span> <a href=\"https:\/\/portais.santoandre.sp.gov.br\/educacao\/wp-content\/uploads\/sites\/17\/2024\/10\/TC-e-PT-fev-23_.pdf\" target=\"_blank\" rel=\"noreferrer noopener\">Clique Aqui!<\/a> <\/p>\n\n\n\n<p class=\"wp-block-paragraph\"><span style=\"color: #000000\" class=\"stk-highlight\"><strong>Anexo RP-10 Demonstrativo Integral de Receitas e Despesas<\/strong><\/span> <strong><span style=\"color: #000000\" class=\"stk-highlight\">\u2013<\/span><\/strong> <a href=\"https:\/\/portais.santoandre.sp.gov.br\/educacao\/wp-content\/uploads\/sites\/17\/2025\/03\/APAE-Santo-Andre-2023-007-2023-Inciso-09.pdf\" target=\"_blank\" rel=\"noreferrer noopener\">Clique Aqui!<\/a><\/p>\n\n\n\n<p class=\"wp-block-paragraph\"><span style=\"color: #000000\" class=\"stk-highlight\"><strong>Parecer Conclusivo<\/strong><\/span> <strong><span style=\"color: #000000\" class=\"stk-highlight\">\u2013<\/span><\/strong> <a href=\"https:\/\/portais.santoandre.sp.gov.br\/educacao\/wp-content\/uploads\/sites\/17\/2025\/03\/APAE-Santo-Andre-2023-007-2023-Inciso-18.pdf\" target=\"_blank\" rel=\"noreferrer noopener\">Clique Aqui!<\/a><\/p>\n\n\n\n<p class=\"wp-block-paragraph\"><\/p>\n","protected":false},"excerpt":{"rendered":"<p>Termo de Colabora\u00e7\u00e3o n\u00ba: 007\/2023 Termo de Colabora\u00e7\u00e3o e Plano de Trabalho \u2013 Clique Aqui! Anexo RP-10 Demonstrativo Integral de Receitas e Despesas \u2013 Clique Aqui! Parecer Conclusivo \u2013 Clique Aqui!<\/p>\n","protected":false},"author":50,"featured_media":0,"parent":0,"menu_order":0,"comment_status":"closed","ping_status":"closed","template":"","meta":{"footnotes":""},"class_list":["post-7525","page","type-page","status-publish","hentry"],"_links":{"self":[{"href":"https:\/\/portais.santoandre.sp.gov.br\/educacao\/wp-json\/wp\/v2\/pages\/7525","targetHints":{"allow":["GET"]}}],"collection":[{"href":"https:\/\/portais.santoandre.sp.gov.br\/educacao\/wp-json\/wp\/v2\/pages"}],"about":[{"href":"https:\/\/portais.santoandre.sp.gov.br\/educacao\/wp-json\/wp\/v2\/types\/page"}],"author":[{"embeddable":true,"href":"https:\/\/portais.santoandre.sp.gov.br\/educacao\/wp-json\/wp\/v2\/users\/50"}],"replies":[{"embeddable":true,"href":"https:\/\/portais.santoandre.sp.gov.br\/educacao\/wp-json\/wp\/v2\/comments?post=7525"}],"version-history":[{"count":2,"href":"https:\/\/portais.santoandre.sp.gov.br\/educacao\/wp-json\/wp\/v2\/pages\/7525\/revisions"}],"predecessor-version":[{"id":8907,"href":"https:\/\/portais.santoandre.sp.gov.br\/educacao\/wp-json\/wp\/v2\/pages\/7525\/revisions\/8907"}],"wp:attachment":[{"href":"https:\/\/portais.santoandre.sp.gov.br\/educacao\/wp-json\/wp\/v2\/media?parent=7525"}],"curies":[{"name":"wp","href":"https:\/\/api.w.org\/{rel}","templated":true}]}}

Associação de Pais e Amigos dos Excepcionais de Santo André &#8211; 2023

<p class="wp-block-paragraph"><span style="color: #000000" class="stk-highlight"><strong>Termo de Colaboração nº: 007/2023</strong></span></p>



<p class="wp-block-paragraph"><span style="color: #000000" class="stk-highlight"><strong>Termo de Colaboração e <span style="color: #000000" class="stk-highlight"><strong>Plano de Trabalho</strong></span> –</strong></span> <a href="https://portais.santoandre.sp.gov.br/educacao/wp-content/uploads/sites/17/2024/10/TC-e-PT-fev-23_.pdf" target="_blank" rel="noreferrer noopener">Clique Aqui!</a> </p>



<p class="wp-block-paragraph"><span style="color: #000000" class="stk-highlight"><strong>Anexo RP-10 Demonstrativo Integral de Receitas e Despesas</strong></span> <strong><span style="color: #000000" class="stk-highlight">–</span></strong> <a href="https://portais.santoandre.sp.gov.br/educacao/wp-content/uploads/sites/17/2025/03/APAE-Santo-Andre-2023-007-2023-Inciso-09.pdf" target="_blank" rel="noreferrer noopener">Clique Aqui!</a></p>



<p class="wp-block-paragraph"><span style="color: #000000" class="stk-highlight"><strong>Parecer Conclusivo</strong></span> <strong><span style="color: #000000" class="stk-highlight">–</span></strong> <a href="https://portais.santoandre.sp.gov.br/educacao/wp-content/uploads/sites/17/2025/03/APAE-Santo-Andre-2023-007-2023-Inciso-18.pdf" target="_blank" rel="noreferrer noopener">Clique Aqui!</a></p>



<p class="wp-block-paragraph"></p>

<p>Termo de Colaboração nº: 007/2023 Termo de Colaboração e Plano de Trabalho – Clique Aqui! Anexo RP-10 Demonstrativo Integral de Receitas e Despesas – Clique Aqui! Parecer Conclusivo – Clique Aqui!</p>
