{"id":7305,"date":"2024-10-14T09:53:36","date_gmt":"2024-10-14T12:53:36","guid":{"rendered":"https:\/\/portais.santoandre.sp.gov.br\/educacao\/?page_id=7305"},"modified":"2024-10-14T09:53:36","modified_gmt":"2024-10-14T12:53:36","slug":"orientacoes-normativas-da-se-2022","status":"publish","type":"page","link":"https:\/\/portais.santoandre.sp.gov.br\/educacao\/orientacoes-normativas-da-se-2022\/","title":{"rendered":"Orienta\u00e7\u00f5es Normativas da SE &#8211; 2022"},"content":{"rendered":"\n<p><span style=\"color: #000000\" class=\"stk-highlight\">Orienta\u00e7\u00e3o Normativa n\u00ba 01\/2022 &#8211; SE: Regulamenta as a\u00e7\u00f5es para o Processo de Flexibiliza\u00e7\u00e3o de Jornada de Trabalho para o ano letivo de 2022 EM CARAT\u00c9R EMERGENCIAL na Rede Municipal de Ensino de Santo Andr\u00e9.<\/span> <a href=\"https:\/\/portais.santoandre.sp.gov.br\/educacao\/wp-content\/uploads\/sites\/17\/2024\/10\/Orientacao-Normativa-n\u00b0-01-2022-Flexibilizacao.pdf\" target=\"_blank\" rel=\"noreferrer noopener\">Clique Aqui!<\/a><\/p>\n\n\n\n<p><span style=\"color: #000000\" class=\"stk-highlight\">Orienta\u00e7\u00e3o Normativa n\u00ba 02\/2022 &#8211; SE: Regulamenta as a\u00e7\u00f5es para o Processo de Flexibiliza\u00e7\u00e3o de Jornada de Trabalho para o ano letivo de 2022 EM CARAT\u00c9R EMERGENCIAL na modalidade de Educa\u00e7\u00e3o F\u00edsica na Rede Municipal de Ensino de Santo Andr\u00e9.<\/span> <a href=\"https:\/\/portais.santoandre.sp.gov.br\/educacao\/wp-content\/uploads\/sites\/17\/2024\/10\/Orientacao-Normativa-n\u00b0-02-2022-Flexibilizacao-Educacao-Fisica.pdf\" target=\"_blank\" rel=\"noreferrer noopener\">Clique Aqui!<\/a><\/p>\n\n\n\n<p><span style=\"color: #000000\" class=\"stk-highlight\">Orienta\u00e7\u00e3o Normativa n\u00ba 03\/2022 &#8211; SE: Fixa normas complementares para atua\u00e7\u00e3o dos Professores de Ensino Fundamental II que atuam na Educa\u00e7\u00e3o de Jovens e Adultos da Rede Municipal de Ensino.<\/span> <a href=\"https:\/\/portais.santoandre.sp.gov.br\/educacao\/wp-content\/uploads\/sites\/17\/2024\/10\/Orientacao-Normativa-n\u00b0-03-2022-Normas-Complementares-EJA.pdf\" target=\"_blank\" rel=\"noreferrer noopener\">Clique Aqui!<\/a><\/p>\n\n\n\n<p><span style=\"color: #000000\" class=\"stk-highlight\">Orienta\u00e7\u00e3o Normativa n\u00ba 04\/2022 &#8211; SE: Regulamenta as a\u00e7\u00f5es para o Processo de Flexibiliza\u00e7\u00e3o de Jornada de Trabalho para o ano letivo de 2022 na Rede Municipal de Ensino de Santo Andr\u00e9.<\/span> <a href=\"https:\/\/portais.santoandre.sp.gov.br\/educacao\/wp-content\/uploads\/sites\/17\/2024\/10\/Orientacao-Normativa-n\u00b0-04-2022-Flexibilizacao.pdf\" target=\"_blank\" rel=\"noreferrer noopener\">Clique Aqui!<\/a><\/p>\n\n\n\n<p><span style=\"color: #000000\" class=\"stk-highlight\">Orienta\u00e7\u00e3o Normativa n\u00ba 05\/2022 &#8211; SE: Permanecem vigentes os dias e hor\u00e1rios previamente discutidos e definidos coletivamente pelos grupos de cada unidade escolar no final de 2021. <\/span><a href=\"https:\/\/portais.santoandre.sp.gov.br\/educacao\/wp-content\/uploads\/sites\/17\/2024\/10\/Orientacao-Normativa-n\u00b0-05-2022.pdf\" target=\"_blank\" rel=\"noreferrer noopener\">Clique Aqui!<\/a> <\/p>\n\n\n\n<p><span style=\"color: #000000\" class=\"stk-highlight\">Orienta\u00e7\u00e3o Normativa n\u00ba 06\/2022 &#8211; SE: Disp\u00f5e sobre as a\u00e7\u00f5es para a reorganiza\u00e7\u00e3o dos Agentes de Desenvolvimento Infantil para o ano letivo de 2023 na Rede Municipal de Ensino de Santo Andr\u00e9.<\/span> <a href=\"https:\/\/portais.santoandre.sp.gov.br\/educacao\/wp-content\/uploads\/sites\/17\/2024\/10\/Orientacao-Normativa-n\u00b0-06-2022.pdf\" target=\"_blank\" rel=\"noreferrer noopener\">Clique Aqui!<\/a><\/p>\n\n\n\n<p><span style=\"color: #000000\" class=\"stk-highlight\">Orienta\u00e7\u00e3o Normativa n\u00ba 07\/2022 &#8211; SE: Disp\u00f5e sobre a organiza\u00e7\u00e3o da jornada docente extraclasse dos professores que atuam no Departamento de Educa\u00e7\u00e3o Infantil e Ensino Fundamental e no Departamento de Educa\u00e7\u00e3o de Jovens e Adultos para o ano letivo de 2023.<\/span> <a href=\"https:\/\/portais.santoandre.sp.gov.br\/educacao\/wp-content\/uploads\/sites\/17\/2024\/10\/Orientacao-Normativa-n\u00b0-07-2022-Jornada-docente-extraclasse.pdf\" target=\"_blank\" rel=\"noreferrer noopener\">Clique Aqui!<\/a><\/p>\n\n\n\n<p><span style=\"color: #000000\" class=\"stk-highlight\">Orienta\u00e7\u00e3o Normativa n\u00ba 08\/2022 &#8211; SE: Fixa normas complementares para atua\u00e7\u00e3o dos Professores de Ensino Fundamental II que atuam na Educa\u00e7\u00e3o de Jovens e Adultos da Rede Municipal de Ensino, para o ano letivo de 2023.<\/span> <a href=\"https:\/\/portais.santoandre.sp.gov.br\/educacao\/wp-content\/uploads\/sites\/17\/2024\/10\/Orientacao-Normativa-n\u00b0-08-2022-Normas-Complementares-EJA.pdf\" target=\"_blank\" rel=\"noreferrer noopener\">Clique Aqui!<\/a><\/p>\n","protected":false},"excerpt":{"rendered":"<p>Orienta\u00e7\u00e3o Normativa n\u00ba 01\/2022 &#8211; SE: Regulamenta as a\u00e7\u00f5es para o Processo de Flexibiliza\u00e7\u00e3o de Jornada de Trabalho para o ano letivo de 2022 EM CARAT\u00c9R EMERGENCIAL na Rede Municipal de Ensino de Santo Andr\u00e9. Clique Aqui! Orienta\u00e7\u00e3o Normativa n\u00ba 02\/2022 &#8211; SE: Regulamenta as a\u00e7\u00f5es para o Processo de Flexibiliza\u00e7\u00e3o de Jornada de Trabalho [&hellip;]<\/p>\n","protected":false},"author":50,"featured_media":0,"parent":0,"menu_order":0,"comment_status":"closed","ping_status":"closed","template":"","meta":{"footnotes":""},"class_list":["post-7305","page","type-page","status-publish","hentry"],"_links":{"self":[{"href":"https:\/\/portais.santoandre.sp.gov.br\/educacao\/wp-json\/wp\/v2\/pages\/7305","targetHints":{"allow":["GET"]}}],"collection":[{"href":"https:\/\/portais.santoandre.sp.gov.br\/educacao\/wp-json\/wp\/v2\/pages"}],"about":[{"href":"https:\/\/portais.santoandre.sp.gov.br\/educacao\/wp-json\/wp\/v2\/types\/page"}],"author":[{"embeddable":true,"href":"https:\/\/portais.santoandre.sp.gov.br\/educacao\/wp-json\/wp\/v2\/users\/50"}],"replies":[{"embeddable":true,"href":"https:\/\/portais.santoandre.sp.gov.br\/educacao\/wp-json\/wp\/v2\/comments?post=7305"}],"version-history":[{"count":1,"href":"https:\/\/portais.santoandre.sp.gov.br\/educacao\/wp-json\/wp\/v2\/pages\/7305\/revisions"}],"predecessor-version":[{"id":7314,"href":"https:\/\/portais.santoandre.sp.gov.br\/educacao\/wp-json\/wp\/v2\/pages\/7305\/revisions\/7314"}],"wp:attachment":[{"href":"https:\/\/portais.santoandre.sp.gov.br\/educacao\/wp-json\/wp\/v2\/media?parent=7305"}],"curies":[{"name":"wp","href":"https:\/\/api.w.org\/{rel}","templated":true}]}}