{"id":7182,"date":"2024-10-10T10:58:04","date_gmt":"2024-10-10T13:58:04","guid":{"rendered":"https:\/\/portais.santoandre.sp.gov.br\/educacao\/?page_id=7182"},"modified":"2024-10-14T09:31:41","modified_gmt":"2024-10-14T12:31:41","slug":"resolucoes-da-secretaria-de-educacao-2022","status":"publish","type":"page","link":"https:\/\/portais.santoandre.sp.gov.br\/educacao\/resolucoes-da-secretaria-de-educacao-2022\/","title":{"rendered":"Resolu\u00e7\u00f5es da Secretaria de Educa\u00e7\u00e3o &#8211; 2022"},"content":{"rendered":"\n<p><span style=\"color: #000000\" class=\"stk-highlight\">Resolu\u00e7\u00e3o n\u00ba 01\/2022 \u2013 SE:&nbsp;Disp\u00f5e acerca do pedido e eventual&nbsp;concess\u00e3o de licen\u00e7a sem vencimentos para&nbsp;os servidores lotados na Secretaria de&nbsp;Educa\u00e7\u00e3o.&nbsp;<a href=\"https:\/\/portais.santoandre.sp.gov.br\/educacao\/wp-content\/uploads\/sites\/17\/2024\/10\/01-Resolucao-01-2022-licenca-sem-vencimento.pdf\" target=\"_blank\" rel=\"noreferrer noopener\">Clique Aqui!<\/a><\/span><\/p>\n\n\n\n<p><span style=\"color: #000000\" class=\"stk-highlight\">Resolu\u00e7\u00e3o n\u00ba 02\/2022 \u2013 SE:&nbsp;Disp\u00f5e sobre os par\u00e2metros operacionais para o&nbsp;atendimento a crian\u00e7as em creches, por meio de Termos&nbsp;de Colabora\u00e7\u00e3o.&nbsp;<a rel=\"noreferrer noopener\" href=\"https:\/\/portais.santoandre.sp.gov.br\/educacao\/wp-content\/uploads\/sites\/17\/2024\/10\/02-Resolucao-02-2022.pdf\" target=\"_blank\">Clique Aqui!<\/a><\/span><\/p>\n\n\n\n<p><span style=\"color: #000000\" class=\"stk-highlight\">Resolu\u00e7\u00e3o n\u00ba 03\/2022 \u2013 SE:&nbsp;Estabelece diretrizes para a defini\u00e7\u00e3o dos&nbsp;calend\u00e1rios das Unidades Escolares da rede&nbsp;municipal de ensino para o ano letivo de&nbsp;2022.&nbsp;<a href=\"https:\/\/portais.santoandre.sp.gov.br\/educacao\/wp-content\/uploads\/sites\/17\/2024\/10\/03-Resolucao-03-2022-Calendario-Escolar.pdf\" target=\"_blank\" rel=\"noreferrer noopener\">Clique Aqui!<\/a><\/span><\/p>\n\n\n\n<p><span style=\"color: #000000\" class=\"stk-highlight\">Errata e Anexo I Resolu\u00e7\u00e3o n\u00ba 03\/2022 \u2013 SE.&nbsp;<a href=\"https:\/\/portais.santoandre.sp.gov.br\/educacao\/wp-content\/uploads\/sites\/17\/2024\/10\/03A-Errata-Anexo-I-Resolucao-03-2022SE.pdf\" target=\"_blank\" rel=\"noreferrer noopener\">Clique Aqui!<\/a><\/span><\/p>\n\n\n\n<p><span style=\"color: #000000\" class=\"stk-highlight\">Resolu\u00e7\u00e3o n\u00ba 03\/2022 \u2013 SE Anexo II.&nbsp;<a href=\"https:\/\/portais.santoandre.sp.gov.br\/educacao\/wp-content\/uploads\/sites\/17\/2024\/10\/03B-Resolucao-03-2022SE-Anexo-II.pdf\" target=\"_blank\" rel=\"noreferrer noopener\">Clique Aqui!<\/a><\/span><\/p>\n\n\n\n<p><span style=\"color: #000000\" class=\"stk-highlight\">Errata Resolu\u00e7\u00e3o n\u00ba 03\/2022 \u2013 SE.&nbsp;<a href=\"https:\/\/portais.santoandre.sp.gov.br\/educacao\/wp-content\/uploads\/sites\/17\/2024\/10\/03C-Errata-Resolucao-03-2022-Calendario-Escolar.pdf\" target=\"_blank\" rel=\"noreferrer noopener\">Clique Aqui!<\/a><\/span><\/p>\n\n\n\n<p><span style=\"color: #000000\" class=\"stk-highlight\">Errata Resolu\u00e7\u00e3o n\u00ba 03\/2022 \u2013 SE Anexo II.&nbsp;<a href=\"https:\/\/portais.santoandre.sp.gov.br\/educacao\/wp-content\/uploads\/sites\/17\/2024\/10\/03D-Errata-Resolucao-03-2022SE-Anexo-II.pdf\" target=\"_blank\" rel=\"noreferrer noopener\">Clique Aqui!<\/a><\/span><\/p>\n\n\n\n<p><span style=\"color: #000000\" class=\"stk-highlight\">Errata Resolu\u00e7\u00e3o n\u00ba 03\/2022 \u2013 SE Anexo I retificado.&nbsp;<a href=\"https:\/\/portais.santoandre.sp.gov.br\/educacao\/wp-content\/uploads\/sites\/17\/2024\/10\/03E-Resolucao-03-2022SE-Anexo-I-retificado.pdf\" target=\"_blank\" rel=\"noreferrer noopener\">Clique Aqui!<\/a><\/span><\/p>\n\n\n\n<p><span style=\"color: #000000\" class=\"stk-highlight\">Resolu\u00e7\u00e3o n\u00ba 04\/2022 \u2013 SE:&nbsp;Disp\u00f5e sobre as normas e procedimentos&nbsp;referentes aos PROCESSOS DE AVALIA\u00c7\u00c3O&nbsp;nas Escolas da Rede Municipal de Santo&nbsp;Andr\u00e9.&nbsp;<a href=\"https:\/\/portais.santoandre.sp.gov.br\/educacao\/wp-content\/uploads\/sites\/17\/2024\/10\/04-Resolucao-04-2022-Processos-de-Avaliacao.pdf\" target=\"_blank\" rel=\"noreferrer noopener\">Clique Aqui!<\/a><\/span><\/p>\n\n\n\n<p><span style=\"color: #000000\" class=\"stk-highlight\">Resolu\u00e7\u00e3o n\u00ba 05\/2022 \u2013 SE:&nbsp;Disp\u00f5e sobre a regulamenta\u00e7\u00e3o do Projeto&nbsp;Escola de Ensino Integrado e a&nbsp;flexibiliza\u00e7\u00e3o no cumprimento da carga&nbsp;hor\u00e1ria pelos&nbsp; estudantes na Educa\u00e7\u00e3o de&nbsp;Jovens e Adultos.&nbsp;<a href=\"https:\/\/portais.santoandre.sp.gov.br\/educacao\/wp-content\/uploads\/sites\/17\/2024\/10\/05-Resolucao-05-2022-Projeto-Escola-de-Ensino-Integrado.pdf\" target=\"_blank\" rel=\"noreferrer noopener\">Clique Aqui!<\/a><\/span><\/p>\n\n\n\n<p><span style=\"color: #000000\" class=\"stk-highlight\">Resolu\u00e7\u00e3o n\u00ba 06\/2022 \u2013 SE:&nbsp;Disp\u00f5e sobre o retorno presencial das&nbsp;atividades escolares no \u00e2mbito da Educa\u00e7\u00e3o&nbsp;Infantil, Ensino Fundamental e Educa\u00e7\u00e3o de&nbsp;Jovens e Adultos da Rede P\u00fablica Municipal&nbsp;de Santo Andr\u00e9, nos termos do Decreto n\u00ba&nbsp;17.855, de 23 de dezembro de 2021, que&nbsp;disp\u00f5e sobre o retorno&nbsp; integral dos \u00f3rg\u00e3os da&nbsp;PSA para o ano de 2022.&nbsp;<a href=\"https:\/\/portais.santoandre.sp.gov.br\/educacao\/wp-content\/uploads\/sites\/17\/2024\/10\/06-Resolucao-06-2022-Retorno-Presencial.pdf\" target=\"_blank\" rel=\"noreferrer noopener\">Clique Aqui!<\/a><\/span><\/p>\n\n\n\n<p><span style=\"color: #000000\" class=\"stk-highlight\">Resolu\u00e7\u00e3o n\u00ba 07\/2022 \u2013 SE:&nbsp;Estabelece regular funcionamento das&nbsp;unidades escolares da rede municipal de&nbsp;ensino para o ano letivo de 2022, bem como&nbsp;as suas respectivas modalidades de&nbsp;atendimento.&nbsp;<a href=\"https:\/\/portais.santoandre.sp.gov.br\/educacao\/wp-content\/uploads\/sites\/17\/2024\/10\/07-Resolucao-07-2022-regula-funcionamento-das-ue.pdf\" target=\"_blank\" rel=\"noreferrer noopener\">Clique Aqui!<\/a><\/span><\/p>\n\n\n\n<p><span style=\"color: #000000\" class=\"stk-highlight\">Resolu\u00e7\u00e3o n\u00ba 07\/2022 \u2013 SE Anexo I.&nbsp;<a href=\"https:\/\/portais.santoandre.sp.gov.br\/educacao\/wp-content\/uploads\/sites\/17\/2024\/10\/07A-Anexo-I-Resolucao-n\u00b0-07-2022SE.pdf\" target=\"_blank\" rel=\"noreferrer noopener\">Clique Aqui!<\/a><\/span><\/p>\n\n\n\n<p><span style=\"color: #000000\" class=\"stk-highlight\">Resolu\u00e7\u00e3o n\u00ba 07\/2022 \u2013 SE Anexo II.&nbsp;<a href=\"https:\/\/portais.santoandre.sp.gov.br\/educacao\/wp-content\/uploads\/sites\/17\/2024\/10\/07B-Anexo-II-Resolucao-n\u00b0-07-2022SE.pdf\" target=\"_blank\" rel=\"noreferrer noopener\">Clique Aqui!<\/a><\/span><\/p>\n\n\n\n<p><span style=\"color: #000000\" class=\"stk-highlight\">Resolu\u00e7\u00e3o n\u00ba 07\/2022 \u2013 SE Anexo III.&nbsp;<a href=\"https:\/\/portais.santoandre.sp.gov.br\/educacao\/wp-content\/uploads\/sites\/17\/2024\/10\/07C-Anexo-III-Resolucao-n\u00b0-07-2022SE.pdf\" target=\"_blank\" rel=\"noreferrer noopener\">Clique Aqui!<\/a><\/span><\/p>\n\n\n\n<p><span style=\"color: #000000\" class=\"stk-highlight\">Resolu\u00e7\u00e3o n\u00ba 08\/2022 \u2013 SE&nbsp;Constitui a Comiss\u00e3o Organizadora da&nbsp;Confer\u00eancia Municipal de Educa\u00e7\u00e3o.&nbsp;<a href=\"https:\/\/portais.santoandre.sp.gov.br\/educacao\/wp-content\/uploads\/sites\/17\/2024\/10\/08-Resolucao-08-2022-CONAE.pdf\" target=\"_blank\" rel=\"noreferrer noopener\">Clique Aqui!<\/a><\/span><\/p>\n\n\n\n<p><span style=\"color: #000000\" class=\"stk-highlight\">Resolu\u00e7\u00e3o n\u00ba 09\/2022 \u2013 SE:\u00a0Aprova o Regimento Interno da Comiss\u00e3o\u00a0Permanente de Avalia\u00e7\u00e3o e\u00a0Acompanhamento de afastamento de\u00a0docentes para cursar\u00a0 p\u00f3s-gradua\u00e7\u00e3o stricto\u00a0sensu, vinculada \u00e0 Secretaria de Educa\u00e7\u00e3o.\u00a0<a rel=\"noreferrer noopener\" href=\"https:\/\/portais.santoandre.sp.gov.br\/educacao\/wp-content\/uploads\/sites\/17\/2024\/10\/09-Resolucao-09-2022-aprova-regimento-interno-comissao-permanente-de-avaliacao.pdf\" target=\"_blank\">Clique Aqui!<\/a><\/span><\/p>\n\n\n\n<p><span style=\"color: #000000\" class=\"stk-highlight\">Resolu\u00e7\u00e3o n\u00ba 10\/2022 \u2013 SE: Altera e acresce dispositivos \u00e0 resolu\u00e7\u00e3o 03\/2022 \u2013 SE, que define as diretrizes do calend\u00e1rio escolar da rede municipal de ensino e demais dispositivos sobre a compensa\u00e7\u00e3o dos dias letivos em virtude dos Jogos da Sele\u00e7\u00e3o Brasileira de Futebol na Copa do Mundo de 2022 e d\u00e1 outras providencias.\u00a0<\/span><a rel=\"noreferrer noopener\" href=\"https:\/\/portais.santoandre.sp.gov.br\/educacao\/wp-content\/uploads\/sites\/17\/2024\/10\/Resolucao-10-2022-Compensacao-Copa-do-Mundo.pdf\" target=\"_blank\">Clique Aqui!<\/a><\/p>\n\n\n\n<p><span style=\"color: #000000\" class=\"stk-highlight\">Resolu\u00e7\u00e3o n\u00ba 10\/2022 \u2013 SE Anexo I.<\/span> <a href=\"https:\/\/portais.santoandre.sp.gov.br\/educacao\/wp-content\/uploads\/sites\/17\/2024\/10\/Resolucao-n\u00b0-10-2022-ANEXO-I-SE.pdf\" target=\"_blank\" rel=\"noreferrer noopener\">Clique Aqui!<\/a><\/p>\n\n\n\n<p><span style=\"color: #000000\" class=\"stk-highlight\">Resolu\u00e7\u00e3o n\u00ba 11\/2022 \u2013 SE: Regulamenta as a\u00e7\u00f5es para o Processo de Atribui\u00e7\u00e3o de Classes de Jovens e Adultos I; Remo\u00e7\u00e3o Parcial de Cargos; Remo\u00e7\u00e3o de Modalidades; Atribui\u00e7\u00e3o de Cargos; e Atribui\u00e7\u00e3o de Classes &#8211; per\u00edodo e turma\/ciclo para o ano letivo de 2023 na Rede Municipal de Ensino de Santo Andr\u00e9.<\/span> <a href=\"https:\/\/portais.santoandre.sp.gov.br\/educacao\/wp-content\/uploads\/sites\/17\/2024\/10\/Resolucao-11-2022-Atribuicao-EJA-I.pdf\" target=\"_blank\" rel=\"noreferrer noopener\">Clique Aqui!<\/a><\/p>\n\n\n\n<p><span style=\"color: #000000\" class=\"stk-highlight\">Resolu\u00e7\u00e3o n\u00ba 11\/2022 \u2013 SE Anexo I &#8211; Ficha de Pontua\u00e7\u00e3o.<\/span> <a href=\"https:\/\/portais.santoandre.sp.gov.br\/educacao\/wp-content\/uploads\/sites\/17\/2024\/10\/Resolucao-11-2022-Anexo-I-Ficha-Educacao-Infantil-e-Ensino-Fundamental.pdf\" target=\"_blank\" rel=\"noreferrer noopener\">Clique Aqui!<\/a><\/p>\n\n\n\n<p><span style=\"color: #000000\" class=\"stk-highlight\">Resolu\u00e7\u00e3o n\u00ba 11\/2022 Anexos I e II.<\/span> <a href=\"https:\/\/portais.santoandre.sp.gov.br\/educacao\/wp-content\/uploads\/sites\/17\/2024\/10\/Resolucao-11-2022-ANEXOS-I-e-II-SE.pdf\" target=\"_blank\" rel=\"noreferrer noopener\">Clique Aqui!<\/a><\/p>\n\n\n\n<p><span style=\"color: #000000\" class=\"stk-highlight\">Resolu\u00e7\u00e3o n\u00ba 12\/2022 \u2013 SE: Regulamenta as a\u00e7\u00f5es para o Processo de Atribui\u00e7\u00e3o de Aulas de Jovens e Adultos II para o ano letivo de 2023 na Rede Municipal de Ensino de Santo Andr\u00e9.<\/span> <a href=\"https:\/\/portais.santoandre.sp.gov.br\/educacao\/wp-content\/uploads\/sites\/17\/2024\/10\/Resolucao-12-2022-Atribuicao-EJA-II.pdf\" target=\"_blank\" rel=\"noreferrer noopener\">Clique Aqui!<\/a><\/p>\n\n\n\n<p><span style=\"color: #000000\" class=\"stk-highlight\">Resolu\u00e7\u00e3o n\u00ba 12\/2022 \u2013 SE Anexos I e II.<\/span> <a rel=\"noreferrer noopener\" href=\"https:\/\/portais.santoandre.sp.gov.br\/educacao\/wp-content\/uploads\/sites\/17\/2024\/10\/Resolucao-12-2022-ANEXOS-I-e-II-SE.pdf\" target=\"_blank\">Clique Aqui!<\/a><\/p>\n\n\n\n<p><span style=\"color: #000000\" class=\"stk-highlight\">Resolu\u00e7\u00e3o n\u00ba 13\/2022 \u2013 SE: Regulamenta as a\u00e7\u00f5es de organiza\u00e7\u00e3o dos cargos de Professor de Educa\u00e7\u00e3o F\u00edsica para o Processo de Remo\u00e7\u00e3o Parcial Cargos, Atribui\u00e7\u00e3o de Cargos, Atribui\u00e7\u00e3o em car\u00e1ter de Substitui\u00e7\u00e3o e demais etapas relacionadas ao cargo, para o ano letivo de 2023 na Rede Municipal de Ensino de Santo Andr\u00e9.<\/span> <a href=\"https:\/\/portais.santoandre.sp.gov.br\/educacao\/wp-content\/uploads\/sites\/17\/2024\/10\/Resolucao-13-2022-Atribuicao-Professor-Educacao-Fisica.pdf\" target=\"_blank\" rel=\"noreferrer noopener\">Clique Aqui!<\/a><\/p>\n\n\n\n<p><span style=\"color: #000000\" class=\"stk-highlight\">Resolu\u00e7\u00e3o n\u00ba 14\/2022 \u2013 SE:<\/span> <span style=\"color: #000000\" class=\"stk-highlight\">Disp\u00f5e acerca da reposi\u00e7\u00e3o dos Servidores da Educa\u00e7\u00e3o nos dias de jogos do Brasil.<\/span> <a rel=\"noreferrer noopener\" href=\"https:\/\/portais.santoandre.sp.gov.br\/educacao\/wp-content\/uploads\/sites\/17\/2024\/10\/Resolucao-14-2022-Compensacao-Copa-do-Mundo.pdf\" target=\"_blank\">Clique Aqui.<\/a><\/p>\n\n\n\n<p><span style=\"color: #000000\" class=\"stk-highlight\">Resolu\u00e7\u00e3o n\u00ba 15\/2022 \u2013 SE: Disp\u00f5e sobre a apresenta\u00e7\u00e3o do Projeto Pol\u00edtico Pedag\u00f3gico 2023 e Calend\u00e1rio Escolar 2023 pelas creches filantr\u00f3picas\/conveniadas e escolas particulares de educa\u00e7\u00e3o infantil de Santo Andr\u00e9.<\/span> <a href=\"https:\/\/portais.santoandre.sp.gov.br\/educacao\/wp-content\/uploads\/sites\/17\/2024\/10\/Resolucao-15-2022-PPP-Calendarios-creches-filantropicas.pdf\" target=\"_blank\" rel=\"noreferrer noopener\">Clique Aqui!<\/a><\/p>\n","protected":false},"excerpt":{"rendered":"<p>Resolu\u00e7\u00e3o n\u00ba 01\/2022 \u2013 SE:&nbsp;Disp\u00f5e acerca do pedido e eventual&nbsp;concess\u00e3o de licen\u00e7a sem vencimentos para&nbsp;os servidores lotados na Secretaria de&nbsp;Educa\u00e7\u00e3o.&nbsp;Clique Aqui! Resolu\u00e7\u00e3o n\u00ba 02\/2022 \u2013 SE:&nbsp;Disp\u00f5e sobre os par\u00e2metros operacionais para o&nbsp;atendimento a crian\u00e7as em creches, por meio de Termos&nbsp;de Colabora\u00e7\u00e3o.&nbsp;Clique Aqui! Resolu\u00e7\u00e3o n\u00ba 03\/2022 \u2013 SE:&nbsp;Estabelece diretrizes para a defini\u00e7\u00e3o dos&nbsp;calend\u00e1rios das Unidades Escolares [&hellip;]<\/p>\n","protected":false},"author":50,"featured_media":0,"parent":0,"menu_order":0,"comment_status":"closed","ping_status":"closed","template":"","meta":{"footnotes":""},"class_list":["post-7182","page","type-page","status-publish","hentry"],"_links":{"self":[{"href":"https:\/\/portais.santoandre.sp.gov.br\/educacao\/wp-json\/wp\/v2\/pages\/7182","targetHints":{"allow":["GET"]}}],"collection":[{"href":"https:\/\/portais.santoandre.sp.gov.br\/educacao\/wp-json\/wp\/v2\/pages"}],"about":[{"href":"https:\/\/portais.santoandre.sp.gov.br\/educacao\/wp-json\/wp\/v2\/types\/page"}],"author":[{"embeddable":true,"href":"https:\/\/portais.santoandre.sp.gov.br\/educacao\/wp-json\/wp\/v2\/users\/50"}],"replies":[{"embeddable":true,"href":"https:\/\/portais.santoandre.sp.gov.br\/educacao\/wp-json\/wp\/v2\/comments?post=7182"}],"version-history":[{"count":5,"href":"https:\/\/portais.santoandre.sp.gov.br\/educacao\/wp-json\/wp\/v2\/pages\/7182\/revisions"}],"predecessor-version":[{"id":7301,"href":"https:\/\/portais.santoandre.sp.gov.br\/educacao\/wp-json\/wp\/v2\/pages\/7182\/revisions\/7301"}],"wp:attachment":[{"href":"https:\/\/portais.santoandre.sp.gov.br\/educacao\/wp-json\/wp\/v2\/media?parent=7182"}],"curies":[{"name":"wp","href":"https:\/\/api.w.org\/{rel}","templated":true}]}}