{"id":6763,"date":"2024-09-30T15:51:25","date_gmt":"2024-09-30T18:51:25","guid":{"rendered":"https:\/\/portais.santoandre.sp.gov.br\/educacao\/?page_id=6763"},"modified":"2024-11-06T09:21:42","modified_gmt":"2024-11-06T12:21:42","slug":"meimei-educacao-e-assistencia-2022","status":"publish","type":"page","link":"https:\/\/portais.santoandre.sp.gov.br\/educacao\/meimei-educacao-e-assistencia-2022\/","title":{"rendered":"MEIMEI Educa\u00e7\u00e3o e Assist\u00eancia &#8211; 2022"},"content":{"rendered":"\n<p><span style=\"color: #000000\" class=\"stk-highlight\"><strong>Termo de Colabora\u00e7\u00e3o <\/strong><\/span><strong><span style=\"color: #000000\" class=\"stk-highlight\">\u2013<\/span><\/strong> <a href=\"https:\/\/portais.santoandre.sp.gov.br\/educacao\/wp-content\/uploads\/sites\/17\/2024\/11\/280-Termo-de-Colaboracao-5.pdf\" target=\"_blank\" rel=\"noreferrer noopener\">Clique Aqui!<\/a><\/p>\n\n\n\n<p><strong><span style=\"color: #000000\" class=\"stk-highlight\">Termo Aditivo \u2013<\/span>\u00a0<\/strong><a rel=\"noreferrer noopener\" href=\"https:\/\/portais.santoandre.sp.gov.br\/educacao\/wp-content\/uploads\/sites\/17\/2024\/09\/1TA-Meimei.pdf\" target=\"_blank\">Clique Aqui!<\/a><strong> <span style=\"color: #000000\" class=\"stk-highlight\">\/ Plano de Trabalho\u00a0\u2013<\/span>\u00a0<\/strong><a rel=\"noreferrer noopener\" href=\"https:\/\/portais.santoandre.sp.gov.br\/educacao\/wp-content\/uploads\/sites\/17\/2024\/09\/2PT-MEIMEI.pdf\" target=\"_blank\">Clique Aqui!<\/a><\/p>\n\n\n\n<p><strong><span style=\"color: #000000\" class=\"stk-highlight\">Estatuto&nbsp;\u2013<\/span>&nbsp;<\/strong><a href=\"https:\/\/portais.santoandre.sp.gov.br\/educacao\/wp-content\/uploads\/sites\/17\/2024\/09\/6-170-Estatuto-4.pdf\" target=\"_blank\" rel=\"noreferrer noopener\">Clique Aqui!<\/a><strong>&nbsp;<span style=\"color: #000000\" class=\"stk-highlight\">\/ Ata&nbsp;\u2013<\/span>&nbsp;<\/strong><a href=\"https:\/\/portais.santoandre.sp.gov.br\/educacao\/wp-content\/uploads\/sites\/17\/2024\/09\/7-Ata-2022-2024-reduzida.pdf\" target=\"_blank\" rel=\"noreferrer noopener\">Clique Aqui!<\/a><\/p>\n\n\n\n<p><strong><span style=\"color: #000000\" class=\"stk-highlight\">Repasses \/ Despesas&nbsp;\u2013&nbsp;<\/span><\/strong><a href=\"https:\/\/www.bercariomeimei.org.br\/transparencia\" target=\"_blank\" rel=\"noreferrer noopener\">Clique Aqui!<\/a><\/p>\n\n\n\n<p><span style=\"color: #000000\" class=\"stk-highlight\"><strong>Anexo RP-10 Demonstrativo Integral das Receitas e Despesas <\/strong><\/span><strong><span style=\"color: #000000\" class=\"stk-highlight\">\u2013<\/span><\/strong> <a href=\"https:\/\/portais.santoandre.sp.gov.br\/educacao\/wp-content\/uploads\/sites\/17\/2024\/11\/inciso-IX-Anexo-RP-10-Meimei.pdf\" target=\"_blank\" rel=\"noreferrer noopener\">Clique Aqui!<\/a><\/p>\n\n\n\n<p><span style=\"color: #000000\" class=\"stk-highlight\"><strong>Parecer Conclusivo<\/strong><\/span> <strong><span style=\"color: #000000\" class=\"stk-highlight\">\u2013<\/span><\/strong> <a href=\"https:\/\/portais.santoandre.sp.gov.br\/educacao\/wp-content\/uploads\/sites\/17\/2024\/11\/Meimei-Inciso-XVII-Parecer-Conclusivo-2022-certificado.pdf\" target=\"_blank\" rel=\"noreferrer noopener\">Clique Aqui!<\/a><\/p>\n","protected":false},"excerpt":{"rendered":"<p>Termo de Colabora\u00e7\u00e3o \u2013 Clique Aqui! Termo Aditivo \u2013\u00a0Clique Aqui! \/ Plano de Trabalho\u00a0\u2013\u00a0Clique Aqui! Estatuto&nbsp;\u2013&nbsp;Clique Aqui!&nbsp;\/ Ata&nbsp;\u2013&nbsp;Clique Aqui! Repasses \/ Despesas&nbsp;\u2013&nbsp;Clique Aqui! Anexo RP-10 Demonstrativo Integral das Receitas e Despesas \u2013 Clique Aqui! Parecer Conclusivo \u2013 Clique Aqui!<\/p>\n","protected":false},"author":50,"featured_media":0,"parent":0,"menu_order":0,"comment_status":"closed","ping_status":"closed","template":"","meta":{"footnotes":""},"class_list":["post-6763","page","type-page","status-publish","hentry"],"_links":{"self":[{"href":"https:\/\/portais.santoandre.sp.gov.br\/educacao\/wp-json\/wp\/v2\/pages\/6763","targetHints":{"allow":["GET"]}}],"collection":[{"href":"https:\/\/portais.santoandre.sp.gov.br\/educacao\/wp-json\/wp\/v2\/pages"}],"about":[{"href":"https:\/\/portais.santoandre.sp.gov.br\/educacao\/wp-json\/wp\/v2\/types\/page"}],"author":[{"embeddable":true,"href":"https:\/\/portais.santoandre.sp.gov.br\/educacao\/wp-json\/wp\/v2\/users\/50"}],"replies":[{"embeddable":true,"href":"https:\/\/portais.santoandre.sp.gov.br\/educacao\/wp-json\/wp\/v2\/comments?post=6763"}],"version-history":[{"count":4,"href":"https:\/\/portais.santoandre.sp.gov.br\/educacao\/wp-json\/wp\/v2\/pages\/6763\/revisions"}],"predecessor-version":[{"id":8011,"href":"https:\/\/portais.santoandre.sp.gov.br\/educacao\/wp-json\/wp\/v2\/pages\/6763\/revisions\/8011"}],"wp:attachment":[{"href":"https:\/\/portais.santoandre.sp.gov.br\/educacao\/wp-json\/wp\/v2\/media?parent=6763"}],"curies":[{"name":"wp","href":"https:\/\/api.w.org\/{rel}","templated":true}]}}

MEIMEI Educação e Assistência &#8211; 2022

<p><span style="color: #000000" class="stk-highlight"><strong>Termo de Colaboração </strong></span><strong><span style="color: #000000" class="stk-highlight">–</span></strong> <a href="https://portais.santoandre.sp.gov.br/educacao/wp-content/uploads/sites/17/2024/11/280-Termo-de-Colaboracao-5.pdf" target="_blank" rel="noreferrer noopener">Clique Aqui!</a></p>



<p><strong><span style="color: #000000" class="stk-highlight">Termo Aditivo –</span> </strong><a rel="noreferrer noopener" href="https://portais.santoandre.sp.gov.br/educacao/wp-content/uploads/sites/17/2024/09/1TA-Meimei.pdf" target="_blank">Clique Aqui!</a><strong> <span style="color: #000000" class="stk-highlight">/ Plano de Trabalho –</span> </strong><a rel="noreferrer noopener" href="https://portais.santoandre.sp.gov.br/educacao/wp-content/uploads/sites/17/2024/09/2PT-MEIMEI.pdf" target="_blank">Clique Aqui!</a></p>



<p><strong><span style="color: #000000" class="stk-highlight">Estatuto&nbsp;–</span>&nbsp;</strong><a href="https://portais.santoandre.sp.gov.br/educacao/wp-content/uploads/sites/17/2024/09/6-170-Estatuto-4.pdf" target="_blank" rel="noreferrer noopener">Clique Aqui!</a><strong>&nbsp;<span style="color: #000000" class="stk-highlight">/ Ata&nbsp;–</span>&nbsp;</strong><a href="https://portais.santoandre.sp.gov.br/educacao/wp-content/uploads/sites/17/2024/09/7-Ata-2022-2024-reduzida.pdf" target="_blank" rel="noreferrer noopener">Clique Aqui!</a></p>



<p><strong><span style="color: #000000" class="stk-highlight">Repasses / Despesas&nbsp;–&nbsp;</span></strong><a href="https://www.bercariomeimei.org.br/transparencia" target="_blank" rel="noreferrer noopener">Clique Aqui!</a></p>



<p><span style="color: #000000" class="stk-highlight"><strong>Anexo RP-10 Demonstrativo Integral das Receitas e Despesas </strong></span><strong><span style="color: #000000" class="stk-highlight">–</span></strong> <a href="https://portais.santoandre.sp.gov.br/educacao/wp-content/uploads/sites/17/2024/11/inciso-IX-Anexo-RP-10-Meimei.pdf" target="_blank" rel="noreferrer noopener">Clique Aqui!</a></p>



<p><span style="color: #000000" class="stk-highlight"><strong>Parecer Conclusivo</strong></span> <strong><span style="color: #000000" class="stk-highlight">–</span></strong> <a href="https://portais.santoandre.sp.gov.br/educacao/wp-content/uploads/sites/17/2024/11/Meimei-Inciso-XVII-Parecer-Conclusivo-2022-certificado.pdf" target="_blank" rel="noreferrer noopener">Clique Aqui!</a></p>

<p>Termo de Colaboração – Clique Aqui! Termo Aditivo – Clique Aqui! / Plano de Trabalho – Clique Aqui! Estatuto&nbsp;–&nbsp;Clique Aqui!&nbsp;/ Ata&nbsp;–&nbsp;Clique Aqui! Repasses / Despesas&nbsp;–&nbsp;Clique Aqui! Anexo RP-10 Demonstrativo Integral das Receitas e Despesas – Clique Aqui! Parecer Conclusivo – Clique Aqui!</p>
