{"id":6733,"date":"2024-09-30T14:16:42","date_gmt":"2024-09-30T17:16:42","guid":{"rendered":"https:\/\/portais.santoandre.sp.gov.br\/educacao\/?page_id=6733"},"modified":"2024-11-06T08:45:32","modified_gmt":"2024-11-06T11:45:32","slug":"associacao-madre-tereza-de-calcuta-2021","status":"publish","type":"page","link":"https:\/\/portais.santoandre.sp.gov.br\/educacao\/associacao-madre-tereza-de-calcuta-2021\/","title":{"rendered":"Associa\u00e7\u00e3o Madre Tereza de Calcut\u00e1 &#8211; 2021"},"content":{"rendered":"\n<p class=\"wp-block-paragraph\"><strong><span style=\"color: #000000\" class=\"stk-highlight\">Termo Aditivo \u2013<\/span>&nbsp;<\/strong><a href=\"https:\/\/portais.santoandre.sp.gov.br\/educacao\/wp-content\/uploads\/sites\/17\/2024\/09\/1-2o-TA-Md-Tereza.pdf\" target=\"_blank\" rel=\"noreferrer noopener\">Clique Aqui!<\/a><strong> <span style=\"color: #000000\" class=\"stk-highlight\">\/ Plano de Trabalho&nbsp;\u2013<\/span>&nbsp;<\/strong><a href=\"https:\/\/portais.santoandre.sp.gov.br\/educacao\/wp-content\/uploads\/sites\/17\/2024\/09\/2-2o-TA-PT-Trab-Md-Tereza.pdf\" target=\"_blank\" rel=\"noreferrer noopener\">Clique Aqui!<\/a><\/p>\n\n\n\n<p class=\"wp-block-paragraph\"><strong><span style=\"color: #000000\" class=\"stk-highlight\">Estatuto&nbsp;\u2013<\/span>&nbsp;<\/strong><a href=\"https:\/\/portais.santoandre.sp.gov.br\/educacao\/wp-content\/uploads\/sites\/17\/2024\/09\/5-170-Estatuto-3.pdf\" target=\"_blank\" rel=\"noreferrer noopener\">Clique Aqui!<\/a><strong>&nbsp;<span style=\"color: #000000\" class=\"stk-highlight\">\/ Ata&nbsp;\u2013<\/span>&nbsp;<\/strong><a href=\"https:\/\/portais.santoandre.sp.gov.br\/educacao\/wp-content\/uploads\/sites\/17\/2024\/09\/6-ATA-FEV-2022-registrada-em-cartorio.pdf\" target=\"_blank\" rel=\"noreferrer noopener\">Clique Aqui!<\/a><\/p>\n\n\n\n<p class=\"wp-block-paragraph\"><strong><span style=\"color: #000000\" class=\"stk-highlight\">Repasses \/ Despesas&nbsp;\u2013&nbsp;<\/span><\/strong><a href=\"http:\/\/amtcriancas.com.br\/documentos-legais\/\" target=\"_blank\" rel=\"noreferrer noopener\">Clique Aqui!<\/a><\/p>\n\n\n\n<p class=\"wp-block-paragraph\"><strong><span style=\"color: #000000\" class=\"stk-highlight\">Anexo RP-10 Demonstrativo Integral das Receitas e Despesas\u00a0\u2013<\/span>\u00a0<\/strong><a rel=\"noreferrer noopener\" href=\"https:\/\/portais.santoandre.sp.gov.br\/educacao\/wp-content\/uploads\/sites\/17\/2024\/09\/7-Anexo-RP-10-Madre-Tereza-2021.pdf\" target=\"_blank\">Clique Aqui!<\/a><\/p>\n\n\n\n<p class=\"wp-block-paragraph\"><strong><span style=\"color: #000000\" class=\"stk-highlight\">Parecer Conclusivo\u00a0\u2013<\/span>\u00a0<\/strong><a rel=\"noreferrer noopener\" href=\"https:\/\/portais.santoandre.sp.gov.br\/educacao\/wp-content\/uploads\/sites\/17\/2024\/09\/6-Parecer-Conclusivo-Madre-Tereza-2021.pdf\" target=\"_blank\">Clique Aqui!<\/a><\/p>\n","protected":false},"excerpt":{"rendered":"<p>Termo Aditivo \u2013&nbsp;Clique Aqui! \/ Plano de Trabalho&nbsp;\u2013&nbsp;Clique Aqui! Estatuto&nbsp;\u2013&nbsp;Clique Aqui!&nbsp;\/ Ata&nbsp;\u2013&nbsp;Clique Aqui! Repasses \/ Despesas&nbsp;\u2013&nbsp;Clique Aqui! Anexo RP-10 Demonstrativo Integral das Receitas e Despesas\u00a0\u2013\u00a0Clique Aqui! Parecer Conclusivo\u00a0\u2013\u00a0Clique Aqui!<\/p>\n","protected":false},"author":50,"featured_media":0,"parent":0,"menu_order":0,"comment_status":"closed","ping_status":"closed","template":"","meta":{"footnotes":""},"class_list":["post-6733","page","type-page","status-publish","hentry"],"_links":{"self":[{"href":"https:\/\/portais.santoandre.sp.gov.br\/educacao\/wp-json\/wp\/v2\/pages\/6733","targetHints":{"allow":["GET"]}}],"collection":[{"href":"https:\/\/portais.santoandre.sp.gov.br\/educacao\/wp-json\/wp\/v2\/pages"}],"about":[{"href":"https:\/\/portais.santoandre.sp.gov.br\/educacao\/wp-json\/wp\/v2\/types\/page"}],"author":[{"embeddable":true,"href":"https:\/\/portais.santoandre.sp.gov.br\/educacao\/wp-json\/wp\/v2\/users\/50"}],"replies":[{"embeddable":true,"href":"https:\/\/portais.santoandre.sp.gov.br\/educacao\/wp-json\/wp\/v2\/comments?post=6733"}],"version-history":[{"count":2,"href":"https:\/\/portais.santoandre.sp.gov.br\/educacao\/wp-json\/wp\/v2\/pages\/6733\/revisions"}],"predecessor-version":[{"id":7985,"href":"https:\/\/portais.santoandre.sp.gov.br\/educacao\/wp-json\/wp\/v2\/pages\/6733\/revisions\/7985"}],"wp:attachment":[{"href":"https:\/\/portais.santoandre.sp.gov.br\/educacao\/wp-json\/wp\/v2\/media?parent=6733"}],"curies":[{"name":"wp","href":"https:\/\/api.w.org\/{rel}","templated":true}]}}

Associação Madre Tereza de Calcutá &#8211; 2021
