{"id":6659,"date":"2024-09-27T09:28:06","date_gmt":"2024-09-27T12:28:06","guid":{"rendered":"https:\/\/portais.santoandre.sp.gov.br\/educacao\/?page_id=6659"},"modified":"2024-11-05T08:44:20","modified_gmt":"2024-11-05T11:44:20","slug":"associacao-assistencial-e-educacional-jardim-santo-andre-2021","status":"publish","type":"page","link":"https:\/\/portais.santoandre.sp.gov.br\/educacao\/associacao-assistencial-e-educacional-jardim-santo-andre-2021\/","title":{"rendered":"Associa\u00e7\u00e3o Assistencial e Educacional Jardim Santo Andr\u00e9 &#8211; 2021"},"content":{"rendered":"\n<p class=\"wp-block-paragraph\"><span style=\"color: #000000\" class=\"stk-highlight\"><strong>Termo de Colabora\u00e7\u00e3o<\/strong><\/span> <strong><span style=\"color: #000000\" class=\"stk-highlight\">\u2013<\/span><\/strong> <a href=\"https:\/\/portais.santoandre.sp.gov.br\/educacao\/wp-content\/uploads\/sites\/17\/2024\/11\/280-Termo-de-Colaboracao.pdf\" target=\"_blank\" rel=\"noreferrer noopener\">Clique Aqui!<\/a><\/p>\n\n\n\n<p class=\"wp-block-paragraph\"><strong><span style=\"color: #000000\" class=\"stk-highlight\">Termo Aditivo \u2013<\/span>&nbsp;<\/strong><a rel=\"noreferrer noopener\" href=\"https:\/\/portais.santoandre.sp.gov.br\/educacao\/wp-content\/uploads\/sites\/17\/2024\/09\/1-2021-2o-TA-Jd-Sto-Andre.pdf\" target=\"_blank\">Clique Aqui!<\/a><strong> <span style=\"color: #000000\" class=\"stk-highlight\">\/ Plano de Trabalho&nbsp;\u2013<\/span>&nbsp;<\/strong><a rel=\"noreferrer noopener\" href=\"https:\/\/portais.santoandre.sp.gov.br\/educacao\/wp-content\/uploads\/sites\/17\/2024\/09\/2-2021-2o-TA-PT-Trab-JSA.pdf\" target=\"_blank\">Clique Aqui!<\/a><\/p>\n\n\n\n<p class=\"wp-block-paragraph\"><strong><span style=\"color: #000000\" class=\"stk-highlight\">Estatuto&nbsp;\u2013<\/span>&nbsp;<\/strong><a href=\"https:\/\/portais.santoandre.sp.gov.br\/educacao\/wp-content\/uploads\/sites\/17\/2024\/09\/5-7.ESTATUTO-SOCIAL-JARDIM-SANTO-ANDRE.pdf\" target=\"_blank\" rel=\"noreferrer noopener\">Clique Aqui!<\/a><strong>&nbsp;<span style=\"color: #000000\" class=\"stk-highlight\">\/ Ata&nbsp;\u2013<\/span>&nbsp;<\/strong><a href=\"https:\/\/portais.santoandre.sp.gov.br\/educacao\/wp-content\/uploads\/sites\/17\/2024\/09\/6-ATA.pdf\" target=\"_blank\" rel=\"noreferrer noopener\">Clique Aqui!<\/a><\/p>\n\n\n\n<p class=\"wp-block-paragraph\"><strong><span style=\"color: #000000\" class=\"stk-highlight\">Repasses \/ Despesas&nbsp;\u2013&nbsp;<\/span><\/strong><a href=\"https:\/\/aaejardimsantoandre.wixsite.com\/crechesaojeronimo\/copia-relatorio-de-objeto-2019\" target=\"_blank\" rel=\"noreferrer noopener\">Clique Aqui!<\/a><\/p>\n\n\n\n<p class=\"wp-block-paragraph\"><span style=\"color: #000000\" class=\"stk-highlight\"><strong>Anexo RP-10 Demonstrativo Integral das Receitas e Despesas<\/strong><\/span> <strong><span style=\"color: #000000\" class=\"stk-highlight\">\u2013<\/span><\/strong> <a href=\"https:\/\/portais.santoandre.sp.gov.br\/educacao\/wp-content\/uploads\/sites\/17\/2024\/11\/Jd.-Santo-Andre-Inciso-IX-anexo.pdf\" target=\"_blank\" rel=\"noreferrer noopener\">Clique Aqui!<\/a><\/p>\n\n\n\n<p class=\"wp-block-paragraph\"><span style=\"color: #000000\" class=\"stk-highlight\"><strong>Parecer Conclusivo <\/strong><\/span><strong><span style=\"color: #000000\" class=\"stk-highlight\">\u2013<\/span><\/strong> <a href=\"https:\/\/portais.santoandre.sp.gov.br\/educacao\/wp-content\/uploads\/sites\/17\/2024\/11\/Jd.-Santo-Andre-Inciso-XVII-Parecer-Conclusivo.pdf\" target=\"_blank\" rel=\"noreferrer noopener\">Clique Aqui!<\/a><\/p>\n","protected":false},"excerpt":{"rendered":"<p>Termo de Colabora\u00e7\u00e3o \u2013 Clique Aqui! Termo Aditivo \u2013&nbsp;Clique Aqui! \/ Plano de Trabalho&nbsp;\u2013&nbsp;Clique Aqui! Estatuto&nbsp;\u2013&nbsp;Clique Aqui!&nbsp;\/ Ata&nbsp;\u2013&nbsp;Clique Aqui! Repasses \/ Despesas&nbsp;\u2013&nbsp;Clique Aqui! Anexo RP-10 Demonstrativo Integral das Receitas e Despesas \u2013 Clique Aqui! Parecer Conclusivo \u2013 Clique Aqui!<\/p>\n","protected":false},"author":50,"featured_media":0,"parent":0,"menu_order":0,"comment_status":"closed","ping_status":"closed","template":"","meta":{"footnotes":""},"class_list":["post-6659","page","type-page","status-publish","hentry"],"_links":{"self":[{"href":"https:\/\/portais.santoandre.sp.gov.br\/educacao\/wp-json\/wp\/v2\/pages\/6659","targetHints":{"allow":["GET"]}}],"collection":[{"href":"https:\/\/portais.santoandre.sp.gov.br\/educacao\/wp-json\/wp\/v2\/pages"}],"about":[{"href":"https:\/\/portais.santoandre.sp.gov.br\/educacao\/wp-json\/wp\/v2\/types\/page"}],"author":[{"embeddable":true,"href":"https:\/\/portais.santoandre.sp.gov.br\/educacao\/wp-json\/wp\/v2\/users\/50"}],"replies":[{"embeddable":true,"href":"https:\/\/portais.santoandre.sp.gov.br\/educacao\/wp-json\/wp\/v2\/comments?post=6659"}],"version-history":[{"count":3,"href":"https:\/\/portais.santoandre.sp.gov.br\/educacao\/wp-json\/wp\/v2\/pages\/6659\/revisions"}],"predecessor-version":[{"id":7844,"href":"https:\/\/portais.santoandre.sp.gov.br\/educacao\/wp-json\/wp\/v2\/pages\/6659\/revisions\/7844"}],"wp:attachment":[{"href":"https:\/\/portais.santoandre.sp.gov.br\/educacao\/wp-json\/wp\/v2\/media?parent=6659"}],"curies":[{"name":"wp","href":"https:\/\/api.w.org\/{rel}","templated":true}]}}

Associação Assistencial e Educacional Jardim Santo André &#8211; 2021

<p class="wp-block-paragraph"><span style="color: #000000" class="stk-highlight"><strong>Termo de Colaboração</strong></span> <strong><span style="color: #000000" class="stk-highlight">–</span></strong> <a href="https://portais.santoandre.sp.gov.br/educacao/wp-content/uploads/sites/17/2024/11/280-Termo-de-Colaboracao.pdf" target="_blank" rel="noreferrer noopener">Clique Aqui!</a></p>



<p class="wp-block-paragraph"><strong><span style="color: #000000" class="stk-highlight">Termo Aditivo –</span>&nbsp;</strong><a rel="noreferrer noopener" href="https://portais.santoandre.sp.gov.br/educacao/wp-content/uploads/sites/17/2024/09/1-2021-2o-TA-Jd-Sto-Andre.pdf" target="_blank">Clique Aqui!</a><strong> <span style="color: #000000" class="stk-highlight">/ Plano de Trabalho&nbsp;–</span>&nbsp;</strong><a rel="noreferrer noopener" href="https://portais.santoandre.sp.gov.br/educacao/wp-content/uploads/sites/17/2024/09/2-2021-2o-TA-PT-Trab-JSA.pdf" target="_blank">Clique Aqui!</a></p>



<p class="wp-block-paragraph"><strong><span style="color: #000000" class="stk-highlight">Estatuto&nbsp;–</span>&nbsp;</strong><a href="https://portais.santoandre.sp.gov.br/educacao/wp-content/uploads/sites/17/2024/09/5-7.ESTATUTO-SOCIAL-JARDIM-SANTO-ANDRE.pdf" target="_blank" rel="noreferrer noopener">Clique Aqui!</a><strong>&nbsp;<span style="color: #000000" class="stk-highlight">/ Ata&nbsp;–</span>&nbsp;</strong><a href="https://portais.santoandre.sp.gov.br/educacao/wp-content/uploads/sites/17/2024/09/6-ATA.pdf" target="_blank" rel="noreferrer noopener">Clique Aqui!</a></p>



<p class="wp-block-paragraph"><strong><span style="color: #000000" class="stk-highlight">Repasses / Despesas&nbsp;–&nbsp;</span></strong><a href="https://aaejardimsantoandre.wixsite.com/crechesaojeronimo/copia-relatorio-de-objeto-2019" target="_blank" rel="noreferrer noopener">Clique Aqui!</a></p>



<p class="wp-block-paragraph"><span style="color: #000000" class="stk-highlight"><strong>Anexo RP-10 Demonstrativo Integral das Receitas e Despesas</strong></span> <strong><span style="color: #000000" class="stk-highlight">–</span></strong> <a href="https://portais.santoandre.sp.gov.br/educacao/wp-content/uploads/sites/17/2024/11/Jd.-Santo-Andre-Inciso-IX-anexo.pdf" target="_blank" rel="noreferrer noopener">Clique Aqui!</a></p>



<p class="wp-block-paragraph"><span style="color: #000000" class="stk-highlight"><strong>Parecer Conclusivo </strong></span><strong><span style="color: #000000" class="stk-highlight">–</span></strong> <a href="https://portais.santoandre.sp.gov.br/educacao/wp-content/uploads/sites/17/2024/11/Jd.-Santo-Andre-Inciso-XVII-Parecer-Conclusivo.pdf" target="_blank" rel="noreferrer noopener">Clique Aqui!</a></p>

<p>Termo de Colaboração – Clique Aqui! Termo Aditivo –&nbsp;Clique Aqui! / Plano de Trabalho&nbsp;–&nbsp;Clique Aqui! Estatuto&nbsp;–&nbsp;Clique Aqui!&nbsp;/ Ata&nbsp;–&nbsp;Clique Aqui! Repasses / Despesas&nbsp;–&nbsp;Clique Aqui! Anexo RP-10 Demonstrativo Integral das Receitas e Despesas – Clique Aqui! Parecer Conclusivo – Clique Aqui!</p>
