{"id":387,"date":"2024-04-04T16:06:02","date_gmt":"2024-04-04T19:06:02","guid":{"rendered":"https:\/\/portais.santoandre.sp.gov.br\/educacao\/?page_id=387"},"modified":"2024-04-05T14:35:56","modified_gmt":"2024-04-05T17:35:56","slug":"creche-brasil-marques-do-amaral-2023","status":"publish","type":"page","link":"https:\/\/portais.santoandre.sp.gov.br\/educacao\/creche-brasil-marques-do-amaral-2023\/","title":{"rendered":"Creche Brasil Marques do Amaral &#8211; 2023"},"content":{"rendered":"\n<ol class=\"wp-block-list\" type=\"1\">\n<li><span style=\"color: #000000\" class=\"stk-highlight\"><strong>S\u00edntese de&nbsp;aplica\u00e7\u00f5es financeiras<\/strong> &#8211; <a href=\"https:\/\/portais.santoandre.sp.gov.br\/educacao\/wp-content\/uploads\/sites\/17\/2024\/04\/Sintese-de-Aplicacoes-Financeiras.pdf\" target=\"_blank\" rel=\"noreferrer noopener\">Clique Aqui!<\/a><\/span><\/li>\n\n\n\n<li><span style=\"color: #000000\" class=\"stk-highlight\"><strong>Prestadores de servi\u00e7os Fornecedores<\/strong> &#8211;<\/span> <a href=\"https:\/\/santoandreedu-my.sharepoint.com\/:b:\/g\/personal\/siteeducacao_edu_santoandre_sp_gov_br\/EWongdzq4eFHkDw8_KXoAFEB3oDGbZ6c7tq2dgFwhLa8ZA?e=O1L8Kt\" target=\"_blank\" rel=\"noreferrer noopener\">Clique Aqui!<\/a><\/li>\n\n\n\n<li><span style=\"color: #000000\" class=\"stk-highlight\"><strong>S\u00edntese do relat\u00f3rio f\u00edsico-financeiros&nbsp;de receitas e despesas &#8211; <\/strong><a rel=\"noreferrer noopener\" href=\"https:\/\/portais.santoandre.sp.gov.br\/educacao\/wp-content\/uploads\/sites\/17\/2024\/04\/Sintese-de-Receitas-e-Despesas.pdf\" target=\"_blank\">Clique Aqui!<\/a><strong>&nbsp;<\/strong><\/span><\/li>\n\n\n\n<li><span style=\"color: #000000\" class=\"stk-highlight\"><strong>Plano de Trabalho \u2013 2023\/2024 <\/strong><\/span>&#8211; <a href=\"https:\/\/santoandreedu-my.sharepoint.com\/:b:\/g\/personal\/siteeducacao_edu_santoandre_sp_gov_br\/EZCn-R_YlN5HuEsiW0MYvfIBZzKO0l4tgvVf3L5Q1RwnOg?e=ZwHpwa\" target=\"_blank\" rel=\"noreferrer noopener\">Clique Aqui!<\/a><\/li>\n\n\n\n<li><span style=\"color: #000000\" class=\"stk-highlight\"><strong>Termo Aditivo 2023\/2024 <\/strong>&#8211; <a rel=\"noreferrer noopener\" href=\"https:\/\/portais.santoandre.sp.gov.br\/educacao\/wp-content\/uploads\/sites\/17\/2024\/04\/Aditivo-CR-Brasil-Marques.pdf\" target=\"_blank\">Clique Aqui!<\/a> <\/span><\/li>\n\n\n\n<li><span style=\"color: #000000\" class=\"stk-highlight\"><strong>Valores Repassados &#8211; <\/strong><a rel=\"noreferrer noopener\" href=\"https:\/\/portais.santoandre.sp.gov.br\/educacao\/wp-content\/uploads\/sites\/17\/2024\/04\/Valores-Repassados.pdf\" target=\"_blank\">Clique Aqui!<\/a><\/span><\/li>\n\n\n\n<li><span style=\"color: #000000\" class=\"stk-highlight\"><strong>Demonstrativo de Receitas e Despesas&nbsp;&#8211; <\/strong><a rel=\"noreferrer noopener\" href=\"https:\/\/santoandreedu-my.sharepoint.com\/:b:\/g\/personal\/siteeducacao_edu_santoandre_sp_gov_br\/EUaCaVv8iuxFiFMqMVtNha8BhNBf88GCxr1b49eYphSINw?e=FhThFn\" target=\"_blank\">Clique Aqui!<\/a><\/span><\/li>\n\n\n\n<li><span style=\"color: #000000\" class=\"stk-highlight\"><strong>Remunera\u00e7\u00e3o individualizada dos Dirigentes<\/strong><\/span> &#8211; <a href=\"https:\/\/santoandreedu-my.sharepoint.com\/:b:\/g\/personal\/siteeducacao_edu_santoandre_sp_gov_br\/EfMj_rDRHFFNuOwHdwapjZ8BI9-PMQx2c5Wc8iTlQeOAUg?e=XaPD5L\" target=\"_blank\" rel=\"noreferrer noopener\">Clique Aqui!<\/a><\/li>\n\n\n\n<li><span style=\"color: #000000\" class=\"stk-highlight\"><strong>Manual de Compras: Aquisi\u00e7\u00f5es, Servi\u00e7os e Contrata\u00e7\u00e3o de Pessoal&nbsp;<\/strong>&#8211; <a href=\"https:\/\/santoandreedu-my.sharepoint.com\/:b:\/g\/personal\/siteeducacao_edu_santoandre_sp_gov_br\/EbCyXgOP03dJgncANnBvbhQBANwH59UnnrDPAhHbnvSQGQ?e=y97boE\" target=\"_blank\" rel=\"noreferrer noopener\">Clique Aqui!<\/a><\/span><\/li>\n\n\n\n<li><span style=\"color: #000000\" class=\"stk-highlight\"><strong>Estatuto <\/strong>&#8211; <a href=\"https:\/\/santoandreedu-my.sharepoint.com\/:b:\/g\/personal\/siteeducacao_edu_santoandre_sp_gov_br\/Ec033QO6-wdGmiFn7DoB0QYBmtDnvpjrY3c9MbGIhIWpwA?e=dlK1c9\" target=\"_blank\" rel=\"noreferrer noopener\">Clique Aqui!<\/a><\/span><\/li>\n<\/ol>\n","protected":false},"excerpt":{"rendered":"","protected":false},"author":50,"featured_media":0,"parent":0,"menu_order":0,"comment_status":"closed","ping_status":"closed","template":"","meta":{"footnotes":""},"class_list":["post-387","page","type-page","status-publish","hentry"],"_links":{"self":[{"href":"https:\/\/portais.santoandre.sp.gov.br\/educacao\/wp-json\/wp\/v2\/pages\/387","targetHints":{"allow":["GET"]}}],"collection":[{"href":"https:\/\/portais.santoandre.sp.gov.br\/educacao\/wp-json\/wp\/v2\/pages"}],"about":[{"href":"https:\/\/portais.santoandre.sp.gov.br\/educacao\/wp-json\/wp\/v2\/types\/page"}],"author":[{"embeddable":true,"href":"https:\/\/portais.santoandre.sp.gov.br\/educacao\/wp-json\/wp\/v2\/users\/50"}],"replies":[{"embeddable":true,"href":"https:\/\/portais.santoandre.sp.gov.br\/educacao\/wp-json\/wp\/v2\/comments?post=387"}],"version-history":[{"count":6,"href":"https:\/\/portais.santoandre.sp.gov.br\/educacao\/wp-json\/wp\/v2\/pages\/387\/revisions"}],"predecessor-version":[{"id":498,"href":"https:\/\/portais.santoandre.sp.gov.br\/educacao\/wp-json\/wp\/v2\/pages\/387\/revisions\/498"}],"wp:attachment":[{"href":"https:\/\/portais.santoandre.sp.gov.br\/educacao\/wp-json\/wp\/v2\/media?parent=387"}],"curies":[{"name":"wp","href":"https:\/\/api.w.org\/{rel}","templated":true}]}}