{"id":13219,"date":"2026-06-11T10:00:32","date_gmt":"2026-06-11T13:00:32","guid":{"rendered":"https:\/\/portais.santoandre.sp.gov.br\/educacao\/?page_id=13219"},"modified":"2026-06-11T10:00:33","modified_gmt":"2026-06-11T13:00:33","slug":"emei-jardim-alzira-franco-2025","status":"publish","type":"page","link":"https:\/\/portais.santoandre.sp.gov.br\/educacao\/emei-jardim-alzira-franco-2025\/","title":{"rendered":"EMEI Jardim Alzira Franco &#8211; 2025"},"content":{"rendered":"\n<ol style=\"list-style-type:1\" class=\"wp-block-list\">\n<li><strong><span style=\"color: #000000\" class=\"stk-highlight\">S\u00edntese de\u00a0aplica\u00e7\u00f5es financeiras &#8211;<\/span> <\/strong><\/li>\n\n\n\n<li><strong><span style=\"color: #000000\" class=\"stk-highlight\">Prestadores de servi\u00e7os Fornecedores &#8211;<\/span> <\/strong><\/li>\n\n\n\n<li><strong><span style=\"color: #000000\" class=\"stk-highlight\">S\u00edntese do relat\u00f3rio f\u00edsico-financeiro\u00a0de receitas e despesas &#8211;<\/span> <\/strong><\/li>\n\n\n\n<li><strong><span style=\"color: #000000\" class=\"stk-highlight\">Plano de Trabalho \u2013 2024\/2025 &#8211; <\/span><\/strong><a href=\"https:\/\/portais.santoandre.sp.gov.br\/educacao\/wp-content\/uploads\/sites\/17\/2026\/06\/Plano-de-Trabalho-Emei-Jd.-Alzira.pdf\">Clique Aqui!<\/a><\/li>\n\n\n\n<li><strong><span style=\"color: #000000\" class=\"stk-highlight\">Termo de Conv\u00eanio &#8211;<\/span> <\/strong><a href=\"https:\/\/portais.santoandre.sp.gov.br\/educacao\/wp-content\/uploads\/sites\/17\/2026\/06\/Emei-Jardim-ALZIRA-FRANCO-Termo-de-Convenio.pdf\">Clique Aqui!<\/a><\/li>\n\n\n\n<li><strong><span style=\"color: #000000\" class=\"stk-highlight\">Valores Repassados &#8211; <\/span><\/strong><\/li>\n\n\n\n<li><strong><span style=\"color: #000000\" class=\"stk-highlight\">Demonstrativo de Receitas e Despesas &#8211; <\/span><\/strong><a href=\"https:\/\/portais.santoandre.sp.gov.br\/educacao\/wp-content\/uploads\/sites\/17\/2026\/06\/Demonstrativo-de-Receitas-e-Despesas-2025-Emei-Jd.-Alzira-Franco.pdf\">Clique Aqui!<\/a><\/li>\n\n\n\n<li><strong><span style=\"color: #000000\" class=\"stk-highlight\">Remunera\u00e7\u00e3o individualizada dos Dirigentes &#8211;<\/span> <\/strong><\/li>\n\n\n\n<li><strong><span style=\"color: #000000\" class=\"stk-highlight\">Manual de Compras: Aquisi\u00e7\u00f5es, Servi\u00e7os e Contrata\u00e7\u00e3o de Pessoal &#8211;<\/span> <\/strong><a href=\"https:\/\/portais.santoandre.sp.gov.br\/educacao\/wp-content\/uploads\/sites\/17\/2026\/06\/Manual-de-Compras.pdf\">Clique Aqui!<\/a><\/li>\n\n\n\n<li><strong><span style=\"color: #000000\" class=\"stk-highlight\">Estatuto &#8211;<\/span> <\/strong><a href=\"https:\/\/portais.santoandre.sp.gov.br\/educacao\/wp-content\/uploads\/sites\/17\/2026\/06\/estatuto-emei-alzira-f-12092024.pdf\">Clique Aqui!<\/a><\/li>\n\n\n\n<li><strong><span style=\"color: #0f0e17\" class=\"stk-highlight\">Parecer Conclusivo &#8211;<\/span><\/strong> <a href=\"https:\/\/portais.santoandre.sp.gov.br\/educacao\/wp-content\/uploads\/sites\/17\/2026\/06\/PC-Emei-Jd.-Alzira.pdf\">Clique Aqui!<\/a><\/li>\n\n\n\n<li><strong><span style=\"color: #0f0e17\" class=\"stk-highlight\">Anexo RP-12 (Repasses do Terceiro Setor) &#8211;<\/span><\/strong> <a href=\"https:\/\/portais.santoandre.sp.gov.br\/educacao\/wp-content\/uploads\/sites\/17\/2026\/06\/RP-Emei-Jd.-Alzira.pdf\">Clique Aqui!<\/a><\/li>\n<\/ol>\n\n\n\n<p class=\"wp-block-paragraph\"><\/p>\n","protected":false},"excerpt":{"rendered":"","protected":false},"author":50,"featured_media":0,"parent":0,"menu_order":0,"comment_status":"closed","ping_status":"closed","template":"","meta":{"footnotes":""},"class_list":["post-13219","page","type-page","status-publish","hentry"],"_links":{"self":[{"href":"https:\/\/portais.santoandre.sp.gov.br\/educacao\/wp-json\/wp\/v2\/pages\/13219","targetHints":{"allow":["GET"]}}],"collection":[{"href":"https:\/\/portais.santoandre.sp.gov.br\/educacao\/wp-json\/wp\/v2\/pages"}],"about":[{"href":"https:\/\/portais.santoandre.sp.gov.br\/educacao\/wp-json\/wp\/v2\/types\/page"}],"author":[{"embeddable":true,"href":"https:\/\/portais.santoandre.sp.gov.br\/educacao\/wp-json\/wp\/v2\/users\/50"}],"replies":[{"embeddable":true,"href":"https:\/\/portais.santoandre.sp.gov.br\/educacao\/wp-json\/wp\/v2\/comments?post=13219"}],"version-history":[{"count":1,"href":"https:\/\/portais.santoandre.sp.gov.br\/educacao\/wp-json\/wp\/v2\/pages\/13219\/revisions"}],"predecessor-version":[{"id":13227,"href":"https:\/\/portais.santoandre.sp.gov.br\/educacao\/wp-json\/wp\/v2\/pages\/13219\/revisions\/13227"}],"wp:attachment":[{"href":"https:\/\/portais.santoandre.sp.gov.br\/educacao\/wp-json\/wp\/v2\/media?parent=13219"}],"curies":[{"name":"wp","href":"https:\/\/api.w.org\/{rel}","templated":true}]}}

<ol style="list-style-type:1" class="wp-block-list">
<li><strong><span style="color: #000000" class="stk-highlight">Síntese de aplicações financeiras &#8211;</span> </strong></li>



<li><strong><span style="color: #000000" class="stk-highlight">Prestadores de serviços Fornecedores &#8211;</span> </strong></li>



<li><strong><span style="color: #000000" class="stk-highlight">Síntese do relatório físico-financeiro de receitas e despesas &#8211;</span> </strong></li>



<li><strong><span style="color: #000000" class="stk-highlight">Plano de Trabalho – 2024/2025 &#8211; </span></strong><a href="https://portais.santoandre.sp.gov.br/educacao/wp-content/uploads/sites/17/2026/06/Plano-de-Trabalho-Emei-Jd.-Alzira.pdf">Clique Aqui!</a></li>



<li><strong><span style="color: #000000" class="stk-highlight">Termo de Convênio &#8211;</span> </strong><a href="https://portais.santoandre.sp.gov.br/educacao/wp-content/uploads/sites/17/2026/06/Emei-Jardim-ALZIRA-FRANCO-Termo-de-Convenio.pdf">Clique Aqui!</a></li>



<li><strong><span style="color: #000000" class="stk-highlight">Valores Repassados &#8211; </span></strong></li>



<li><strong><span style="color: #000000" class="stk-highlight">Demonstrativo de Receitas e Despesas &#8211; </span></strong><a href="https://portais.santoandre.sp.gov.br/educacao/wp-content/uploads/sites/17/2026/06/Demonstrativo-de-Receitas-e-Despesas-2025-Emei-Jd.-Alzira-Franco.pdf">Clique Aqui!</a></li>



<li><strong><span style="color: #000000" class="stk-highlight">Remuneração individualizada dos Dirigentes &#8211;</span> </strong></li>



<li><strong><span style="color: #000000" class="stk-highlight">Manual de Compras: Aquisições, Serviços e Contratação de Pessoal &#8211;</span> </strong><a href="https://portais.santoandre.sp.gov.br/educacao/wp-content/uploads/sites/17/2026/06/Manual-de-Compras.pdf">Clique Aqui!</a></li>



<li><strong><span style="color: #000000" class="stk-highlight">Estatuto &#8211;</span> </strong><a href="https://portais.santoandre.sp.gov.br/educacao/wp-content/uploads/sites/17/2026/06/estatuto-emei-alzira-f-12092024.pdf">Clique Aqui!</a></li>



<li><strong><span style="color: #0f0e17" class="stk-highlight">Parecer Conclusivo &#8211;</span></strong> <a href="https://portais.santoandre.sp.gov.br/educacao/wp-content/uploads/sites/17/2026/06/PC-Emei-Jd.-Alzira.pdf">Clique Aqui!</a></li>



<li><strong><span style="color: #0f0e17" class="stk-highlight">Anexo RP-12 (Repasses do Terceiro Setor) &#8211;</span></strong> <a href="https://portais.santoandre.sp.gov.br/educacao/wp-content/uploads/sites/17/2026/06/RP-Emei-Jd.-Alzira.pdf">Clique Aqui!</a></li>
</ol>



<p class="wp-block-paragraph"></p>
