{"id":11491,"date":"2025-10-28T09:12:59","date_gmt":"2025-10-28T12:12:59","guid":{"rendered":"https:\/\/portais.santoandre.sp.gov.br\/educacao\/?page_id=11491"},"modified":"2025-10-28T09:13:00","modified_gmt":"2025-10-28T12:13:00","slug":"emeief-homero-thon-2024","status":"publish","type":"page","link":"https:\/\/portais.santoandre.sp.gov.br\/educacao\/emeief-homero-thon-2024\/","title":{"rendered":"EMEIEF Homero Thon &#8211; 2024"},"content":{"rendered":"\n<ol style=\"list-style-type:1\" class=\"wp-block-list\">\n<li><strong><span style=\"color: #000000\" class=\"stk-highlight\">S\u00edntese de\u00a0aplica\u00e7\u00f5es financeiras &#8211;<\/span> <\/strong><a href=\"https:\/\/portais.santoandre.sp.gov.br\/educacao\/wp-content\/uploads\/sites\/17\/2025\/10\/Sintese-de-Aplic-Financeira-EMEIEF-Homero.pdf\" target=\"_blank\" rel=\"noreferrer noopener\">Clique Aqui!<\/a><\/li>\n\n\n\n<li><strong><span style=\"color: #000000\" class=\"stk-highlight\">Prestadores de servi\u00e7os Fornecedores &#8211;<\/span> <\/strong><a href=\"https:\/\/portais.santoandre.sp.gov.br\/educacao\/wp-content\/uploads\/sites\/17\/2025\/10\/Prestadores-de-Servico-Fornecedores-EMEIEF-Homero.pdf\" target=\"_blank\" rel=\"noreferrer noopener\">Clique Aqui<strong>!<\/strong><\/a><\/li>\n\n\n\n<li><strong><span style=\"color: #000000\" class=\"stk-highlight\">S\u00edntese do relat\u00f3rio f\u00edsico-financeiro\u00a0de receitas e despesas &#8211;<\/span> <\/strong><a href=\"https:\/\/portais.santoandre.sp.gov.br\/educacao\/wp-content\/uploads\/sites\/17\/2025\/10\/Sintese-de-receitas-e-despesas-EMEIEF-Homero.pdf\" target=\"_blank\" rel=\"noreferrer noopener\">Clique Aqui!<\/a><strong>\u00a0<\/strong><\/li>\n\n\n\n<li><strong><span style=\"color: #000000\" class=\"stk-highlight\">Plano de Trabalho \u2013 2024\/2025 &#8211;<\/span> <\/strong><a href=\"https:\/\/portais.santoandre.sp.gov.br\/educacao\/wp-content\/uploads\/sites\/17\/2025\/10\/Plano-de-Trabalho-EMEIEF-Homero-Thon.pdf\" target=\"_blank\" rel=\"noreferrer noopener\">Clique Aqui!<\/a><\/li>\n\n\n\n<li><strong><span style=\"color: #000000\" class=\"stk-highlight\">Termo Aditivo 2024\/2025 &#8211;<\/span> <\/strong><a href=\"https:\/\/portais.santoandre.sp.gov.br\/educacao\/wp-content\/uploads\/sites\/17\/2025\/10\/Termo-Aditivo-EMEIEF-Homero.pdf\" target=\"_blank\" rel=\"noreferrer noopener\">Clique Aqui!<\/a><\/li>\n\n\n\n<li><strong><span style=\"color: #000000\" class=\"stk-highlight\">Valores Repassados &#8211; <\/span><\/strong><a href=\"https:\/\/portais.santoandre.sp.gov.br\/educacao\/wp-content\/uploads\/sites\/17\/2025\/10\/valores-repassados-EMEIEF-HOMERO-THON.pdf\" target=\"_blank\" rel=\"noreferrer noopener\">Clique Aqui!<\/a><\/li>\n\n\n\n<li><strong><span style=\"color: #000000\" class=\"stk-highlight\">Demonstrativo de Receitas e Despesas &#8211;<\/span> <\/strong><a href=\"https:\/\/portais.santoandre.sp.gov.br\/educacao\/wp-content\/uploads\/sites\/17\/2025\/10\/Demonstrativo-de-Receitas-e-Despesas-EMEIEF-Homero.pdf\" target=\"_blank\" rel=\"noreferrer noopener\">Clique Aqui!<\/a><\/li>\n\n\n\n<li><strong><span style=\"color: #000000\" class=\"stk-highlight\">Remunera\u00e7\u00e3o individualizada dos Dirigentes &#8211;<\/span> <\/strong><a href=\"https:\/\/portais.santoandre.sp.gov.br\/educacao\/wp-content\/uploads\/sites\/17\/2025\/10\/DN-EMEIEF-HOMERO-THON.pdf\" target=\"_blank\" rel=\"noreferrer noopener\">Clique Aqui!<\/a><\/li>\n\n\n\n<li><strong><span style=\"color: #000000\" class=\"stk-highlight\">Manual de Compras: Aquisi\u00e7\u00f5es, Servi\u00e7os e Contrata\u00e7\u00e3o de Pessoal&nbsp;&#8211;<\/span> <\/strong><a rel=\"noreferrer noopener\" href=\"https:\/\/santoandreedu-my.sharepoint.com\/:b:\/g\/personal\/siteeducacao_edu_santoandre_sp_gov_br\/EbCyXgOP03dJgncANnBvbhQBhoFq644u0L82Nm9oUBZCDw?e=Tvnn1t\" target=\"_blank\">Clique Aqui!<\/a><\/li>\n\n\n\n<li><strong><span style=\"color: #000000\" class=\"stk-highlight\">Estatuto &#8211;<\/span> <\/strong><a rel=\"noreferrer noopener\" href=\"https:\/\/santoandreedu-my.sharepoint.com\/:b:\/g\/personal\/siteeducacao_edu_santoandre_sp_gov_br\/EfVq0JI7rTNEuaRottOzIMEBqEYyzsaXdSr2YJuArVd59w?e=Sgxoeb\" target=\"_blank\">Clique Aqui!<\/a><\/li>\n<\/ol>\n\n\n\n<p><\/p>\n","protected":false},"excerpt":{"rendered":"","protected":false},"author":50,"featured_media":0,"parent":0,"menu_order":0,"comment_status":"closed","ping_status":"closed","template":"","meta":{"footnotes":""},"class_list":["post-11491","page","type-page","status-publish","hentry"],"_links":{"self":[{"href":"https:\/\/portais.santoandre.sp.gov.br\/educacao\/wp-json\/wp\/v2\/pages\/11491","targetHints":{"allow":["GET"]}}],"collection":[{"href":"https:\/\/portais.santoandre.sp.gov.br\/educacao\/wp-json\/wp\/v2\/pages"}],"about":[{"href":"https:\/\/portais.santoandre.sp.gov.br\/educacao\/wp-json\/wp\/v2\/types\/page"}],"author":[{"embeddable":true,"href":"https:\/\/portais.santoandre.sp.gov.br\/educacao\/wp-json\/wp\/v2\/users\/50"}],"replies":[{"embeddable":true,"href":"https:\/\/portais.santoandre.sp.gov.br\/educacao\/wp-json\/wp\/v2\/comments?post=11491"}],"version-history":[{"count":1,"href":"https:\/\/portais.santoandre.sp.gov.br\/educacao\/wp-json\/wp\/v2\/pages\/11491\/revisions"}],"predecessor-version":[{"id":11500,"href":"https:\/\/portais.santoandre.sp.gov.br\/educacao\/wp-json\/wp\/v2\/pages\/11491\/revisions\/11500"}],"wp:attachment":[{"href":"https:\/\/portais.santoandre.sp.gov.br\/educacao\/wp-json\/wp\/v2\/media?parent=11491"}],"curies":[{"name":"wp","href":"https:\/\/api.w.org\/{rel}","templated":true}]}}

<ol style="list-style-type:1" class="wp-block-list">
<li><strong><span style="color: #000000" class="stk-highlight">Síntese de aplicações financeiras &#8211;</span> </strong><a href="https://portais.santoandre.sp.gov.br/educacao/wp-content/uploads/sites/17/2025/10/Sintese-de-Aplic-Financeira-EMEIEF-Homero.pdf" target="_blank" rel="noreferrer noopener">Clique Aqui!</a></li>



<li><strong><span style="color: #000000" class="stk-highlight">Prestadores de serviços Fornecedores &#8211;</span> </strong><a href="https://portais.santoandre.sp.gov.br/educacao/wp-content/uploads/sites/17/2025/10/Prestadores-de-Servico-Fornecedores-EMEIEF-Homero.pdf" target="_blank" rel="noreferrer noopener">Clique Aqui<strong>!</strong></a></li>



<li><strong><span style="color: #000000" class="stk-highlight">Síntese do relatório físico-financeiro de receitas e despesas &#8211;</span> </strong><a href="https://portais.santoandre.sp.gov.br/educacao/wp-content/uploads/sites/17/2025/10/Sintese-de-receitas-e-despesas-EMEIEF-Homero.pdf" target="_blank" rel="noreferrer noopener">Clique Aqui!</a><strong> </strong></li>



<li><strong><span style="color: #000000" class="stk-highlight">Plano de Trabalho – 2024/2025 &#8211;</span> </strong><a href="https://portais.santoandre.sp.gov.br/educacao/wp-content/uploads/sites/17/2025/10/Plano-de-Trabalho-EMEIEF-Homero-Thon.pdf" target="_blank" rel="noreferrer noopener">Clique Aqui!</a></li>



<li><strong><span style="color: #000000" class="stk-highlight">Termo Aditivo 2024/2025 &#8211;</span> </strong><a href="https://portais.santoandre.sp.gov.br/educacao/wp-content/uploads/sites/17/2025/10/Termo-Aditivo-EMEIEF-Homero.pdf" target="_blank" rel="noreferrer noopener">Clique Aqui!</a></li>



<li><strong><span style="color: #000000" class="stk-highlight">Valores Repassados &#8211; </span></strong><a href="https://portais.santoandre.sp.gov.br/educacao/wp-content/uploads/sites/17/2025/10/valores-repassados-EMEIEF-HOMERO-THON.pdf" target="_blank" rel="noreferrer noopener">Clique Aqui!</a></li>



<li><strong><span style="color: #000000" class="stk-highlight">Demonstrativo de Receitas e Despesas &#8211;</span> </strong><a href="https://portais.santoandre.sp.gov.br/educacao/wp-content/uploads/sites/17/2025/10/Demonstrativo-de-Receitas-e-Despesas-EMEIEF-Homero.pdf" target="_blank" rel="noreferrer noopener">Clique Aqui!</a></li>



<li><strong><span style="color: #000000" class="stk-highlight">Remuneração individualizada dos Dirigentes &#8211;</span> </strong><a href="https://portais.santoandre.sp.gov.br/educacao/wp-content/uploads/sites/17/2025/10/DN-EMEIEF-HOMERO-THON.pdf" target="_blank" rel="noreferrer noopener">Clique Aqui!</a></li>



<li><strong><span style="color: #000000" class="stk-highlight">Manual de Compras: Aquisições, Serviços e Contratação de Pessoal&nbsp;&#8211;</span> </strong><a rel="noreferrer noopener" href="https://santoandreedu-my.sharepoint.com/:b:/g/personal/siteeducacao_edu_santoandre_sp_gov_br/EbCyXgOP03dJgncANnBvbhQBhoFq644u0L82Nm9oUBZCDw?e=Tvnn1t" target="_blank">Clique Aqui!</a></li>



<li><strong><span style="color: #000000" class="stk-highlight">Estatuto &#8211;</span> </strong><a rel="noreferrer noopener" href="https://santoandreedu-my.sharepoint.com/:b:/g/personal/siteeducacao_edu_santoandre_sp_gov_br/EfVq0JI7rTNEuaRottOzIMEBqEYyzsaXdSr2YJuArVd59w?e=Sgxoeb" target="_blank">Clique Aqui!</a></li>
</ol>



<p></p>
