{"id":113,"date":"2024-04-03T10:06:13","date_gmt":"2024-04-03T13:06:13","guid":{"rendered":"https:\/\/portais.santoandre.sp.gov.br\/educacao\/?page_id=113"},"modified":"2024-10-14T09:35:13","modified_gmt":"2024-10-14T12:35:13","slug":"legislacao-2","status":"publish","type":"page","link":"https:\/\/portais.santoandre.sp.gov.br\/educacao\/legislacao-2\/","title":{"rendered":"Legisla\u00e7\u00e3o"},"content":{"rendered":"\n<div class=\"wp-block-stackable-button-group stk-block-button-group stk-block stk-5a848cd\" data-block-id=\"5a848cd\"><div class=\"stk-row stk-inner-blocks stk-block-content stk-button-group\">\n<div class=\"wp-block-stackable-button stk-block-button stk-block stk-0e6716e\" data-block-id=\"0e6716e\"><a class=\"stk-link stk-button stk--hover-effect-lift-scale-more\" href=\"http:\/\/www4.cmsandre.sp.gov.br:9000\/legislacoes\/\" target=\"_blank\" rel=\"noreferrer noopener\"><span class=\"stk-button__inner-text\">Decretos Municipais<\/span><\/a><\/div>\n\n\n\n<div class=\"wp-block-stackable-button stk-block-button stk-block stk-b3b3819\" data-block-id=\"b3b3819\"><a class=\"stk-link stk-button stk--hover-effect-lift-scale-more\" href=\"https:\/\/portais.santoandre.sp.gov.br\/educacao\/resolucoes-da-secretaria-de-educacao\/\" target=\"_blank\" rel=\"noreferrer noopener\"><span class=\"stk-button__inner-text\">Resolu\u00e7\u00f5es SE<\/span><\/a><\/div>\n\n\n\n<div class=\"wp-block-stackable-button stk-block-button stk-block stk-1fe9a3b\" data-block-id=\"1fe9a3b\"><a class=\"stk-link stk-button stk--hover-effect-lift-scale-more\" href=\"https:\/\/portais.santoandre.sp.gov.br\/educacao\/orientacoes-normativas-da-secretaria-de-educacao\/\" rel=\"noreferrer noopener\"><span class=\"stk-button__inner-text\">Orienta\u00e7\u00f5es Normativas<\/span><\/a><\/div>\n<\/div><\/div>\n","protected":false},"excerpt":{"rendered":"<p>Decretos Municipais Resolu\u00e7\u00f5es SE Orienta\u00e7\u00f5es Normativas<\/p>\n","protected":false},"author":50,"featured_media":0,"parent":0,"menu_order":0,"comment_status":"closed","ping_status":"closed","template":"","meta":{"footnotes":""},"class_list":["post-113","page","type-page","status-publish","hentry"],"_links":{"self":[{"href":"https:\/\/portais.santoandre.sp.gov.br\/educacao\/wp-json\/wp\/v2\/pages\/113","targetHints":{"allow":["GET"]}}],"collection":[{"href":"https:\/\/portais.santoandre.sp.gov.br\/educacao\/wp-json\/wp\/v2\/pages"}],"about":[{"href":"https:\/\/portais.santoandre.sp.gov.br\/educacao\/wp-json\/wp\/v2\/types\/page"}],"author":[{"embeddable":true,"href":"https:\/\/portais.santoandre.sp.gov.br\/educacao\/wp-json\/wp\/v2\/users\/50"}],"replies":[{"embeddable":true,"href":"https:\/\/portais.santoandre.sp.gov.br\/educacao\/wp-json\/wp\/v2\/comments?post=113"}],"version-history":[{"count":5,"href":"https:\/\/portais.santoandre.sp.gov.br\/educacao\/wp-json\/wp\/v2\/pages\/113\/revisions"}],"predecessor-version":[{"id":7304,"href":"https:\/\/portais.santoandre.sp.gov.br\/educacao\/wp-json\/wp\/v2\/pages\/113\/revisions\/7304"}],"wp:attachment":[{"href":"https:\/\/portais.santoandre.sp.gov.br\/educacao\/wp-json\/wp\/v2\/media?parent=113"}],"curies":[{"name":"wp","href":"https:\/\/api.w.org\/{rel}","templated":true}]}}